000
CDUS43 KLMK 140631
CLIBWG


CLIMATE REPORT
NATIONAL WEATHER SERVICE LOUISVILLE KY
230 AM EDT MON APR 14 2014


...................................

...THE BOWLING GREEN KY CLIMATE SUMMARY FOR APRIL 13 2014...

CLIMATE NORMAL PERIOD 1981 TO 2010
CLIMATE RECORD PERIOD 1870 TO 2014


WEATHER ITEM   OBSERVED TIME   RECORD YEAR NORMAL DEPARTURE LAST
                VALUE   (LST)  VALUE       VALUE  FROM      YEAR
                                                  NORMAL
..................................................................
TEMPERATURE (F)
 YESTERDAY
  MAXIMUM         81   1253 PM  91    1930  69     12       65
  MINIMUM         64    535 AM  24    1950  45     19       37
  AVERAGE         73                        57     16       51

PRECIPITATION (IN)
  YESTERDAY        0.00          1.19 1923   0.13  -0.13     0.00
  MONTH TO DATE    2.36                      1.75   0.61     2.23
  SINCE MAR 1      6.09                      6.16  -0.07     7.44
  SINCE JAN 1     13.26                     13.73  -0.47    15.13

SNOWFALL (IN)
  YESTERDAY        0.0           T    2004   0.0    0.0      0.0
  MONTH TO DATE    0.0                       0.2   -0.2      0.0
  SINCE MAR 1      5.1                       1.3    3.8      2.5
  SINCE JUL 1     10.4                       9.1    1.3      3.8
  SNOW DEPTH       0

DEGREE DAYS
 HEATING
  YESTERDAY        0                         9     -9       14
  MONTH TO DATE   79                       138    -59      133
  SINCE MAR 1    732                       658     74      810
  SINCE JUL 1   4341                      3856    485     3705

 COOLING
  YESTERDAY        8                         1      7        0
  MONTH TO DATE   12                        12      0       19
  SINCE MAR 1     12                        17     -5       19
  SINCE JAN 1     12                        17     -5       19
..................................................................


WIND (MPH)
  HIGHEST WIND SPEED    26   HIGHEST WIND DIRECTION     S (190)
  HIGHEST GUST SPEED    33   HIGHEST GUST DIRECTION     S (200)
  AVERAGE WIND SPEED    16.1


SKY COVER
  POSSIBLE SUNSHINE  MM
  AVERAGE SKY COVER 0.0


WEATHER CONDITIONS
 THE FOLLOWING WEATHER WAS RECORDED YESTERDAY.
  NO SIGNIFICANT WEATHER WAS OBSERVED.


RELATIVE HUMIDITY (PERCENT)
 HIGHEST    67           300 AM
 LOWEST     35           900 PM
 AVERAGE    51

..........................................................


THE BOWLING GREEN KY CLIMATE NORMALS FOR TODAY
                         NORMAL    RECORD    YEAR
 MAXIMUM TEMPERATURE (F)   69        88      1919
 MINIMUM TEMPERATURE (F)   45        22      1950


SUNRISE AND SUNSET
APRIL 14 2014.........SUNRISE   613 AM CDT   SUNSET   720 PM CDT
APRIL 15 2014.........SUNRISE   612 AM CDT   SUNSET   720 PM CDT


-  INDICATES NEGATIVE NUMBERS.
R  INDICATES RECORD WAS SET OR TIED.
MM INDICATES DATA IS MISSING.
T  INDICATES TRACE AMOUNT.

$$

SCHOETTMER
