000
CDUS43 KLMK 272133
CLIBWG


CLIMATE REPORT
NATIONAL WEATHER SERVICE LOUISVILLE KY
432 PM EST SAT DEC 27 2014


...................................

...THE BOWLING GREEN CLIMATE SUMMARY FOR DECEMBER 27 2014...
VALID TODAY AS OF 0400 PM LOCAL TIME.

CLIMATE NORMAL PERIOD 1981 TO 2010
CLIMATE RECORD PERIOD 1870 TO 2014


WEATHER ITEM   OBSERVED TIME   RECORD YEAR NORMAL DEPARTURE LAST
                VALUE   (LST)  VALUE       VALUE  FROM      YEAR
                                                  NORMAL
..................................................................
TEMPERATURE (F)
 TODAY
  MAXIMUM         54   1238 PM  71    2008  45      9       51
  MINIMUM         44   1257 AM   0    1894  27     17       20
  AVERAGE         49                        36     13       36

PRECIPITATION (IN)
  TODAY            0.12          3.04 1904   0.14  -0.02     0.00
  MONTH TO DATE    1.58                      4.27  -2.69     4.54
  SINCE DEC 1      1.58                      4.27  -2.69     4.54
  SINCE JAN 1     46.01                     49.36  -3.35    59.19

SNOWFALL (IN)
  TODAY            0.0           4.0  1894   0.1   -0.1      0.0
  MONTH TO DATE    T                         0.9   -0.9      0.1
  SINCE DEC 1      T                         0.9   -0.9      0.1
  SINCE JUL 1      0.3                       0.9   -0.6      1.2
  SNOW DEPTH       0

DEGREE DAYS
 HEATING
  TODAY           16                        29    -13       29
  MONTH TO DATE  597                       703   -106      681
  SINCE DEC 1    597                       703   -106      681
  SINCE JUL 1   1494                      1466     28     1561

 COOLING
  TODAY            0                         0      0        0
  MONTH TO DATE    0                         0      0        2
  SINCE DEC 1      0                         0      0        2
  SINCE JAN 1   1488                      1491     -3     1501
..................................................................


WIND (MPH)
  HIGHEST WIND SPEED     8   HIGHEST WIND DIRECTION    SE (150)
  HIGHEST GUST SPEED    10   HIGHEST GUST DIRECTION    SE (150)
  AVERAGE WIND SPEED     3.8


SKY COVER
  POSSIBLE SUNSHINE  MM
  AVERAGE SKY COVER 0.9


WEATHER CONDITIONS
 THE FOLLOWING WEATHER WAS RECORDED TODAY.
  LIGHT RAIN
  FOG


RELATIVE HUMIDITY (PERCENT)
 HIGHEST    77          1100 AM
 LOWEST     61           700 AM
 AVERAGE    69

..........................................................


THE BOWLING GREEN CLIMATE NORMALS FOR TOMORROW
                         NORMAL    RECORD    YEAR
 MAXIMUM TEMPERATURE (F)   45        69      1946
 MINIMUM TEMPERATURE (F)   27        -1      1894


SUNRISE AND SUNSET
DECEMBER 27 2014......SUNRISE   658 AM CST   SUNSET   436 PM CST
DECEMBER 28 2014......SUNRISE   658 AM CST   SUNSET   437 PM CST


-  INDICATES NEGATIVE NUMBERS.
R  INDICATES RECORD WAS SET OR TIED.
MM INDICATES DATA IS MISSING.
T  INDICATES TRACE AMOUNT.




$$
