000
CDUS43 KLMK 142130
CLIBWG


CLIMATE REPORT
NATIONAL WEATHER SERVICE LOUISVILLE KY
429 PM EST WED FEB 14 2018


...................................

...THE BOWLING GREEN CLIMATE SUMMARY FOR FEBRUARY 14 2018...
VALID TODAY AS OF 0400 PM LOCAL TIME.

CLIMATE NORMAL PERIOD 1981 TO 2010
CLIMATE RECORD PERIOD 1870 TO 2018


WEATHER ITEM   OBSERVED TIME   RECORD YEAR NORMAL DEPARTURE LAST
                VALUE   (LST)  VALUE       VALUE  FROM      YEAR
                                                  NORMAL
..................................................................
TEMPERATURE (F)
 TODAY
  MAXIMUM         62    156 PM  76    1921  50     12       47
  MINIMUM         49   1239 AM  -6    1899  29     20       31
  AVERAGE         56                        40     16       39

PRECIPITATION (IN)
  TODAY            0.04          2.93 1989   0.14  -0.10     0.36
  MONTH TO DATE    3.17                      2.02   1.15     2.04
  SINCE DEC 1      8.94                     10.43  -1.49    11.84
  SINCE JAN 1      5.45                      5.63  -0.18     6.20

SNOWFALL (IN)
  TODAY           MM             6.4  1986   0.1   MM        0.0
  MONTH TO DATE    0.2                       2.0   -1.8      0.0
  SINCE DEC 1      8.4                       6.5    1.9      0.7
  SINCE JUL 1      8.4                       6.5    1.9      0.7
  SNOW DEPTH       0

DEGREE DAYS
 HEATING
  TODAY            9                        26    -17       26
  MONTH TO DATE  373                       377     -4      293
  SINCE DEC 1   2197                      2106     91     1728
  SINCE JUL 1   2898                      2869     29     2214

 COOLING
  TODAY            0                         0      0        0
  MONTH TO DATE    0                         0      0        0
  SINCE DEC 1      0                         1     -1        0
  SINCE JAN 1      0                         0      0        0
..................................................................


WIND (MPH)
  HIGHEST WIND SPEED    20   HIGHEST WIND DIRECTION     S (200)
  HIGHEST GUST SPEED    26   HIGHEST GUST DIRECTION     S (190)
  AVERAGE WIND SPEED    10.9


SKY COVER
  POSSIBLE SUNSHINE  MM
  AVERAGE SKY COVER 0.9


WEATHER CONDITIONS
 THE FOLLOWING WEATHER WAS RECORDED TODAY.
  LIGHT RAIN
  FOG


RELATIVE HUMIDITY (PERCENT)
 HIGHEST   100           300 AM
 LOWEST     90           100 PM
 AVERAGE    95

..........................................................


THE BOWLING GREEN CLIMATE NORMALS FOR TOMORROW
                         NORMAL    RECORD    YEAR
 MAXIMUM TEMPERATURE (F)   50        77      1945
 MINIMUM TEMPERATURE (F)   30         2      1905


SUNRISE AND SUNSET
FEBRUARY 14 2018......SUNRISE   635 AM CST   SUNSET   525 PM CST
FEBRUARY 15 2018......SUNRISE   634 AM CST   SUNSET   526 PM CST


-  INDICATES NEGATIVE NUMBERS.
R  INDICATES RECORD WAS SET OR TIED.
MM INDICATES DATA IS MISSING.
T  INDICATES TRACE AMOUNT.




$$
