000
CDUS43 KLMK 212030
CLIBWG


CLIMATE REPORT
NATIONAL WEATHER SERVICE LOUISVILLE KY
429 PM EDT FRI APR 21 2017


...................................

...THE BOWLING GREEN CLIMATE SUMMARY FOR APRIL 21 2017...
VALID TODAY AS OF 0400 PM LOCAL TIME.

CLIMATE NORMAL PERIOD 1981 TO 2010
CLIMATE RECORD PERIOD 1870 TO 2017


WEATHER ITEM   OBSERVED TIME   RECORD YEAR NORMAL DEPARTURE LAST
                VALUE   (LST)  VALUE       VALUE  FROM      YEAR
                                                  NORMAL
..................................................................
TEMPERATURE (F)
 TODAY
  MAXIMUM         70    158 PM  89    1963  71     -1       77
  MINIMUM         60    929 AM  24    1888  47     13       59
  AVERAGE         65                        59      6       68

PRECIPITATION (IN)
  TODAY            T             1.89 1967   0.15  -0.15     0.20
  MONTH TO DATE    2.41                      2.91  -0.50     0.79
  SINCE MAR 1      6.20                      7.32  -1.12     4.61
  SINCE JAN 1     12.78                     14.89  -2.11    11.19

SNOWFALL (IN)
  TODAY            0.0           0.0    MM   0.0    0.0      0.0
  MONTH TO DATE    0.0                       0.2   -0.2      0.0
  SINCE MAR 1      T                         1.3   -1.3       T
  SINCE JUL 1      0.7                       9.1   -8.4     24.0
  SNOW DEPTH       0

DEGREE DAYS
 HEATING
  TODAY            0                         7     -7        0
  MONTH TO DATE   78                       200   -122      181
  SINCE MAR 1    517                       720   -203      530
  SINCE JUL 1   2898                      3918  -1020     3130

 COOLING
  TODAY            0                         1     -1        3
  MONTH TO DATE   55                        20     35       13
  SINCE MAR 1     61                        25     36       14
  SINCE JAN 1     65                        25     40       14
..................................................................


WIND (MPH)
  HIGHEST WIND SPEED    12   HIGHEST WIND DIRECTION    NW (310)
  HIGHEST GUST SPEED    17   HIGHEST GUST DIRECTION    NW (320)
  AVERAGE WIND SPEED     4.8


SKY COVER
  POSSIBLE SUNSHINE  MM
  AVERAGE SKY COVER 0.8


WEATHER CONDITIONS
 THE FOLLOWING WEATHER WAS RECORDED TODAY.
  LIGHT RAIN


RELATIVE HUMIDITY (PERCENT)
 HIGHEST   100           400 AM
 LOWEST     70           200 PM
 AVERAGE    85

..........................................................


THE BOWLING GREEN CLIMATE NORMALS FOR TOMORROW
                         NORMAL    RECORD    YEAR
 MAXIMUM TEMPERATURE (F)   72        89      1873
 MINIMUM TEMPERATURE (F)   48        31      1927


SUNRISE AND SUNSET
APRIL 21 2017.........SUNRISE   603 AM CDT   SUNSET   726 PM CDT
APRIL 22 2017.........SUNRISE   602 AM CDT   SUNSET   727 PM CDT


-  INDICATES NEGATIVE NUMBERS.
R  INDICATES RECORD WAS SET OR TIED.
MM INDICATES DATA IS MISSING.
T  INDICATES TRACE AMOUNT.




$$
