000
CDUS43 KLMK 200628
CLIBWG


CLIMATE REPORT
NATIONAL WEATHER SERVICE LOUISVILLE KY
228 AM EDT WED MAY 20 2015


...................................

...THE BOWLING GREEN KY CLIMATE SUMMARY FOR MAY 19 2015...

CLIMATE NORMAL PERIOD 1981 TO 2010
CLIMATE RECORD PERIOD 1870 TO 2015


WEATHER ITEM   OBSERVED TIME   RECORD YEAR NORMAL DEPARTURE LAST
                VALUE   (LST)  VALUE       VALUE  FROM      YEAR
                                                  NORMAL
..................................................................
TEMPERATURE (F)
 YESTERDAY
  MAXIMUM         78    217 PM  93    1951  79     -1       75
                                      1938
                                      1921
  MINIMUM         56   1133 PM  39    1894  56      0       45
  AVERAGE         67                        67      0       60

PRECIPITATION (IN)
  YESTERDAY        0.00          1.95 1989   0.17  -0.17     0.00
  MONTH TO DATE    2.09                      3.52  -1.43     2.90
  SINCE MAR 1     17.44                     12.27   5.17    13.20
  SINCE JAN 1     23.32                     19.84   3.48    20.37

SNOWFALL (IN)
  YESTERDAY        0.0           0.0    MM   0.0    0.0      0.0
  MONTH TO DATE    0.0                       0.0    0.0      0.0
  SINCE MAR 1      7.2                       1.3    5.9      5.1
  SINCE JUL 1     23.5                       9.1   14.4     10.4
  SNOW DEPTH       0

DEGREE DAYS
 HEATING
  YESTERDAY        0                         2     -2        5
  MONTH TO DATE   19                        59    -40       76
  SINCE MAR 1    731                       830    -99      924
  SINCE JUL 1   4266                      4028    238     4533

 COOLING
  YESTERDAY        2                         4     -2        0
  MONTH TO DATE   99                        53     46       74
  SINCE MAR 1    134                        89     45       88
  SINCE JAN 1    134                        89     45       88
..................................................................


WIND (MPH)
  HIGHEST WIND SPEED    12   HIGHEST WIND DIRECTION     N (20)
  HIGHEST GUST SPEED    16   HIGHEST GUST DIRECTION    NE (30)
  AVERAGE WIND SPEED     4.6


SKY COVER
  POSSIBLE SUNSHINE  MM
  AVERAGE SKY COVER 0.3


WEATHER CONDITIONS
 THE FOLLOWING WEATHER WAS RECORDED YESTERDAY.
  FOG
  FOG W/VISIBILITY <= 1/4 MILE


RELATIVE HUMIDITY (PERCENT)
 HIGHEST    93          1200 AM
 LOWEST     40           300 PM
 AVERAGE    67

..........................................................


THE BOWLING GREEN KY CLIMATE NORMALS FOR TODAY
                         NORMAL    RECORD    YEAR
 MAXIMUM TEMPERATURE (F)   79        96      1921
                                             1902
 MINIMUM TEMPERATURE (F)   56        43      1926


SUNRISE AND SUNSET
MAY 20 2015...........SUNRISE   534 AM CDT   SUNSET   751 PM CDT
MAY 21 2015...........SUNRISE   534 AM CDT   SUNSET   752 PM CDT


-  INDICATES NEGATIVE NUMBERS.
R  INDICATES RECORD WAS SET OR TIED.
MM INDICATES DATA IS MISSING.
T  INDICATES TRACE AMOUNT.




$$
