000
CDUS43 KLMK 092131
CLIBWG


CLIMATE REPORT
NATIONAL WEATHER SERVICE LOUISVILLE KY
431 PM EST SAT DEC 9 2017


...................................

...THE BOWLING GREEN CLIMATE SUMMARY FOR DECEMBER 9 2017...
VALID TODAY AS OF 0400 PM LOCAL TIME.

CLIMATE NORMAL PERIOD 1981 TO 2010
CLIMATE RECORD PERIOD 1870 TO 2017


WEATHER ITEM   OBSERVED TIME   RECORD YEAR NORMAL DEPARTURE LAST
                VALUE   (LST)  VALUE       VALUE  FROM      YEAR
                                                  NORMAL
..................................................................
TEMPERATURE (F)
 TODAY
  MAXIMUM         35    259 PM  71    1952  50    -15       34
  MINIMUM         22    428 AM -10    1917  30     -8       20
  AVERAGE         29                        40    -11       27

PRECIPITATION (IN)
  TODAY            T             2.62 1961   0.17  -0.17     0.00
  MONTH TO DATE    0.57                      1.46  -0.89     0.93
  SINCE DEC 1      0.57                      1.46  -0.89     0.93
  SINCE JAN 1     49.55                     46.55   3.00    42.89

SNOWFALL (IN)
  TODAY            T             0.2  1988   0.0    0.0      0.0
  MONTH TO DATE    T                         0.1   -0.1      0.0
  SINCE DEC 1      T                         0.1   -0.1      0.0
  SINCE JUL 1      T                         0.1   -0.1      0.0
  SNOW DEPTH       0

DEGREE DAYS
 HEATING
  TODAY           36                        25     11       38
  MONTH TO DATE  211                       213     -2      233
  SINCE DEC 1    211                       213     -2      233
  SINCE JUL 1    912                       976    -64      719

 COOLING
  TODAY            0                         0      0        0
  MONTH TO DATE    0                         0      0        0
  SINCE DEC 1      0                         0      0        0
  SINCE JAN 1   1600                      1491    109     1979
..................................................................


WIND (MPH)
  HIGHEST WIND SPEED    15   HIGHEST WIND DIRECTION     W (280)
  HIGHEST GUST SPEED    21   HIGHEST GUST DIRECTION     W (260)
  AVERAGE WIND SPEED     8.7


SKY COVER
  POSSIBLE SUNSHINE  MM
  AVERAGE SKY COVER 0.5


WEATHER CONDITIONS
 THE FOLLOWING WEATHER WAS RECORDED TODAY.
  LIGHT SNOW


RELATIVE HUMIDITY (PERCENT)
 HIGHEST    84           400 AM
 LOWEST     58           900 AM
 AVERAGE    71

..........................................................


THE BOWLING GREEN CLIMATE NORMALS FOR TOMORROW
                         NORMAL    RECORD    YEAR
 MAXIMUM TEMPERATURE (F)   49        74      1971
 MINIMUM TEMPERATURE (F)   30        -7      1917


SUNRISE AND SUNSET
DECEMBER  9 2017......SUNRISE   647 AM CST   SUNSET   429 PM CST
DECEMBER 10 2017......SUNRISE   648 AM CST   SUNSET   429 PM CST


-  INDICATES NEGATIVE NUMBERS.
R  INDICATES RECORD WAS SET OR TIED.
MM INDICATES DATA IS MISSING.
T  INDICATES TRACE AMOUNT.




$$
