000
CDUS43 KLMK 260630
CLIBWG


CLIMATE REPORT
NATIONAL WEATHER SERVICE LOUISVILLE KY
229 AM EDT TUE APR 26 2016


...................................

...THE BOWLING GREEN KY CLIMATE SUMMARY FOR APRIL 25 2016...

CLIMATE NORMAL PERIOD 1981 TO 2010
CLIMATE RECORD PERIOD 1870 TO 2016


WEATHER ITEM   OBSERVED TIME   RECORD YEAR NORMAL DEPARTURE LAST
                VALUE   (LST)  VALUE       VALUE  FROM      YEAR
                                                  NORMAL
..................................................................
TEMPERATURE (F)
 YESTERDAY
  MAXIMUM         84    438 PM  92    1915  72     12       81
  MINIMUM         57    509 AM  32    2013  49      8       56
                                      1927
                                      1910
  AVERAGE         71                        60     11       69

PRECIPITATION (IN)
  YESTERDAY        0.00          1.13 1932   0.17  -0.17     0.28
  MONTH TO DATE    0.83                      3.55  -2.72     9.08
  SINCE MAR 1      4.65                      7.96  -3.31    15.35
  SINCE JAN 1     11.23                     15.53  -4.30    21.23

SNOWFALL (IN)
  YESTERDAY        0.0           2.3  1910   0.0    0.0      0.0
  MONTH TO DATE    0.0                       0.2   -0.2      0.0
  SINCE MAR 1      T                         1.3   -1.3      7.2
  SINCE JUL 1     24.0                       9.1   14.9     23.5
  SNOW DEPTH       0

DEGREE DAYS
 HEATING
  YESTERDAY        0                         6     -6        0
  MONTH TO DATE  187                       225    -38      129
  SINCE MAR 1    536                       745   -209      669
  SINCE JUL 1   3136                      3943   -807     4204

 COOLING
  YESTERDAY        6                         1      5        4
  MONTH TO DATE   19                        24     -5       35
  SINCE MAR 1     20                        29     -9       35
  SINCE JAN 1     20                        29     -9       35
..................................................................


WIND (MPH)
  HIGHEST WIND SPEED    21   HIGHEST WIND DIRECTION     S (200)
  HIGHEST GUST SPEED    26   HIGHEST GUST DIRECTION    SW (210)
  AVERAGE WIND SPEED     7.6


SKY COVER
  POSSIBLE SUNSHINE  MM
  AVERAGE SKY COVER 0.4


WEATHER CONDITIONS
 THE FOLLOWING WEATHER WAS RECORDED YESTERDAY.
  NO SIGNIFICANT WEATHER WAS OBSERVED.


RELATIVE HUMIDITY (PERCENT)
 HIGHEST    80           300 AM
 LOWEST     32           100 PM
 AVERAGE    56

..........................................................


THE BOWLING GREEN KY CLIMATE NORMALS FOR TODAY
                         NORMAL    RECORD    YEAR
 MAXIMUM TEMPERATURE (F)   73        91      1915
 MINIMUM TEMPERATURE (F)   49        25      1873


SUNRISE AND SUNSET
APRIL 26 2016.........SUNRISE   557 AM CDT   SUNSET   731 PM CDT
APRIL 27 2016.........SUNRISE   556 AM CDT   SUNSET   732 PM CDT


-  INDICATES NEGATIVE NUMBERS.
R  INDICATES RECORD WAS SET OR TIED.
MM INDICATES DATA IS MISSING.
T  INDICATES TRACE AMOUNT.




$$
