000
CDUS43 KLMK 190632
CLIBWG


CLIMATE REPORT
NATIONAL WEATHER SERVICE LOUISVILLE KY
231 AM EDT THU OCT 19 2017


...................................

...THE BOWLING GREEN KY CLIMATE SUMMARY FOR OCTOBER 18 2017...

CLIMATE NORMAL PERIOD 1981 TO 2010
CLIMATE RECORD PERIOD 1870 TO 2017


WEATHER ITEM   OBSERVED TIME   RECORD YEAR NORMAL DEPARTURE LAST
                VALUE   (LST)  VALUE       VALUE  FROM      YEAR
                                                  NORMAL
..................................................................
TEMPERATURE (F)
 YESTERDAY
  MAXIMUM         71    325 PM  88    2016  71      0       88
                                      1963
                                      1920
  MINIMUM         39    540 AM  27    1948  46     -7       70
  AVERAGE         55                        58     -3       79

PRECIPITATION (IN)
  YESTERDAY        0.00          2.22 2004   0.11  -0.11     0.00
  MONTH TO DATE    1.29                      1.95  -0.66     0.18
  SINCE SEP 1      7.76                      5.88   1.88     1.75
  SINCE JAN 1     44.84                     39.44   5.40    39.67

SNOWFALL (IN)
  YESTERDAY        0.0           T    1989   0.0    0.0      0.0
  MONTH TO DATE    0.0                       0.0    0.0      0.0
  SINCE SEP 1      0.0                       0.0    0.0      0.0
  SINCE JUL 1      0.0                       0.0    0.0      0.0
  SNOW DEPTH       0

DEGREE DAYS
 HEATING
  YESTERDAY       10                         8      2        0
  MONTH TO DATE   40                       102    -62       18
  SINCE SEP 1     59                       137    -78       37
  SINCE JUL 1     59                       138    -79       37

 COOLING
  YESTERDAY        0                         1     -1       14
  MONTH TO DATE   64                        27     37       72
  SINCE SEP 1    234                       213     21      377
  SINCE JAN 1   1586                      1482    104     1936
..................................................................


WIND (MPH)
  HIGHEST WIND SPEED    15   HIGHEST WIND DIRECTION    SW (220)
  HIGHEST GUST SPEED    21   HIGHEST GUST DIRECTION     S (180)
  AVERAGE WIND SPEED     3.4


SKY COVER
  POSSIBLE SUNSHINE  MM
  AVERAGE SKY COVER 0.0


WEATHER CONDITIONS
 THE FOLLOWING WEATHER WAS RECORDED YESTERDAY.
  FOG


RELATIVE HUMIDITY (PERCENT)
 HIGHEST   100          1200 AM
 LOWEST     35           200 PM
 AVERAGE    68

..........................................................


THE BOWLING GREEN KY CLIMATE NORMALS FOR TODAY
                         NORMAL    RECORD    YEAR
 MAXIMUM TEMPERATURE (F)   70        90      2016
 MINIMUM TEMPERATURE (F)   45        28      1903
                                             1895


SUNRISE AND SUNSET
OCTOBER 19 2017.......SUNRISE   657 AM CDT   SUNSET   603 PM CDT
OCTOBER 20 2017.......SUNRISE   658 AM CDT   SUNSET   602 PM CDT


-  INDICATES NEGATIVE NUMBERS.
R  INDICATES RECORD WAS SET OR TIED.
MM INDICATES DATA IS MISSING.
T  INDICATES TRACE AMOUNT.




$$
