000
CDUS43 KLMK 210628
CLIBWG


CLIMATE REPORT
NATIONAL WEATHER SERVICE LOUISVILLE KY
227 AM EDT WED JUN 21 2017


...................................

...THE BOWLING GREEN KY CLIMATE SUMMARY FOR JUNE 20 2017...

CLIMATE NORMAL PERIOD 1981 TO 2010
CLIMATE RECORD PERIOD 1870 TO 2017


WEATHER ITEM   OBSERVED TIME   RECORD YEAR NORMAL DEPARTURE LAST
                VALUE   (LST)  VALUE       VALUE  FROM      YEAR
                                                  NORMAL
..................................................................
TEMPERATURE (F)
 YESTERDAY
  MAXIMUM         88    256 PM 102    1936  87      1       92
  MINIMUM         63    448 AM  49    1982  65     -2       71
  AVERAGE         76                        76      0       82

PRECIPITATION (IN)
  YESTERDAY        0.00          1.71 1970   0.14  -0.14     0.00
  MONTH TO DATE    5.75                      2.86   2.89     1.17
  SINCE JUN 1      5.75                      2.86   2.89     1.17
  SINCE JAN 1     26.05                     24.79   1.26    20.34

SNOWFALL (IN)
  YESTERDAY        0.0           0.0    MM   0.0    0.0      0.0
  MONTH TO DATE    0.0                       0.0    0.0      0.0
  SINCE JUN 1      0.0                       0.0    0.0      0.0
  SINCE JUL 1      0.7                       9.1   -8.4     24.0
  SNOW DEPTH       0

DEGREE DAYS
 HEATING
  YESTERDAY        0                         0      0        0
  MONTH TO DATE    0                         3     -3        0
  SINCE JUN 1      0                         3     -3        0
  SINCE JUL 1   2989                      4046  -1057     3230

 COOLING
  YESTERDAY       11                        11      0       17
  MONTH TO DATE  191                       181     10      246
  SINCE JUN 1    191                       181     10      246
  SINCE JAN 1    440                       334    106      412
..................................................................


WIND (MPH)
  HIGHEST WIND SPEED    13   HIGHEST WIND DIRECTION     W (280)
  HIGHEST GUST SPEED    15   HIGHEST GUST DIRECTION     W (260)
  AVERAGE WIND SPEED     3.9


SKY COVER
  POSSIBLE SUNSHINE  MM
  AVERAGE SKY COVER 0.0


WEATHER CONDITIONS
 THE FOLLOWING WEATHER WAS RECORDED YESTERDAY.
  NO SIGNIFICANT WEATHER WAS OBSERVED.


RELATIVE HUMIDITY (PERCENT)
 HIGHEST    87           400 AM
 LOWEST     34           300 PM
 AVERAGE    61

..........................................................


THE BOWLING GREEN KY CLIMATE NORMALS FOR TODAY
                         NORMAL    RECORD    YEAR
 MAXIMUM TEMPERATURE (F)   88       102      1933
 MINIMUM TEMPERATURE (F)   66        52      2003


SUNRISE AND SUNSET
JUNE 21 2017..........SUNRISE   527 AM CDT   SUNSET   809 PM CDT
JUNE 22 2017..........SUNRISE   527 AM CDT   SUNSET   809 PM CDT


-  INDICATES NEGATIVE NUMBERS.
R  INDICATES RECORD WAS SET OR TIED.
MM INDICATES DATA IS MISSING.
T  INDICATES TRACE AMOUNT.




$$
