000
CDUS43 KLMK 152041
CLIBWG


CLIMATE REPORT
NATIONAL WEATHER SERVICE LOUISVILLE KY
440 PM EDT TUE APR 15 2014


...................................

...THE BOWLING GREEN CLIMATE SUMMARY FOR APRIL 15 2014...
VALID TODAY AS OF 0400 PM LOCAL TIME.

CLIMATE NORMAL PERIOD 1981 TO 2010
CLIMATE RECORD PERIOD 1870 TO 2014


WEATHER ITEM   OBSERVED TIME   RECORD YEAR NORMAL DEPARTURE LAST
                VALUE   (LST)  VALUE       VALUE  FROM      YEAR
                                                  NORMAL
..................................................................
TEMPERATURE (F)
 TODAY
  MAXIMUM         46    142 PM  88    1924  70    -24       78
                                      1931
                                      1936
  MINIMUM         36    647 AM  25    1950  45     -9       56
  AVERAGE         41                        58    -17       67

PRECIPITATION (IN)
  TODAY            0.16          1.18 1994   0.13   0.03     0.00
  MONTH TO DATE    3.05                      2.02   1.03     2.23
  SINCE MAR 1      6.78                      6.43   0.35     7.44
  SINCE JAN 1     13.95                     14.00  -0.05    15.13

SNOWFALL (IN)
  TODAY            T   R         0.0    MM   0.0    0.0      0.0
  MONTH TO DATE    T                         0.2   -0.2      0.0
  SINCE MAR 1      5.1                       1.3    3.8      2.5
  SINCE JUL 1     10.4                       9.1    1.3      3.8
  SNOW DEPTH       0

DEGREE DAYS
 HEATING
  TODAY           24                         8     16        0
  MONTH TO DATE  110                       155    -45      139
  SINCE MAR 1    763                       675     88      816
  SINCE JUL 1   4372                      3873    499     3711

 COOLING
  TODAY            0                         1     -1        2
  MONTH TO DATE   12                        14     -2       21
  SINCE MAR 1     12                        19     -7       21
  SINCE JAN 1     12                        19     -7       21
..................................................................


WIND (MPH)
  HIGHEST WIND SPEED    17   HIGHEST WIND DIRECTION    NW (320)
  HIGHEST GUST SPEED    26   HIGHEST GUST DIRECTION    NW (320)
  AVERAGE WIND SPEED    11.3


SKY COVER
  POSSIBLE SUNSHINE  MM
  AVERAGE SKY COVER 0.9


WEATHER CONDITIONS
 THE FOLLOWING WEATHER WAS RECORDED TODAY.
  RAIN
  LIGHT RAIN
  LIGHT SNOW
  FOG


RELATIVE HUMIDITY (PERCENT)
 HIGHEST    92           100 AM
 LOWEST     37           100 PM
 AVERAGE    65

..........................................................


THE BOWLING GREEN CLIMATE NORMALS FOR TOMORROW
                         NORMAL    RECORD    YEAR
 MAXIMUM TEMPERATURE (F)   70        89      1924
 MINIMUM TEMPERATURE (F)   46        27      1928


SUNRISE AND SUNSET
APRIL 15 2014.........SUNRISE   612 AM CDT   SUNSET   720 PM CDT
APRIL 16 2014.........SUNRISE   610 AM CDT   SUNSET   721 PM CDT


-  INDICATES NEGATIVE NUMBERS.
R  INDICATES RECORD WAS SET OR TIED.
MM INDICATES DATA IS MISSING.
T  INDICATES TRACE AMOUNT.




$$
