000
CXUS53 KLMK 011413
CLMBWG


CLIMATE REPORT
NATIONAL WEATHER SERVICE LOUISVILLE KY
1002 AM EDT WED JUL 1 2015

...................................

...THE BOWLING GREEN CLIMATE SUMMARY FOR THE MONTH OF JUNE 2015...

CLIMATE NORMAL PERIOD 1981 TO 2010
CLIMATE RECORD PERIOD 1870 TO 2015

WEATHER         OBSERVED          NORMAL  DEPART  LAST YEAR`S
                 VALUE   DATE(S)  VALUE   FROM    VALUE  DATE(S)
                                          NORMAL
................................................................
TEMPERATURE (F)
RECORD
 HIGH             110   06/29/2012
 LOW               39   06/13/1903
HIGHEST            96   06/25        MM      MM       94  06/30
LOWEST             55   06/04        MM      MM       51  06/14
AVG. MAXIMUM     87.3              86.1     1.2     86.3
AVG. MINIMUM     67.3              63.9     3.4     66.5
MEAN             77.3              75.0     2.3     76.4
DAYS MAX >= 90     15               8.3     6.7       11
DAYS MAX <= 32      0               0.0     0.0        0
DAYS MIN <= 32      0               0.0     0.0        0
DAYS MIN <= 0       0               0.0     0.0        0

PRECIPITATION (INCHES)
RECORD
 MAXIMUM        12.96   1928
 MINIMUM         0.12   1936
TOTALS           3.11              4.20   -1.09     1.72
DAILY AVG.       0.10              0.14   -0.04     0.06
DAYS >= .01         9              10.6    -1.6       11
DAYS >= .10         7               6.9     0.1        8
DAYS >= .50         2               2.7    -0.7        0
DAYS >= 1.00        1               1.3    -0.3        0
GREATEST
 24 HR. TOTAL    1.65   06/26 TO 06/26

SNOWFALL (INCHES)
RECORDS
 TOTAL             MM   5
TOTALS            0.0               0.0     0.0      0.0
SINCE 7/1        23.5               9.1    14.4     10.4
SNOWDEPTH AVG.      0                MM      MM        0
DAYS >= 1.0         0               0.0     0.0        0
GREATEST
 SNOW DEPTH         0   MM                             0  MM
 24 HR TOTAL      0.0   06/30 TO 06/30

DEGREE_DAYS
HEATING TOTAL       3                 5      -2        0
 SINCE 7/1       4288              4048     240     4533
COOLING TOTAL     379               305      74      349
 SINCE 1/1        582               458     124      546
.................................................................

WIND (MPH)
AVERAGE WIND SPEED              5.9
HIGHEST WIND SPEED/DIRECTION    29/270    DATE  06/29
HIGHEST GUST SPEED/DIRECTION    42/280    DATE  06/26

SKY COVER
POSSIBLE SUNSHINE (PERCENT)   MM
AVERAGE SKY COVER           0.30
NUMBER OF DAYS FAIR           21
NUMBER OF DAYS PC              6
NUMBER OF DAYS CLOUDY          3

AVERAGE RH (PERCENT)     70

WEATHER CONDITIONS. NUMBER OF DAYS WITH
THUNDERSTORM              0     MIXED PRECIP               0
HEAVY RAIN                4     RAIN                       4
LIGHT RAIN               11     FREEZING RAIN              0
LT FREEZING RAIN          0     HAIL                       0
HEAVY SNOW                0     SNOW                       0
LIGHT SNOW                0     SLEET                      0
FOG                      17     FOG W/VIS <= 1/4 MILE      2
HAZE                      8

-  INDICATES NEGATIVE NUMBERS.
R  INDICATES RECORD WAS SET OR TIED.
MM INDICATES DATA IS MISSING.
T  INDICATES TRACE AMOUNT.

$$
