000
CXUS53 KLMK 011518
CLMBWG


CLIMATE REPORT
NATIONAL WEATHER SERVICE LOUISVILLE KY
1012 AM EST THU DEC 1 2016

...................................

...THE BOWLING GREEN CLIMATE SUMMARY FOR THE MONTH OF NOVEMBER 2016...

CLIMATE NORMAL PERIOD 1981 TO 2010
CLIMATE RECORD PERIOD 1870 TO 2016

WEATHER         OBSERVED          NORMAL  DEPART  LAST YEAR`S
                 VALUE   DATE(S)  VALUE   FROM    VALUE  DATE(S)
                                          NORMAL
................................................................
TEMPERATURE (F)
RECORD
 HIGH              88   11/12/1909
 LOW               -7   11/25/1950
HIGHEST            87   11/01        MM      MM       78  11/05
LOWEST             23   11/27        MM      MM       22  11/23
                        11/21
AVG. MAXIMUM     64.9              59.4     5.5     63.5
AVG. MINIMUM     38.8              37.5     1.3     43.1
MEAN             51.9              48.4     3.5     53.3
DAYS MAX >= 90      0               0.0     0.0        0
DAYS MAX <= 32      0               0.0     0.0        0
DAYS MIN <= 32      9               9.6    -0.6        6
DAYS MIN <= 0       0               0.0     0.0        0

PRECIPITATION (INCHES)
RECORD
 MAXIMUM        10.53   1900
 MINIMUM         0.32   1912
TOTALS           1.91              4.22   -2.31     5.46
DAILY AVG.       0.06              0.14   -0.08     0.18
DAYS >= .01         7               9.9    -2.9       12
DAYS >= .10         5               6.9    -1.9        7
DAYS >= .50         1               3.0    -2.0        5
DAYS >= 1.00        1               1.1    -0.1        2
GREATEST
 24 HR. TOTAL    1.05   11/28 TO 11/28

SNOWFALL (INCHES)
RECORDS
 TOTAL            3.0   5
                        0
TOTALS            0.0               0.0     0.0      0.0
SINCE 7/1         0.0                 T     0.0      0.0
SNOWDEPTH AVG.      0                MM      MM        0
DAYS >= 1.0         0               0.0     0.0        0
GREATEST
 SNOW DEPTH         0   MM                             0  MM
 24 HR TOTAL      0.0   11/30 TO 11/30

DEGREE_DAYS
HEATING TOTAL     400               500    -100      352
 SINCE 7/1        486               763    -277      538
COOLING TOTAL      15                 3      12        9
 SINCE 1/1       1979              1491     488     1671
.................................................................

WIND (MPH)
AVERAGE WIND SPEED              4.4
HIGHEST WIND SPEED/DIRECTION    38/240    DATE  11/28
HIGHEST GUST SPEED/DIRECTION    58/270    DATE  11/28

SKY COVER
POSSIBLE SUNSHINE (PERCENT)   MM
AVERAGE SKY COVER           0.30
NUMBER OF DAYS FAIR           20
NUMBER OF DAYS PC              6
NUMBER OF DAYS CLOUDY          4

AVERAGE RH (PERCENT)     64

WEATHER CONDITIONS. NUMBER OF DAYS WITH
THUNDERSTORM              0     MIXED PRECIP               0
HEAVY RAIN                3     RAIN                       4
LIGHT RAIN                8     FREEZING RAIN              0
LT FREEZING RAIN          0     HAIL                       0
HEAVY SNOW                0     SNOW                       0
LIGHT SNOW                0     SLEET                      0
FOG                      21     FOG W/VIS <= 1/4 MILE      3
HAZE                      5

-  INDICATES NEGATIVE NUMBERS.
R  INDICATES RECORD WAS SET OR TIED.
MM INDICATES DATA IS MISSING.
T  INDICATES TRACE AMOUNT.

$$

TENTH WARMEST NOVEMBER ON RECORD.
