000
CXUS53 KLMK 011116
CLMBWG

CLIMATE REPORT
NATIONAL WEATHER SERVICE LOUISVILLE KY
611 AM EST MON FEB 1 2016

...................................

...THE BOWLING GREEN CLIMATE SUMMARY FOR THE MONTH OF JANUARY 2016...

CLIMATE NORMAL PERIOD 1981 TO 2010
CLIMATE RECORD PERIOD 1870 TO 2016

WEATHER         OBSERVED          NORMAL  DEPART  LAST YEAR`S
                 VALUE   DATE(S)  VALUE   FROM    VALUE  DATE(S)
                                          NORMAL
................................................................
TEMPERATURE (F)
RECORD
 HIGH              78   01/24/1943
 LOW              -26   01/12/1886
HIGHEST            72   01/31        MM      MM       63  01/03
LOWEST              2   01/24        MM      MM        2  01/08
AVG. MAXIMUM     44.5              45.0    -0.5     44.2
AVG. MINIMUM     24.1              26.4    -2.3     25.1
MEAN             34.3              35.7    -1.4     34.6
DAYS MAX >= 90      0               0.0     0.0        0
DAYS MAX <= 32      7               4.5     2.5        6
DAYS MIN <= 32     25              21.6     3.4       26
DAYS MIN <= 0       0               0.5    -0.5        0

PRECIPITATION (INCHES)
RECORD
 MAXIMUM        20.70   1937
 MINIMUM         0.72   1893
TOTALS           1.81              3.61   -1.80     1.88
DAILY AVG.       0.06              0.12   -0.06     0.06
DAYS >= .01         9              10.4    -1.4       13
DAYS >= .10         5               6.4    -1.4        5
DAYS >= .50         1               2.5    -1.5        1
DAYS >= 1.00        0               0.9    -0.9        0
GREATEST
 24 HR. TOTAL    0.83   01/21 TO 01/22

SNOWFALL (INCHES)
RECORDS
 TOTAL           21.5   5
                        0
TOTALS           14.8               3.3    11.5      3.4
SINCE 7/1        14.8               4.5    10.3      3.7
SNOWDEPTH AVG.      1                MM      MM        0
DAYS >= 1.0         2               1.2     0.8        2
GREATEST
 SNOW DEPTH        13   01/23                          2  01/24
 24 HR TOTAL     12.2   MM

DEGREE_DAYS
HEATING TOTAL     944               908      36      932
 SINCE 7/1       1923              2492    -569     2545
COOLING TOTAL       0                 0       0        0
 SINCE 1/1          0                 0       0        0
.................................................................

WIND (MPH)
AVERAGE WIND SPEED              6.8
HIGHEST WIND SPEED/DIRECTION    30/210    DATE  01/31
HIGHEST GUST SPEED/DIRECTION    41/220    DATE  01/31

SKY COVER
POSSIBLE SUNSHINE (PERCENT)   MM
AVERAGE SKY COVER           0.40
NUMBER OF DAYS FAIR           13
NUMBER OF DAYS PC             10
NUMBER OF DAYS CLOUDY          8

AVERAGE RH (PERCENT)     67

WEATHER CONDITIONS. NUMBER OF DAYS WITH
THUNDERSTORM              0     MIXED PRECIP               0
HEAVY RAIN                0     RAIN                       3
LIGHT RAIN                7     FREEZING RAIN              1
LT FREEZING RAIN          2     HAIL                       0
HEAVY SNOW                1     SNOW                       2
LIGHT SNOW                5     SLEET                      0
FOG                      11     FOG W/VIS <= 1/4 MILE      4
HAZE                      6

-  INDICATES NEGATIVE NUMBERS.
R  INDICATES RECORD WAS SET OR TIED.
MM INDICATES DATA IS MISSING.
T  INDICATES TRACE AMOUNT.

$$
