000
CXUS53 KLMK 011012
CLMBWG


CLIMATE REPORT
NATIONAL WEATHER SERVICE LOUISVILLE KY
611 AM EDT TUE NOV 1 2016

...................................

...THE BOWLING GREEN CLIMATE SUMMARY FOR THE MONTH OF OCTOBER 2016...

CLIMATE NORMAL PERIOD 1981 TO 2010
CLIMATE RECORD PERIOD 1870 TO 2016

WEATHER         OBSERVED          NORMAL  DEPART  LAST YEAR`S
                 VALUE   DATE(S)  VALUE   FROM    VALUE  DATE(S)
                                          NORMAL
................................................................
TEMPERATURE (F)
RECORD
 HIGH              94   10/12/1930
                        10/14/1928
                        10/03/1911
 LOW               17   10/31/1887
HIGHEST            90   10/19        MM      MM       86  10/08
LOWEST             40   10/23        MM      MM       33  10/19
                                                          10/18
AVG. MAXIMUM     79.0              71.2     7.8     71.5
AVG. MINIMUM     52.6              46.3     6.3     48.8
MEAN             65.8              58.8     7.0     60.2
DAYS MAX >= 90      1               0.2     0.8        0
DAYS MAX <= 32      0               0.0     0.0        0
DAYS MIN <= 32      0               2.0    -2.0        0
DAYS MIN <= 0       0               0.0     0.0        0

PRECIPITATION (INCHES)
RECORD
 MAXIMUM         8.38   2007
 MINIMUM         0.03   1924
TOTALS           0.56              3.38   -2.82     4.77
DAILY AVG.       0.02              0.11   -0.09     0.15
DAYS >= .01         5               8.5    -3.5       12
DAYS >= .10         2               5.3    -3.3        9
DAYS >= .50         0               2.3    -2.3        3
DAYS >= 1.00        0               0.9    -0.9        1
GREATEST
 24 HR. TOTAL    0.37   10/20 TO 10/21

SNOWFALL (INCHES)
RECORDS
 TOTAL            0.9   5
                        0
TOTALS            0.0                 T     0.0      0.0
SINCE 7/1         0.0                 T     0.0      0.0
SNOWDEPTH AVG.      0                MM      MM        0
DAYS >= 1.0         0               0.0     0.0        0
GREATEST
 SNOW DEPTH         0   MM                             0  MM
 24 HR TOTAL      0.0   10/31 TO 10/31

DEGREE_DAYS
HEATING TOTAL      67               227    -160      180
 SINCE 7/1         86               263    -177      188
COOLING TOTAL     100                33      67       38
 SINCE 1/1       1964              1488     476     1662
.................................................................

WIND (MPH)
AVERAGE WIND SPEED              5.0
HIGHEST WIND SPEED/DIRECTION    24/230    DATE  10/18
HIGHEST GUST SPEED/DIRECTION    29/240    DATE  10/18

SKY COVER
POSSIBLE SUNSHINE (PERCENT)   MM
AVERAGE SKY COVER           0.30
NUMBER OF DAYS FAIR           22
NUMBER OF DAYS PC              6
NUMBER OF DAYS CLOUDY          3

AVERAGE RH (PERCENT)     66

WEATHER CONDITIONS. NUMBER OF DAYS WITH
THUNDERSTORM              0     MIXED PRECIP               0
HEAVY RAIN                2     RAIN                       1
LIGHT RAIN                5     FREEZING RAIN              0
LT FREEZING RAIN          0     HAIL                       0
HEAVY SNOW                0     SNOW                       0
LIGHT SNOW                0     SLEET                      0
FOG                      17     FOG W/VIS <= 1/4 MILE     10
HAZE                      7

-  INDICATES NEGATIVE NUMBERS.
R  INDICATES RECORD WAS SET OR TIED.
MM INDICATES DATA IS MISSING.
T  INDICATES TRACE AMOUNT.

$$
