000
CXUS53 KLMK 011255
CLMBWG


CLIMATE REPORT
NATIONAL WEATHER SERVICE LOUISVILLE KY
854 AM EDT FRI APR 1 2016

...................................

...THE BOWLING GREEN CLIMATE SUMMARY FOR THE MONTH OF MARCH 2016...

CLIMATE NORMAL PERIOD 1981 TO 2010
CLIMATE RECORD PERIOD 1870 TO 2016

WEATHER         OBSERVED          NORMAL  DEPART  LAST YEAR`S
                 VALUE   DATE(S)  VALUE   FROM    VALUE  DATE(S)
                                          NORMAL
................................................................
TEMPERATURE (F)
RECORD
 HIGH              92   03/24/1929
 LOW               -6   03/05/1960
HIGHEST            85   03/15        MM      MM       79  03/31
LOWEST             28   03/06        MM      MM        1  03/06
                        03/05
AVG. MAXIMUM     64.8              59.8     5.0     59.0
AVG. MINIMUM     42.3              37.0     5.3     35.6
MEAN             53.6              48.4     5.2     47.3
DAYS MAX >= 90      0               0.0     0.0        0
DAYS MAX <= 32      0               0.2    -0.2        2
DAYS MIN <= 32      5              10.3    -5.3        9
DAYS MIN <= 0       0               0.0     0.0        0

PRECIPITATION (INCHES)
RECORD
 MAXIMUM        14.58   1975
 MINIMUM         0.75   1918
TOTALS           3.82              4.41   -0.59     6.27
DAILY AVG.       0.12              0.14   -0.02     0.20
DAYS >= .01        12              11.4     0.6       12
DAYS >= .10         7               6.8     0.2        8
DAYS >= .50         3               2.6     0.4        4
DAYS >= 1.00        1               1.1    -0.1        3
GREATEST
 24 HR. TOTAL    1.22   03/31 TO 03/31

SNOWFALL (INCHES)
RECORDS
 TOTAL            8.0   5
                        0
TOTALS              T               1.1    -1.1      7.2
SINCE 7/1        24.0               8.9    15.1     23.5
SNOWDEPTH AVG.      0                MM      MM        0
DAYS >= 1.0         0               0.4    -0.4        2
GREATEST
 SNOW DEPTH         0   MM                             6  03/06
                                                          03/05
 24 HR TOTAL        T   03/20 TO 03/20

DEGREE_DAYS
HEATING TOTAL     349               520    -171      540
 SINCE 7/1       2949              3718    -769     4075
COOLING TOTAL       1                 5      -4        0
 SINCE 1/1          1                 5      -4        0
.................................................................

WIND (MPH)
AVERAGE WIND SPEED              7.7
HIGHEST WIND SPEED/DIRECTION    39/260    DATE  03/31
HIGHEST GUST SPEED/DIRECTION    54/250    DATE  03/31

SKY COVER
POSSIBLE SUNSHINE (PERCENT)   MM
AVERAGE SKY COVER           0.50
NUMBER OF DAYS FAIR           12
NUMBER OF DAYS PC             10
NUMBER OF DAYS CLOUDY          9

AVERAGE RH (PERCENT)     66

WEATHER CONDITIONS. NUMBER OF DAYS WITH
THUNDERSTORM              0     MIXED PRECIP               0
HEAVY RAIN                5     RAIN                       7
LIGHT RAIN               14     FREEZING RAIN              0
LT FREEZING RAIN          1     HAIL                       0
HEAVY SNOW                0     SNOW                       0
LIGHT SNOW                1     SLEET                      0
FOG                      16     FOG W/VIS <= 1/4 MILE      4
HAZE                      2

-  INDICATES NEGATIVE NUMBERS.
R  INDICATES RECORD WAS SET OR TIED.
MM INDICATES DATA IS MISSING.
T  INDICATES TRACE AMOUNT.

$$
