000
CXUS53 KLMK 011247
CLMBWG


CLIMATE REPORT
NATIONAL WEATHER SERVICE LOUISVILLE KY
844 AM EDT TUE OCT 1 2013

...................................

...THE BOWLING GREEN CLIMATE SUMMARY FOR THE MONTH OF SEPTEMBER 2013...

CLIMATE NORMAL PERIOD 1981 TO 2010
CLIMATE RECORD PERIOD 1870 TO 2013

WEATHER         OBSERVED          NORMAL  DEPART  LAST YEAR`S
                 VALUE   DATE(S)  VALUE   FROM    VALUE  DATE(S)
                                          NORMAL
................................................................
TEMPERATURE (F)
RECORD
 HIGH             105   09/07/1925
 LOW               31   09/29/1888
HIGHEST            92   09/10        MM      MM       92  09/07
LOWEST             48   09/23        MM      MM       40  09/24
                        09/14
AVG. MAXIMUM     81.9              82.1    -0.2     80.5
AVG. MINIMUM     59.6              58.0     1.6     59.4
MEAN             70.8              70.1     0.7     69.9
DAYS MAX >= 90      2               4.2    -2.2        4
DAYS MAX <= 32      0               0.0     0.0        0
DAYS MIN <= 32      0               0.0     0.0        0
DAYS MIN <= 0       0               0.0     0.0        0

PRECIPITATION (INCHES)
RECORD
 MAXIMUM        11.75   1979
 MINIMUM         0.04   1956
TOTALS           5.09              3.93    1.16     4.66
DAILY AVG.       0.17              0.13    0.04     0.16
DAYS >= .01         6               7.9    -1.9       12
DAYS >= .10         6               5.5     0.5       10
DAYS >= .50         5               2.4     2.6        4
DAYS >= 1.00        1               1.1    -0.1        0
GREATEST
 24 HR. TOTAL    1.87   09/11 TO 09/12

SNOWFALL (INCHES)
RECORDS
 TOTAL             MM   5
TOTALS            0.0               0.0     0.0      0.0
SINCE 7/1         0.0               0.0     0.0      0.0
SNOWDEPTH AVG.      0                MM      MM        0
DAYS >= 1.0         0               0.0     0.0        0
GREATEST
 SNOW DEPTH         0   MM                             0  MM
 24 HR TOTAL      0.0   09/30 TO 09/30

DEGREE_DAYS
HEATING TOTAL      12                35     -23       33
 SINCE 7/1         12                36     -24       33
COOLING TOTAL     192               186       6      188
 SINCE 1/1       1452              1455      -3     1923
.................................................................

WIND (MPH)
AVERAGE WIND SPEED              3.5
HIGHEST WIND SPEED/DIRECTION    23/260    DATE  09/12
HIGHEST GUST SPEED/DIRECTION    37/080    DATE  09/13

SKY COVER
POSSIBLE SUNSHINE (PERCENT)   MM
AVERAGE SKY COVER           0.20
NUMBER OF DAYS FAIR           22
NUMBER OF DAYS PC              6
NUMBER OF DAYS CLOUDY          2

AVERAGE RH (PERCENT)     73

WEATHER CONDITIONS. NUMBER OF DAYS WITH
THUNDERSTORM              5     MIXED PRECIP               0
HEAVY RAIN                5     RAIN                       4
LIGHT RAIN               10     FREEZING RAIN              0
LT FREEZING RAIN          0     HAIL                       0
HEAVY SNOW                0     SNOW                       0
LIGHT SNOW                0     SLEET                      0
FOG                      19     FOG W/VIS <= 1/4 MILE      5
HAZE                      3

-  INDICATES NEGATIVE NUMBERS.
R  INDICATES RECORD WAS SET OR TIED.
MM INDICATES DATA IS MISSING.
T  INDICATES TRACE AMOUNT.

$$
