000
CXUS53 KLMK 011408
CLMBWG


CLIMATE REPORT
NATIONAL WEATHER SERVICE LOUISVILLE KY
1002 AM EDT SUN SEP 1 2013

...................................

...THE BOWLING GREEN CLIMATE SUMMARY FOR THE MONTH OF AUGUST 2013...

CLIMATE NORMAL PERIOD 1981 TO 2010
CLIMATE RECORD PERIOD 1870 TO 2013

WEATHER         OBSERVED          NORMAL  DEPART  LAST YEAR`S
                 VALUE   DATE(S)  VALUE   FROM    VALUE  DATE(S)
                                          NORMAL
................................................................
TEMPERATURE (F)
RECORD
 HIGH             110   08/09/1930
                        08/13/1881
 LOW               42   08/31/1946
HIGHEST            93   08/30        MM      MM      101  08/01
LOWEST             54   08/15        MM      MM       56  08/12
AVG. MAXIMUM     85.3              88.9    -3.6     89.1
AVG. MINIMUM     67.1              66.1     1.0     66.3
MEAN             76.2              77.5    -1.3     77.7
DAYS MAX >= 90      4              13.6    -9.6       17
DAYS MAX <= 32      0               0.0     0.0        0
DAYS MIN <= 32      0               0.0     0.0        0
DAYS MIN <= 0       0               0.0     0.0        0

PRECIPITATION (INCHES)
RECORD
 MAXIMUM         9.34   1926
 MINIMUM         0.70   1924
TOTALS           6.13              3.33    2.80     2.78
DAILY AVG.       0.20              0.11    0.09     0.09
DAYS >= .01         8               7.9     0.1        9
DAYS >= .10         6               5.1     0.9        3
DAYS >= .50         3               2.3     0.7        2
DAYS >= 1.00        2               1.1     0.9        2
GREATEST
 24 HR. TOTAL    2.86   08/09 TO 08/10

SNOWFALL (INCHES)
RECORDS
 TOTAL             MM   5
TOTALS            0.0               0.0     0.0      0.0
SINCE 7/1         0.0               0.0     0.0      0.0
SNOWDEPTH AVG.      0                MM      MM        0
DAYS >= 1.0         0               0.0     0.0        0
GREATEST
 SNOW DEPTH         0   MM                             0  MM
 24 HR TOTAL      0.0   08/31 TO 08/31

DEGREE_DAYS
HEATING TOTAL       0                 1      -1        0
 SINCE 7/1          0                 1      -1        0
COOLING TOTAL     357               388     -31      402
 SINCE 1/1       1260              1269      -9     1735
.................................................................

WIND (MPH)
AVERAGE WIND SPEED              3.8
HIGHEST WIND SPEED/DIRECTION    26/210    DATE  08/09
HIGHEST GUST SPEED/DIRECTION    32/210    DATE  08/09

SKY COVER
POSSIBLE SUNSHINE (PERCENT)   MM
AVERAGE SKY COVER           0.40
NUMBER OF DAYS FAIR           16
NUMBER OF DAYS PC             13
NUMBER OF DAYS CLOUDY          2

AVERAGE RH (PERCENT)     75

WEATHER CONDITIONS. NUMBER OF DAYS WITH
THUNDERSTORM              0     MIXED PRECIP               0
HEAVY RAIN                6     RAIN                       5
LIGHT RAIN               11     FREEZING RAIN              0
LT FREEZING RAIN          0     HAIL                       0
HEAVY SNOW                0     SNOW                       0
LIGHT SNOW                0     SLEET                      0
FOG                      22     FOG W/VIS <= 1/4 MILE      7
HAZE                      7

-  INDICATES NEGATIVE NUMBERS.
R  INDICATES RECORD WAS SET OR TIED.
MM INDICATES DATA IS MISSING.
T  INDICATES TRACE AMOUNT.

$$
