000
CXUS53 KLMK 011024 RRD
CLMBWG

CLIMATE REPORT
NATIONAL WEATHER SERVICE LOUISVILLE KY
620 AM EDT WED JUN 1 2016

...................................

...THE BOWLING GREEN CLIMATE SUMMARY FOR THE MONTH OF MAY 2016...

CLIMATE NORMAL PERIOD 1981 TO 2010
CLIMATE RECORD PERIOD 1870 TO 2016

WEATHER         OBSERVED          NORMAL  DEPART  LAST YEAR`S
                 VALUE   DATE(S)  VALUE   FROM    VALUE  DATE(S)
                                          NORMAL
................................................................
TEMPERATURE (F)
RECORD
 HIGH             100   05/28/1911
 LOW               31   05/02/1963
                        05/02/1909
HIGHEST            89   05/30        MM      MM       90  05/10
LOWEST             41   05/15        MM      MM       40  05/01
AVG. MAXIMUM     75.9              77.8    -1.9     80.8
AVG. MINIMUM     55.4              55.0     0.4     57.2
MEAN             65.7              66.4    -0.7     69.0
DAYS MAX >= 90      0               0.6    -0.6        1
DAYS MAX <= 32      0               0.0     0.0        0
DAYS MIN <= 32      0               0.0     0.0        0
DAYS MIN <= 0       0               0.0     0.0        0

PRECIPITATION (INCHES)
RECORD
 MAXIMUM        13.27   1983
 MINIMUM         0.56   1926
TOTALS           7.24              5.61    1.63     2.96
DAILY AVG.       0.23              0.18    0.05     0.10
DAYS >= .01        14              11.8     2.2        9
DAYS >= .10        10               8.3     1.7        6
DAYS >= .50         5               3.5     1.5        1
DAYS >= 1.00        3               1.6     1.4        1
GREATEST
 24 HR. TOTAL    2.27   05/25 TO 05/26

SNOWFALL (INCHES)
RECORDS
 TOTAL             MM   5
TOTALS            0.0               0.0     0.0      0.0
SINCE 7/1        24.0               9.1    14.9     23.5
SNOWDEPTH AVG.      0                MM      MM        0
DAYS >= 1.0         0               0.0     0.0        0
GREATEST
 SNOW DEPTH         0   MM                             0  MM
 24 HR TOTAL      0.0   05/31 TO 05/31

DEGREE_DAYS
HEATING TOTAL      93                74      19       38
 SINCE 7/1       3230              4043    -813     4285
COOLING TOTAL     122               117       5      168
 SINCE 1/1        166               153      13      203
.................................................................

WIND (MPH)
AVERAGE WIND SPEED              5.7
HIGHEST WIND SPEED/DIRECTION    35/240    DATE  05/12
HIGHEST GUST SPEED/DIRECTION    45/250    DATE  05/12

SKY COVER
POSSIBLE SUNSHINE (PERCENT)   MM
AVERAGE SKY COVER           0.40
NUMBER OF DAYS FAIR           15
NUMBER OF DAYS PC              9
NUMBER OF DAYS CLOUDY          7

AVERAGE RH (PERCENT)     70

WEATHER CONDITIONS. NUMBER OF DAYS WITH
THUNDERSTORM              7     MIXED PRECIP               0
HEAVY RAIN                7     RAIN                       9
LIGHT RAIN               16     FREEZING RAIN              0
LT FREEZING RAIN          0     HAIL                       0
HEAVY SNOW                0     SNOW                       0
LIGHT SNOW                0     SLEET                      0
FOG                      18     FOG W/VIS <= 1/4 MILE      5
HAZE                      1

-  INDICATES NEGATIVE NUMBERS.
R  INDICATES RECORD WAS SET OR TIED.
MM INDICATES DATA IS MISSING.
T  INDICATES TRACE AMOUNT.

$$
