000
CXUS53 KLMK 021411
CLMBWG


CLIMATE REPORT
NATIONAL WEATHER SERVICE LOUISVILLE KY
909 AM EST MON NOV 2 2015

...................................

...THE BOWLING GREEN CLIMATE SUMMARY FOR THE MONTH OF OCTOBER 2015...

CLIMATE NORMAL PERIOD 1981 TO 2010
CLIMATE RECORD PERIOD 1870 TO 2015

WEATHER         OBSERVED          NORMAL  DEPART  LAST YEAR`S
                 VALUE   DATE(S)  VALUE   FROM    VALUE  DATE(S)
                                          NORMAL
................................................................
TEMPERATURE (F)
RECORD
 HIGH              94   10/12/1930
                        10/14/1928
                        10/03/1911
 LOW               17   10/31/1887
HIGHEST            86   10/08        MM      MM       89  10/02
LOWEST             33   10/19        MM      MM       35  10/23
                        10/18                             10/05
AVG. MAXIMUM     71.5              71.2     0.3     71.0
AVG. MINIMUM     48.8              46.3     2.5     48.0
MEAN             60.2              58.8     1.4     59.5
DAYS MAX >= 90      0               0.2    -0.2        0
DAYS MAX <= 32      0               0.0     0.0        0
DAYS MIN <= 32      0               2.0    -2.0        0
DAYS MIN <= 0       0               0.0     0.0        0

PRECIPITATION (INCHES)
RECORD
 MAXIMUM         8.38   2007
 MINIMUM         0.03   1924
TOTALS           4.77              3.38    1.39     5.38
DAILY AVG.       0.15              0.11    0.04     0.17
DAYS >= .01        12               8.5     3.5       12
DAYS >= .10         9               5.3     3.7        8
DAYS >= .50         3               2.3     0.7        6
DAYS >= 1.00        1               0.9     0.1        1
GREATEST
 24 HR. TOTAL    2.40   09/30 TO 10/01

SNOWFALL (INCHES)
RECORDS
 TOTAL            0.9   5
                        0
TOTALS            0.0                 T     0.0      0.0
SINCE 7/1         0.0                 T     0.0      0.0
SNOWDEPTH AVG.      0                MM      MM        0
DAYS >= 1.0         0               0.0     0.0        0
GREATEST
 SNOW DEPTH         0   MM                             0  MM
 24 HR TOTAL      0.0   10/31 TO 10/31

DEGREE_DAYS
HEATING TOTAL     180               227     -47      194
 SINCE 7/1        188               263     -75      218
COOLING TOTAL      38                33       5       32
 SINCE 1/1       1662              1488     174     1488
.................................................................

WIND (MPH)
AVERAGE WIND SPEED              5.2
HIGHEST WIND SPEED/DIRECTION    24/170    DATE  10/31
HIGHEST GUST SPEED/DIRECTION    32/170    DATE  10/31

SKY COVER
POSSIBLE SUNSHINE (PERCENT)   MM
AVERAGE SKY COVER           0.30
NUMBER OF DAYS FAIR           19
NUMBER OF DAYS PC              4
NUMBER OF DAYS CLOUDY          8

AVERAGE RH (PERCENT)     69

WEATHER CONDITIONS. NUMBER OF DAYS WITH
THUNDERSTORM              1     MIXED PRECIP               0
HEAVY RAIN                8     RAIN                       8
LIGHT RAIN               12     FREEZING RAIN              0
LT FREEZING RAIN          0     HAIL                       0
HEAVY SNOW                0     SNOW                       0
LIGHT SNOW                0     SLEET                      0
FOG                      19     FOG W/VIS <= 1/4 MILE      5
HAZE                      2

-  INDICATES NEGATIVE NUMBERS.
R  INDICATES RECORD WAS SET OR TIED.
MM INDICATES DATA IS MISSING.
T  INDICATES TRACE AMOUNT.

$$
