000
CXUS53 KLMK 012252 CCA
CLMBWG

CLIMATE REPORT
NATIONAL WEATHER SERVICE LOUISVILLE KY
629 AM EST SAT MAR 1 2014

...................................

...THE BOWLING GREEN CLIMATE SUMMARY FOR THE MONTH OF FEBRUARY 2014...
...CORRECTED NUMBER OF THUNDERSTORM DAYS...

CLIMATE NORMAL PERIOD 1981 TO 2010
CLIMATE RECORD PERIOD 1870 TO 2014

WEATHER         OBSERVED          NORMAL  DEPART  LAST YEAR`S
                 VALUE   DATE(S)  VALUE   FROM    VALUE  DATE(S)
                                          NORMAL
................................................................
TEMPERATURE (F)
RECORD
 HIGH              83   02/28/1918
 LOW              -20   02/02/1951
HIGHEST            75   02/20        MM      MM       67  02/07
LOWEST             10   02/07        MM      MM       14  02/01
AVG. MAXIMUM     45.4              50.0    -4.6     50.2
AVG. MINIMUM     25.1              29.6    -4.5     29.7
MEAN             35.2              39.8    -4.6     40.0
DAYS MAX >= 90      0               0.0     0.0        0
DAYS MAX <= 32      6               1.8     4.2        1
DAYS MIN <= 32     25              17.4     7.6       16
DAYS MIN <= 0       0               0.1    -0.1        0

PRECIPITATION (INCHES)
RECORD
 MAXIMUM        11.27   1989
 MINIMUM         0.12   1947
TOTALS           5.42              3.96    1.46     2.20
DAILY AVG.       0.19              0.14    0.05     0.08
DAYS >= .01        11              10.5     0.5       10
DAYS >= .10         5               6.4    -1.4        7
DAYS >= .50         2               2.8    -0.8        1
DAYS >= 1.00        2               1.3     0.7        0
GREATEST
 24 HR. TOTAL    2.56   02/04 TO 02/04
                        02/04 TO 02/05

SNOWFALL (INCHES)
RECORDS
 TOTAL           20.0   5
                        0
TOTALS            2.0               3.3    -1.3      1.0
SINCE 7/1         5.3               7.8    -2.5      1.3
SNOWDEPTH AVG.      0                MM      MM        0
DAYS >= 1.0         1               0.9     0.1        1
GREATEST
 SNOW DEPTH         1   02/08                          1  02/03
 24 HR TOTAL      1.1   MM

DEGREE_DAYS
HEATING TOTAL     826               706     120      694
 SINCE 7/1       3609              3198     411     2895
COOLING TOTAL       0                 0       0        0
 SINCE 1/1          0                 0       0        0
.................................................................

WIND (MPH)
AVERAGE WIND SPEED              7.1
HIGHEST WIND SPEED/DIRECTION    28/190    DATE  02/17
HIGHEST GUST SPEED/DIRECTION    38/190    DATE  02/20

SKY COVER
POSSIBLE SUNSHINE (PERCENT)   MM
AVERAGE SKY COVER           0.50
NUMBER OF DAYS FAIR           14
NUMBER OF DAYS PC              6
NUMBER OF DAYS CLOUDY          8

AVERAGE RH (PERCENT)     63

WEATHER CONDITIONS. NUMBER OF DAYS WITH
THUNDERSTORM              2     MIXED PRECIP               0
HEAVY RAIN                3     RAIN                       6
LIGHT RAIN                9     FREEZING RAIN              3
LT FREEZING RAIN          3     HAIL                       0
HEAVY SNOW                0     SNOW                       0
LIGHT SNOW                6     SLEET                      1
FOG                      14     FOG W/VIS <= 1/4 MILE      0
HAZE                     10

-  INDICATES NEGATIVE NUMBERS.
R  INDICATES RECORD WAS SET OR TIED.
MM INDICATES DATA IS MISSING.
T  INDICATES TRACE AMOUNT.

$$
