000
CXUS53 KLMK 011309
CLMBWG


CLIMATE REPORT
NATIONAL WEATHER SERVICE LOUISVILLE KY
801 AM EST SUN DEC 1 2013

...................................

...THE BOWLING GREEN CLIMATE SUMMARY FOR THE MONTH OF NOVEMBER 2013...

CLIMATE NORMAL PERIOD 1981 TO 2010
CLIMATE RECORD PERIOD 1870 TO 2013

WEATHER         OBSERVED          NORMAL  DEPART  LAST YEAR`S
                 VALUE   DATE(S)  VALUE   FROM    VALUE  DATE(S)
                                          NORMAL
................................................................
TEMPERATURE (F)
RECORD
 HIGH              88   11/12/1909
 LOW               -7   11/25/1950
HIGHEST            71   11/06        MM      MM       74  11/10
LOWEST             14   11/28        MM      MM       23  11/28
AVG. MAXIMUM     55.4              59.4    -4.0     59.5
AVG. MINIMUM     32.1              37.5    -5.4     32.8
MEAN             43.8              48.4    -4.6     46.2
DAYS MAX >= 90      0               0.0     0.0        0
DAYS MAX <= 32      0               0.0     0.0        0
DAYS MIN <= 32     17               9.6     7.4       17
DAYS MIN <= 0       0               0.0     0.0        0

PRECIPITATION (INCHES)
RECORD
 MAXIMUM        10.53   1900
 MINIMUM         0.32   1912
TOTALS           2.82              4.22   -1.40     1.11
DAILY AVG.       0.09              0.14   -0.05     0.04
DAYS >= .01        10               9.9     0.1        5
DAYS >= .10         5               6.9    -1.9        2
DAYS >= .50         2               3.0    -1.0        1
DAYS >= 1.00        1               1.1    -0.1        0
GREATEST
 24 HR. TOTAL    1.55   11/17 TO 11/17
                        11/16 TO 11/17
                        11/17 TO 11/17

SNOWFALL (INCHES)
RECORDS
 TOTAL            3.0   5
                        0
TOTALS            1.1               0.0     1.1      0.0
SINCE 7/1         1.1                 T     1.1      0.0
SNOWDEPTH AVG.      0                MM      MM        0
DAYS >= 1.0         1               0.0     1.0        0
GREATEST
 SNOW DEPTH         T   11/26                          0  MM
 24 HR TOTAL      1.1   MM

DEGREE_DAYS
HEATING TOTAL     630               500     130      558
 SINCE 7/1        880               763     117      832
COOLING TOTAL       0                 3      -3        0
 SINCE 1/1       1499              1491       8     1935
.................................................................

WIND (MPH)
AVERAGE WIND SPEED              5.2
HIGHEST WIND SPEED/DIRECTION    28/290    DATE  11/17
HIGHEST GUST SPEED/DIRECTION    38/280    DATE  11/17

SKY COVER
POSSIBLE SUNSHINE (PERCENT)   MM
AVERAGE SKY COVER           0.30
NUMBER OF DAYS FAIR           19
NUMBER OF DAYS PC              6
NUMBER OF DAYS CLOUDY          5

AVERAGE RH (PERCENT)     65

WEATHER CONDITIONS. NUMBER OF DAYS WITH
THUNDERSTORM              0     MIXED PRECIP               0
HEAVY RAIN                2     RAIN                       3
LIGHT RAIN                9     FREEZING RAIN              0
LT FREEZING RAIN          0     HAIL                       0
HEAVY SNOW                0     SNOW                       1
LIGHT SNOW                3     SLEET                      0
FOG                      11     FOG W/VIS <= 1/4 MILE      1
HAZE                      3

-  INDICATES NEGATIVE NUMBERS.
R  INDICATES RECORD WAS SET OR TIED.
MM INDICATES DATA IS MISSING.
T  INDICATES TRACE AMOUNT.

$$
