000
CXUS53 KLMK 081128 CCA
CLMBWG

CLIMATE REPORT...COR TO THUNDER
NATIONAL WEATHER SERVICE LOUISVILLE KY
818 AM EST WED JAN 1 2014

...................................

...THE BOWLING GREEN CLIMATE SUMMARY FOR THE MONTH OF DECEMBER 2013...

CLIMATE NORMAL PERIOD 1981 TO 2010
CLIMATE RECORD PERIOD 1870 TO 2013

WEATHER         OBSERVED          NORMAL  DEPART  LAST YEAR`S
                 VALUE   DATE(S)  VALUE   FROM    VALUE  DATE(S)
                                          NORMAL
................................................................
TEMPERATURE (F)
RECORD
 HIGH              78   12/03/1982
 LOW              -14   12/22/1989
HIGHEST            74   12/21        MM      MM       75  12/03
LOWEST             15   12/12        MM      MM       21  12/30
AVG. MAXIMUM     47.6              47.9    -0.3     54.6
AVG. MINIMUM     30.0              29.2     0.8     36.9
MEAN             38.8              38.6     0.2     45.8
DAYS MAX >= 90      0               0.0     0.0        0
DAYS MAX <= 32      3               2.4     0.6        0
DAYS MIN <= 32     21              19.2     1.8       11
DAYS MIN <= 0       0               0.3    -0.3        0

PRECIPITATION (INCHES)
RECORD
 MAXIMUM        13.17   1978
 MINIMUM         0.87   1925
TOTALS           5.01              4.80    0.21     5.41
DAILY AVG.       0.16              0.15    0.01     0.17
DAYS >= .01         9              11.5    -2.5       15
DAYS >= .10         8               7.6     0.4       10
DAYS >= .50         3               3.1    -0.1        3
DAYS >= 1.00        2               1.4     0.6        1
GREATEST
 24 HR. TOTAL    1.65   12/05 TO 12/06

SNOWFALL (INCHES)
RECORDS
 TOTAL            8.3   2010
TOTALS            0.1               1.2    -1.1        T
SINCE 7/1         1.2               1.2     0.0        T
SNOWDEPTH AVG.      0                MM      MM        0
DAYS >= 1.0         0               0.5    -0.5        0
GREATEST
 SNOW DEPTH         T   12/09                         -1  12/21
 24 HR TOTAL      0.1   12/10

DEGREE_DAYS
HEATING TOTAL     807               821     -14      593
 SINCE 7/1       1687              1584     103     1425
COOLING TOTAL       2                 1       1        3
 SINCE 1/1       1501              1492       9     1938
.................................................................

WIND (MPH)
AVERAGE WIND SPEED              6.4
HIGHEST WIND SPEED/DIRECTION    45/270    DATE  12/21
HIGHEST GUST SPEED/DIRECTION    62/270    DATE  12/21

SKY COVER
POSSIBLE SUNSHINE (PERCENT)   MM
AVERAGE SKY COVER           0.60
NUMBER OF DAYS FAIR           12
NUMBER OF DAYS PC              4
NUMBER OF DAYS CLOUDY         15

AVERAGE RH (PERCENT)     72

WEATHER CONDITIONS. NUMBER OF DAYS WITH
THUNDERSTORM              2     MIXED PRECIP               0
HEAVY RAIN                3     RAIN                       8
LIGHT RAIN               10     FREEZING RAIN              1
LT FREEZING RAIN          2     HAIL                       0
HEAVY SNOW                0     SNOW                       0
LIGHT SNOW                2     SLEET                      0
FOG                      17     FOG W/VIS <= 1/4 MILE      0
HAZE                      4

-  INDICATES NEGATIVE NUMBERS.
R  INDICATES RECORD WAS SET OR TIED.
MM INDICATES DATA IS MISSING.
T  INDICATES TRACE AMOUNT.

$$
