000
CXUS53 KLMK 011530
CLMBWG


CLIMATE REPORT
NATIONAL WEATHER SERVICE LOUISVILLE KY
1027 AM EST SAT FEB 1 2014

...................................

...THE BOWLING GREEN CLIMATE SUMMARY FOR THE MONTH OF JANUARY 2014...

CLIMATE NORMAL PERIOD 1981 TO 2010
CLIMATE RECORD PERIOD 1870 TO 2014

WEATHER         OBSERVED          NORMAL  DEPART  LAST YEAR`S
                 VALUE   DATE(S)  VALUE   FROM    VALUE  DATE(S)
                                          NORMAL
................................................................
TEMPERATURE (F)
RECORD
 HIGH              78   01/24/1943
 LOW              -26   01/12/1886
HIGHEST            60   01/26        MM      MM       72  01/30
LOWEST              0   01/07        MM      MM       16  01/22
                        01/06
AVG. MAXIMUM     40.7              45.0    -4.3     49.0
AVG. MINIMUM     18.1              26.4    -8.3     30.5
MEAN             29.4              35.7    -6.3     39.8
DAYS MAX >= 90      0               0.0     0.0        0
DAYS MAX <= 32      8               4.5     3.5        1
DAYS MIN <= 32     27              21.6     5.4       23
DAYS MIN <= 0       2               0.5     1.5        0

PRECIPITATION (INCHES)
RECORD
 MAXIMUM        20.70   1937
 MINIMUM         0.72   1893
TOTALS           1.75              3.61   -1.86     5.49
DAILY AVG.       0.06              0.12   -0.06     0.18
DAYS >= .01         9              10.4    -1.4       14
DAYS >= .10         4               6.4    -2.4        7
DAYS >= .50         1               2.5    -1.5        3
DAYS >= 1.00        0               0.9    -0.9        2
GREATEST
 24 HR. TOTAL    0.63   01/10 TO 01/11
                        01/11 TO 01/11

SNOWFALL (INCHES)
RECORDS
 TOTAL           21.5   5
                        0
TOTALS            2.1               3.3    -1.2      0.3
SINCE 7/1         3.3               4.5    -1.2      0.3
SNOWDEPTH AVG.      0                MM      MM        0
DAYS >= 1.0         0               1.2    -1.2        0
GREATEST
 SNOW DEPTH         1   01/22                         -1  01/15
 24 HR TOTAL      0.6   MM

DEGREE_DAYS
HEATING TOTAL    1096               908     188      776
 SINCE 7/1       2783              2492     291     2201
COOLING TOTAL       0                 0       0        0
 SINCE 1/1          0                 0       0        0
.................................................................

WIND (MPH)
AVERAGE WIND SPEED              8.2
HIGHEST WIND SPEED/DIRECTION    31/190    DATE  01/05
HIGHEST GUST SPEED/DIRECTION    42/180    DATE  01/05

SKY COVER
POSSIBLE SUNSHINE (PERCENT)   MM
AVERAGE SKY COVER           0.40
NUMBER OF DAYS FAIR           16
NUMBER OF DAYS PC              8
NUMBER OF DAYS CLOUDY          7

AVERAGE RH (PERCENT)     62

WEATHER CONDITIONS. NUMBER OF DAYS WITH
THUNDERSTORM              0     MIXED PRECIP               0
HEAVY RAIN                3     RAIN                       3
LIGHT RAIN                8     FREEZING RAIN              0
LT FREEZING RAIN          0     HAIL                       0
HEAVY SNOW                0     SNOW                       2
LIGHT SNOW                8     SLEET                      0
FOG                      12     FOG W/VIS <= 1/4 MILE      2
HAZE                      3

-  INDICATES NEGATIVE NUMBERS.
R  INDICATES RECORD WAS SET OR TIED.
MM INDICATES DATA IS MISSING.
T  INDICATES TRACE AMOUNT.

$$
