327
CXUS53 KLMK 011012
CLMBWG

CLMSDF

CLIMATE REPORT
NATIONAL WEATHER SERVICE LOUISVILLE KY
608 AM EDT THU OCT 1 2015

...................................

...THE LOUISVILLE KY CLIMATE SUMMARY FOR THE MONTH OF SEPTEMBER 2015...

CLIMATE NORMAL PERIOD 1981 TO 2010
CLIMATE RECORD PERIOD 1871 TO 2015

WEATHER         OBSERVED          NORMAL  DEPART  LAST YEAR`S
                 VALUE   DATE(S)  VALUE   FROM    VALUE  DATE(S)
                                          NORMAL
................................................................
TEMPERATURE (F)
RECORD
 HIGH             104   09/06/1954
                        09/05/1954
 LOW               33   09/30/1949
HIGHEST            95   09/05        MM      MM       93  09/05
                        09/04
LOWEST             50   09/13        MM      MM       50  09/23
                                                          09/14
AVG. MAXIMUM     84.3              81.5     2.8     81.6
AVG. MINIMUM     63.2              60.5     2.7     60.7
MEAN             73.7              71.0     2.7     71.2
DAYS MAX >= 90      8               3.9     4.1        3
DAYS MAX <= 32      0               0.0     0.0        0
DAYS MIN <= 32      0               0.0     0.0        0
DAYS MIN <= 0       0               0.0     0.0        0

PRECIPITATION (INCHES)
RECORD
 MAXIMUM        10.49   1979
 MINIMUM         0.12   2010
TOTALS           2.45              3.05   -0.60     3.31
DAILY AVG.       0.08              0.10   -0.02     0.11
DAYS >= .01         7               8.0    -1.0        5
DAYS >= .10         6               4.8     1.2        2
DAYS >= .50         1               1.8    -0.8        1
DAYS >= 1.00        1               0.8     0.2        1
GREATEST
 24 HR. TOTAL    1.45   09/28 TO 09/29           09/10 TO 09/11
                                                          09/30 TO 09/30
                                                          09/30 TO 09/30
 STORM TOTAL       MM                                 MM
 (MM/DD(HH))            MM                    09/11(00) TO 09/11(00)
                                                 09/30(00) TO 09/30(00)0
                                                 09/30(00) TO 09/30(00)0

SNOWFALL (INCHES)
RECORDS
 TOTAL             MM   5
 24 HR TOTAL       MM
 SNOW DEPTH        MM   MM
TOTALS            0.0               0.0     0.0      0.0
 LIQUID EQUIV    0.00              0.00    0.00     0.00
SINCE 7/1         0.0               0.0     0.0      0.0
 LIQUID 7/1      0.00              0.00    0.00     0.00
SNOWDEPTH AVG.      0                MM      MM        0
DAYS >= TRACE       0               0.0     0.0        0
DAYS >= 1.0         0               0.0     0.0        0
GREATEST
 SNOW DEPTH         0   MM                             0  MM
 24 HR TOTAL      0.0   09/30 TO 09/30           09/30 TO 09/30
                                                          09/30 TO 09/30
                                                          09/30 TO 09/30
 STORM TOTAL       MM                                 MM
 (MM/DD(HH))            MM                    09/30(00) TO 09/30(00)
                                                 09/30(00) TO 09/30(00)0
                                                 09/30(00) TO 09/30(00)0

DEGREE_DAYS
HEATING TOTAL       5                30     -25       13
 SINCE 7/1          5                30     -25       13
COOLING TOTAL     276               210      66      203
 SINCE 1/1       1730              1567     163     1595

FREEZE DATES
RECORD
 EARLIEST     10/03/1974
 LATEST       05/10/1966
EARLIEST                        10/25
LATEST                          04/15
.................................................

WIND (MPH)
AVERAGE WIND SPEED              6.1
RESULTANT WIND SPEED/DIRECTION   2/056
HIGHEST WIND SPEED/DIRECTION    25/010    DATE  09/05
HIGHEST GUST SPEED/DIRECTION    34/010    DATE  09/12

SKY COVER
POSSIBLE SUNSHINE (PERCENT)   MM
AVERAGE SKY COVER           0.50
NUMBER OF DAYS FAIR           15
NUMBER OF DAYS PC              8
NUMBER OF DAYS CLOUDY          7

AVERAGE RH (PERCENT)     64

WEATHER CONDITIONS. NUMBER OF DAYS WITH
THUNDERSTORM              0     MIXED PRECIP               0
HEAVY RAIN                3     RAIN                       5
LIGHT RAIN               11     FREEZING RAIN              0
LT FREEZING RAIN          0     HAIL                       0
HEAVY SNOW                0     SNOW                       0
LIGHT SNOW                0     SLEET                      0
FOG                      10     FOG W/VIS <= 1/4 MILE      0
HAZE                     12

-  INDICATES NEGATIVE NUMBERS.
R  INDICATES RECORD WAS SET OR TIED.
MM INDICATES DATA IS MISSING.
T  INDICATES TRACE AMOUNT.

...................................

...THE FRANKFORT KY CLIMATE SUMMARY FOR THE MONTH OF SEPTEMBER 2015...

CLIMATE NORMAL PERIOD 1981 TO 2010
CLIMATE RECORD PERIOD 1895 TO 2015

WEATHER         OBSERVED          NORMAL  DEPART  LAST YEAR`S
                 VALUE   DATE(S)  VALUE   FROM    VALUE  DATE(S)
                                          NORMAL
................................................................
TEMPERATURE (F)
RECORD
 HIGH             106   09/02/1953
 LOW               30   09/29/1942
HIGHEST            93   09/05        MM      MM       90  09/04
                        09/04
LOWEST             45   09/14        MM      MM       41  09/23
AVG. MAXIMUM     81.9              79.6     2.3     79.2
AVG. MINIMUM     58.2              55.7     2.5     55.0
MEAN             70.0              67.6     2.4     67.1
DAYS MAX >= 90      8               3.0     5.0        1
DAYS MAX <= 32      0               0.0     0.0        0
DAYS MIN <= 32      0               0.0     0.0        0
DAYS MIN <= 0       0               0.0     0.0        0

PRECIPITATION (INCHES)
RECORD
 MAXIMUM        11.45   1979
 MINIMUM            T   1895
TOTALS           3.44              3.33    0.11     2.83
DAILY AVG.       0.11              0.11    0.00     0.09
DAYS >= .01        10                MM      MM        3
DAYS >= .10         5                MM      MM        1
DAYS >= .50         2                MM      MM        1
DAYS >= 1.00        1                MM      MM        1
GREATEST
 24 HR. TOTAL    1.72   09/29 TO 09/30

SNOWFALL (INCHES)
RECORDS
 TOTAL             MM   MM
TOTALS             MM                MM      MM       MM
SINCE 7/1          MM                MM      MM       MM
SNOWDEPTH AVG.      0                MM      MM       MM
DAYS >= 1.0         0                MM      MM        0
GREATEST
 SNOW DEPTH         0   MM                            MM  MM
 24 HR TOTAL       MM

DEGREE_DAYS
HEATING TOTAL      18                53     -35       58
 SINCE 7/1         19                54     -35       61
COOLING TOTAL     175               133      42      128
 SINCE 1/1       1213              1135      78     1054
.................................................................

WIND (MPH)
AVERAGE WIND SPEED              4.1
HIGHEST WIND SPEED/DIRECTION    24/110    DATE  09/05
HIGHEST GUST SPEED/DIRECTION    38/100    DATE  09/05

SKY COVER
POSSIBLE SUNSHINE (PERCENT)   MM
AVERAGE SKY COVER           0.30
NUMBER OF DAYS FAIR           22
NUMBER OF DAYS PC              4
NUMBER OF DAYS CLOUDY          4

AVERAGE RH (PERCENT)     69

WEATHER CONDITIONS. NUMBER OF DAYS WITH
THUNDERSTORM              0     MIXED PRECIP               0
HEAVY RAIN                4     RAIN                       6
LIGHT RAIN                9     FREEZING RAIN              0
LT FREEZING RAIN          0     HAIL                       0
HEAVY SNOW                0     SNOW                       0
LIGHT SNOW                0     SLEET                      0
FOG                      18     FOG W/VIS <= 1/4 MILE      1
HAZE                      3

-  INDICATES NEGATIVE NUMBERS.
R  INDICATES RECORD WAS SET OR TIED.
MM INDICATES DATA IS MISSING.
T  INDICATES TRACE AMOUNT.



...................................

...THE LEXINGTON KY CLIMATE SUMMARY FOR THE MONTH OF SEPTEMBER 2015...

CLIMATE NORMAL PERIOD 1981 TO 2010
CLIMATE RECORD PERIOD 1872 TO 2015

WEATHER         OBSERVED          NORMAL  DEPART  LAST YEAR`S
                 VALUE   DATE(S)  VALUE   FROM    VALUE  DATE(S)
                                          NORMAL
................................................................
TEMPERATURE (F)
RECORD
 HIGH             103   09/05/1954
 LOW               32   09/30/1899
HIGHEST            95   09/05        MM      MM       91  09/05
LOWEST             45   09/14        MM      MM       44  09/23
AVG. MAXIMUM     82.5              78.8     3.7     80.3
AVG. MINIMUM     59.3              57.5     1.8     58.4
MEAN             70.9              68.1     2.8     69.4
DAYS MAX >= 90      8               2.0     6.0        1
DAYS MAX <= 32      0               0.0     0.0        0
DAYS MIN <= 32      0               0.0     0.0        0
DAYS MIN <= 0       0               0.0     0.0        0

PRECIPITATION (INCHES)
RECORD
 MAXIMUM        10.25   2006
 MINIMUM         0.24   1959
TOTALS           2.71              2.91   -0.20     4.35
DAILY AVG.       0.09              0.10   -0.01     0.14
DAYS >= .01         7               7.8    -0.8        5
DAYS >= .10         3               4.9    -1.9        4
DAYS >= .50         2               1.9     0.1        2
DAYS >= 1.00        1               0.8     0.2        1
GREATEST
 24 HR. TOTAL    1.31   09/29 TO 09/29

SNOWFALL (INCHES)
RECORDS
 TOTAL             MM   5
TOTALS            0.0               0.0     0.0      0.0
SINCE 7/1         0.0               0.0     0.0      0.0
SNOWDEPTH AVG.      0                MM      MM        0
DAYS >= 1.0         0               0.0     0.0        0
GREATEST
 SNOW DEPTH         0   MM                             0  MM
 24 HR TOTAL      0.0   09/30 TO 09/30

DEGREE_DAYS
HEATING TOTAL      15                52     -37       28
 SINCE 7/1         15                54     -39       30
COOLING TOTAL     201               146      55      166
 SINCE 1/1       1262              1163      99     1247
.................................................................

WIND (MPH)
AVERAGE WIND SPEED              6.2
HIGHEST WIND SPEED/DIRECTION    23/320    DATE  09/12
HIGHEST GUST SPEED/DIRECTION    30/320    DATE  09/19

SKY COVER
POSSIBLE SUNSHINE (PERCENT)   MM
AVERAGE SKY COVER           0.30
NUMBER OF DAYS FAIR           21
NUMBER OF DAYS PC              5
NUMBER OF DAYS CLOUDY          4

AVERAGE RH (PERCENT)     68

WEATHER CONDITIONS. NUMBER OF DAYS WITH
THUNDERSTORM              0     MIXED PRECIP               0
HEAVY RAIN                2     RAIN                       4
LIGHT RAIN               10     FREEZING RAIN              0
LT FREEZING RAIN          0     HAIL                       0
HEAVY SNOW                0     SNOW                       0
LIGHT SNOW                0     SLEET                      0
FOG                      12     FOG W/VIS <= 1/4 MILE      0
HAZE                      6

-  INDICATES NEGATIVE NUMBERS.
R  INDICATES RECORD WAS SET OR TIED.
MM INDICATES DATA IS MISSING.
T  INDICATES TRACE AMOUNT.



..................................

...THE BOWLING GREEN CLIMATE SUMMARY FOR THE MONTH OF SEPTEMBER 2015...

CLIMATE NORMAL PERIOD 1981 TO 2010
CLIMATE RECORD PERIOD 1870 TO 2015

WEATHER         OBSERVED          NORMAL  DEPART  LAST YEAR`S
                 VALUE   DATE(S)  VALUE   FROM    VALUE  DATE(S)
                                          NORMAL
................................................................
TEMPERATURE (F)
RECORD
 HIGH             105   09/07/1925
 LOW               31   09/29/1888
HIGHEST            97   09/05        MM      MM       91  09/05
LOWEST             46   09/14        MM      MM       44  09/23
AVG. MAXIMUM     85.1              82.1     3.0     81.3
AVG. MINIMUM     60.2              58.0     2.2     58.5
MEAN             72.6              70.1     2.5     69.9
DAYS MAX >= 90      8               4.2     3.8        1
DAYS MAX <= 32      0               0.0     0.0        0
DAYS MIN <= 32      0               0.0     0.0        0
DAYS MIN <= 0       0               0.0     0.0        0

PRECIPITATION (INCHES)
RECORD
 MAXIMUM        11.75   1979
 MINIMUM         0.04   1956
TOTALS           4.06              3.93    0.13     0.37
DAILY AVG.       0.14              0.13    0.01     0.01
DAYS >= .01         9               7.9     1.1        5
DAYS >= .10         5               5.5    -0.5        1
DAYS >= .50         2               2.4    -0.4        0
DAYS >= 1.00        1               1.1    -0.1        0
GREATEST
 24 HR. TOTAL    2.70   09/29 TO 09/30

SNOWFALL (INCHES)
RECORDS
 TOTAL             MM   5
TOTALS            0.0               0.0     0.0      0.0
SINCE 7/1         0.0               0.0     0.0      0.0
SNOWDEPTH AVG.      0                MM      MM        0
DAYS >= 1.0         0               0.0     0.0        0
GREATEST
 SNOW DEPTH         0   MM                             0  MM
 24 HR TOTAL      0.0   09/30 TO 09/30

DEGREE_DAYS
HEATING TOTAL       8                35     -27       24
 SINCE 7/1          8                36     -28       24
COOLING TOTAL     243               186      57      179
 SINCE 1/1       1624              1455     169     1456
.................................................................

WIND (MPH)
AVERAGE WIND SPEED              3.7
HIGHEST WIND SPEED/DIRECTION    17/070    DATE  09/25
HIGHEST GUST SPEED/DIRECTION    24/330    DATE  09/12

SKY COVER
POSSIBLE SUNSHINE (PERCENT)   MM
AVERAGE SKY COVER           0.30
NUMBER OF DAYS FAIR           20
NUMBER OF DAYS PC              6
NUMBER OF DAYS CLOUDY          4

AVERAGE RH (PERCENT)     68

WEATHER CONDITIONS. NUMBER OF DAYS WITH
THUNDERSTORM              0     MIXED PRECIP               0
HEAVY RAIN                3     RAIN                       6
LIGHT RAIN               11     FREEZING RAIN              0
LT FREEZING RAIN          0     HAIL                       0
HEAVY SNOW                0     SNOW                       0
LIGHT SNOW                0     SLEET                      0
FOG                      20     FOG W/VIS <= 1/4 MILE      3
HAZE                      3

-  INDICATES NEGATIVE NUMBERS.
R  INDICATES RECORD WAS SET OR TIED.
MM INDICATES DATA IS MISSING.
T  INDICATES TRACE AMOUNT.

$$
