000
CXUS53 KLMK 111928 CCA
CLMBWG

CLIMATE REPORT...CORRECTED
NATIONAL WEATHER SERVICE LOUISVILLE KY
1107 PM EST SUN JAN 1 2017

...................................

...THE BOWLING GREEN CLIMATE SUMMARY FOR THE MONTH OF DECEMBER 2016...
...CORRECTED FOR PRECIPITATION...

CLIMATE NORMAL PERIOD 1981 TO 2010
CLIMATE RECORD PERIOD 1870 TO 2016

WEATHER         OBSERVED          NORMAL  DEPART  LAST YEAR`S
                 VALUE   DATE(S)  VALUE   FROM    VALUE  DATE(S)
                                          NORMAL
................................................................
TEMPERATURE (F)
RECORD
 HIGH              78   12/03/1982
 LOW              -14   12/22/1989
HIGHEST            75   12/26        MM      MM       74  12/13
LOWEST             13   12/20        MM      MM       24  12/20
AVG. MAXIMUM     48.2              47.9     0.3     60.4
AVG. MINIMUM     30.1              29.2     0.9     40.7
MEAN             39.1              38.6     0.5     50.6
DAYS MAX >= 90      0               0.0     0.0        0
DAYS MAX <= 32      2               2.4    -0.4        0
DAYS MIN <= 32     18              19.2    -1.2        8
DAYS MIN <= 0       0               0.3    -0.3        0

PRECIPITATION (INCHES)
RECORD
 MAXIMUM        13.17   1978
 MINIMUM         0.87   1925
TOTALS           5.64              4.80    0.84     5.23
DAILY AVG.       0.18              0.15    0.03     0.17
DAYS >= .01        15              11.5     3.5       10
DAYS >= .10        12               7.6     4.4        9
DAYS >= .50         3               3.1    -0.1        6
DAYS >= 1.00        1               1.4    -0.4        1
GREATEST 24 HR. TOTAL    1.68   12/17 TO 12/17


SNOWFALL (INCHES)
RECORDS
 TOTAL            8.3   2010
TOTALS              T               1.2    -1.2        T
SINCE 7/1           T               1.2    -1.2        T
SNOWDEPTH AVG.      0                MM      MM        0
DAYS >= 1.0         0               0.5    -0.5        0
GREATEST
 SNOW DEPTH         0   MM                             0  MM
 24 HR TOTAL        T   12/21 TO 12/21

DEGREE_DAYS
HEATING TOTAL     795               821     -26      441
 SINCE 7/1       1281              1584    -303      979
COOLING TOTAL       0                 1      -1        2
 SINCE 1/1       1979              1492     487     1673
.................................................................

WIND (MPH)
AVERAGE WIND SPEED              6.4
HIGHEST WIND SPEED/DIRECTION    30/330    DATE  12/07
HIGHEST GUST SPEED/DIRECTION    40/290    DATE  12/17

SKY COVER
POSSIBLE SUNSHINE (PERCENT)   MM
AVERAGE SKY COVER           0.50
NUMBER OF DAYS FAIR           12
NUMBER OF DAYS PC              9
NUMBER OF DAYS CLOUDY         10

AVERAGE RH (PERCENT)     70

WEATHER CONDITIONS. NUMBER OF DAYS WITH
THUNDERSTORM              0     MIXED PRECIP               0
HEAVY RAIN                7     RAIN                      12
LIGHT RAIN               15     FREEZING RAIN              1
LT FREEZING RAIN          1     HAIL                       0
HEAVY SNOW                0     SNOW                       0
LIGHT SNOW                1     SLEET                      0
FOG                      21     FOG W/VIS <= 1/4 MILE      2
HAZE                      4

-  INDICATES NEGATIVE NUMBERS.
R  INDICATES RECORD WAS SET OR TIED.
MM INDICATES DATA IS MISSING.
T  INDICATES TRACE AMOUNT.

$$
