000
CXUS53 KLMK 011310
CLMBWG


CLIMATE REPORT
NATIONAL WEATHER SERVICE LOUISVILLE KY
855 AM EDT SAT JUL 1 2017

...................................

...THE BOWLING GREEN CLIMATE SUMMARY FOR THE MONTH OF JUNE 2017...

CLIMATE NORMAL PERIOD 1981 TO 2010
CLIMATE RECORD PERIOD 1870 TO 2017

WEATHER         OBSERVED          NORMAL  DEPART  LAST YEAR`S
                 VALUE   DATE(S)  VALUE   FROM    VALUE  DATE(S)
                                          NORMAL
................................................................
TEMPERATURE (F)
RECORD
 HIGH             110   06/29/2012
 LOW               39   06/13/1903
HIGHEST            91   06/14        MM      MM       96  06/16
                        06/13                             06/13
                        06/12
LOWEST             52   06/09        MM      MM       53  06/09
AVG. MAXIMUM     84.4              86.1    -1.7     88.8
AVG. MINIMUM     63.9              63.9     0.0     66.9
MEAN             74.2              75.0    -0.8     77.8
DAYS MAX >= 90      3               8.3    -5.3       17
DAYS MAX <= 32      0               0.0     0.0        0
DAYS MIN <= 32      0               0.0     0.0        0
DAYS MIN <= 0       0               0.0     0.0        0

PRECIPITATION (INCHES)
RECORD
 MAXIMUM        12.96   1928
 MINIMUM         0.12   1936
TOTALS           7.93              4.20    3.73     2.47
DAILY AVG.       0.26              0.14    0.12     0.08
DAYS >= .01         9              10.6    -1.6        9
DAYS >= .10         7               6.9     0.1        7
DAYS >= .50         5               2.7     2.3        1
DAYS >= 1.00        4               1.3     2.7        0
GREATEST
 24 HR. TOTAL    2.52   06/04 TO 06/04

SNOWFALL (INCHES)
RECORDS
 TOTAL             MM   5
TOTALS            0.0               0.0     0.0      0.0
SINCE 7/1         0.7               9.1    -8.4     24.0
SNOWDEPTH AVG.      0                MM      MM        0
DAYS >= 1.0         0               0.0     0.0        0
GREATEST
 SNOW DEPTH         0   MM                             0  MM
 24 HR TOTAL      0.0   06/30 TO 06/30

DEGREE_DAYS
HEATING TOTAL       0                 5      -5        0
 SINCE 7/1       2989              4048   -1059     3230
COOLING TOTAL     285               305     -20      393
 SINCE 1/1        534               458      76      559
.................................................................

WIND (MPH)
AVERAGE WIND SPEED              5.3
HIGHEST WIND SPEED/DIRECTION    31/280    DATE  06/15
HIGHEST GUST SPEED/DIRECTION    40/270    DATE  06/15

SKY COVER
POSSIBLE SUNSHINE (PERCENT)   MM
AVERAGE SKY COVER           0.30
NUMBER OF DAYS FAIR           20
NUMBER OF DAYS PC             10
NUMBER OF DAYS CLOUDY          0

AVERAGE RH (PERCENT)     74

WEATHER CONDITIONS. NUMBER OF DAYS WITH
THUNDERSTORM              6     MIXED PRECIP               0
HEAVY RAIN                7     RAIN                       7
LIGHT RAIN                9     FREEZING RAIN              0
LT FREEZING RAIN          0     HAIL                       0
HEAVY SNOW                0     SNOW                       0
LIGHT SNOW                0     SLEET                      0
FOG                      14     FOG W/VIS <= 1/4 MILE      1
HAZE                      2

-  INDICATES NEGATIVE NUMBERS.
R  INDICATES RECORD WAS SET OR TIED.
MM INDICATES DATA IS MISSING.
T  INDICATES TRACE AMOUNT.

$$
