000
CXUS53 KLMK 011219
CLMBWG


CLIMATE REPORT
NATIONAL WEATHER SERVICE LOUISVILLE KY
749 AM EDT MON SEP 1 2014

...................................

...THE BOWLING GREEN CLIMATE SUMMARY FOR THE MONTH OF AUGUST 2014...

CLIMATE NORMAL PERIOD 1981 TO 2010
CLIMATE RECORD PERIOD 1870 TO 2014

WEATHER         OBSERVED          NORMAL  DEPART  LAST YEAR`S
                 VALUE   DATE(S)  VALUE   FROM    VALUE  DATE(S)
                                          NORMAL
................................................................
TEMPERATURE (F)
RECORD
 HIGH             110   08/09/1930
                        08/13/1881
 LOW               42   08/31/1946
HIGHEST            94   08/23        MM      MM       93  08/30
                        08/07
LOWEST             58   08/14        MM      MM       54  08/15
                        08/04
AVG. MAXIMUM     88.5              88.9    -0.4     85.3
AVG. MINIMUM     67.7              66.1     1.6     67.1
MEAN             78.1              77.5     0.6     76.2
DAYS MAX >= 90     17              13.6     3.4        4
DAYS MAX <= 32      0               0.0     0.0        0
DAYS MIN <= 32      0               0.0     0.0        0
DAYS MIN <= 0       0               0.0     0.0        0

PRECIPITATION (INCHES)
RECORD
 MAXIMUM        11.33   2014
 MINIMUM         0.70   1924
TOTALS          11.33              3.33    8.00     6.13
DAILY AVG.       0.37              0.11    0.26     0.20
DAYS >= .01        12               7.9     4.1        8
DAYS >= .10        11               5.1     5.9        6
DAYS >= .50         9               2.3     6.7        3
DAYS >= 1.00        5               1.1     3.9        2
GREATEST
 24 HR. TOTAL    2.07   08/30 TO 08/31

SNOWFALL (INCHES)
RECORDS
 TOTAL             MM   5
TOTALS            0.0               0.0     0.0      0.0
SINCE 7/1         0.0               0.0     0.0      0.0
SNOWDEPTH AVG.      0                MM      MM        0
DAYS >= 1.0         0               0.0     0.0        0
GREATEST
 SNOW DEPTH         0   MM                             0  MM
 24 HR TOTAL      0.0   08/31 TO 08/31

DEGREE_DAYS
HEATING TOTAL       0                 1      -1        0
 SINCE 7/1          0                 1      -1        0
COOLING TOTAL     414               388      26      357
 SINCE 1/1       1277              1269       8     1260
.................................................................

WIND (MPH)
AVERAGE WIND SPEED              4.3
HIGHEST WIND SPEED/DIRECTION    22/280    DATE  08/20
HIGHEST GUST SPEED/DIRECTION    35/310    DATE  08/20

SKY COVER
POSSIBLE SUNSHINE (PERCENT)   MM
AVERAGE SKY COVER           0.30
NUMBER OF DAYS FAIR           22
NUMBER OF DAYS PC              9
NUMBER OF DAYS CLOUDY          0

AVERAGE RH (PERCENT)     71

WEATHER CONDITIONS. NUMBER OF DAYS WITH
THUNDERSTORM             10     MIXED PRECIP               0
HEAVY RAIN               11     RAIN                       9
LIGHT RAIN               12     FREEZING RAIN              0
LT FREEZING RAIN          0     HAIL                       0
HEAVY SNOW                0     SNOW                       0
LIGHT SNOW                0     SLEET                      0
FOG                      26     FOG W/VIS <= 1/4 MILE      2
HAZE                     12

-  INDICATES NEGATIVE NUMBERS.
R  INDICATES RECORD WAS SET OR TIED.
MM INDICATES DATA IS MISSING.
T  INDICATES TRACE AMOUNT.

$$
