000
CXUS53 KLMK 011049
CLMBWG


CLIMATE REPORT
NATIONAL WEATHER SERVICE LOUISVILLE KY
649 AM EDT SAT APR 1 2017

...................................

...THE BOWLING GREEN CLIMATE SUMMARY FOR THE MONTH OF MARCH 2017...

CLIMATE NORMAL PERIOD 1981 TO 2010
CLIMATE RECORD PERIOD 1870 TO 2017

WEATHER         OBSERVED          NORMAL  DEPART  LAST YEAR`S
                 VALUE   DATE(S)  VALUE   FROM    VALUE  DATE(S)
                                          NORMAL
................................................................
TEMPERATURE (F)
RECORD
 HIGH              92   03/24/1929
 LOW               -6   03/05/1960
HIGHEST            82   03/20        MM      MM       85  03/15
LOWEST             19   03/16        MM      MM       28  03/06
                                                          03/05
AVG. MAXIMUM     62.4              59.8     2.6     64.8
AVG. MINIMUM     39.3              37.0     2.3     42.3
MEAN             50.8              48.4     2.4     53.6
DAYS MAX >= 90      0               0.0     0.0        0
DAYS MAX <= 32      0               0.2    -0.2        0
DAYS MIN <= 32      8              10.3    -2.3        5
DAYS MIN <= 0       0               0.0     0.0        0

PRECIPITATION (INCHES)
RECORD
 MAXIMUM        14.58   1975
 MINIMUM         0.75   1918
TOTALS           3.79              4.41   -0.62     3.82
DAILY AVG.       0.12              0.14   -0.02     0.12
DAYS >= .01        12              11.4     0.6       12
DAYS >= .10         9               6.8     2.2        7
DAYS >= .50         5               2.6     2.4        3
DAYS >= 1.00        0               1.1    -1.1        1
GREATEST
 24 HR. TOTAL    0.77   03/27 TO 03/27

SNOWFALL (INCHES)
RECORDS
 TOTAL            8.0   5
                        0
TOTALS              T               1.1    -1.1        T
SINCE 7/1         0.7               8.9    -8.2     24.0
SNOWDEPTH AVG.      0                MM      MM        0
DAYS >= 1.0         0               0.4    -0.4        0
GREATEST
 SNOW DEPTH         0   MM                             0  MM
 24 HR TOTAL        T   03/14 TO 03/14

DEGREE_DAYS
HEATING TOTAL     439               520     -81      349
 SINCE 7/1       2820              3718    -898     2949
COOLING TOTAL       6                 5       1        1
 SINCE 1/1         10                 5       5        1
.................................................................

WIND (MPH)
AVERAGE WIND SPEED              7.7
HIGHEST WIND SPEED/DIRECTION    36/290    DATE  03/27
HIGHEST GUST SPEED/DIRECTION    49/280    DATE  03/27

SKY COVER
POSSIBLE SUNSHINE (PERCENT)   MM
AVERAGE SKY COVER           0.40
NUMBER OF DAYS FAIR           18
NUMBER OF DAYS PC              6
NUMBER OF DAYS CLOUDY          7

AVERAGE RH (PERCENT)     60

WEATHER CONDITIONS. NUMBER OF DAYS WITH
THUNDERSTORM              0     MIXED PRECIP               0
HEAVY RAIN                5     RAIN                       9
LIGHT RAIN               13     FREEZING RAIN              0
LT FREEZING RAIN          0     HAIL                       0
HEAVY SNOW                0     SNOW                       0
LIGHT SNOW                1     SLEET                      0
FOG                      14     FOG W/VIS <= 1/4 MILE      0
HAZE                      3

-  INDICATES NEGATIVE NUMBERS.
R  INDICATES RECORD WAS SET OR TIED.
MM INDICATES DATA IS MISSING.
T  INDICATES TRACE AMOUNT.

$$
