000
CXUS53 KLMK 011428
CLMBWG

CLIMATE REPORT
NATIONAL WEATHER SERVICE LOUISVILLE KY
827 AM EST WED FEB 1 2017

...................................

...THE BOWLING GREEN CLIMATE SUMMARY FOR THE MONTH OF JANUARY 2017...

CLIMATE NORMAL PERIOD 1981 TO 2010
CLIMATE RECORD PERIOD 1870 TO 2017

WEATHER         OBSERVED          NORMAL  DEPART  LAST YEAR`S
                 VALUE   DATE(S)  VALUE   FROM    VALUE  DATE(S)
                                          NORMAL
................................................................
TEMPERATURE (F)
RECORD
 HIGH              78   01/24/1943
 LOW              -26   01/12/1886
HIGHEST            71   01/12        MM      MM       72  01/31
LOWEST              9   01/08        MM      MM        2  01/24
AVG. MAXIMUM     51.9              45.0     6.9     44.5
AVG. MINIMUM     36.4              26.4    10.0     24.1
MEAN             44.2              35.7     8.5     34.3
DAYS MAX >= 90      0               0.0     0.0        0
DAYS MAX <= 32      4               4.5    -0.5        7
DAYS MIN <= 32     10              21.6   -11.6       25
DAYS MIN <= 0       0               0.5    -0.5        0

PRECIPITATION (INCHES)
RECORD
 MAXIMUM        20.70   1937
 MINIMUM         0.72   1893
TOTALS           4.16              3.61    0.55     1.81
DAILY AVG.       0.13              0.12    0.01     0.06
DAYS >= .01        15              10.4     4.6        9
DAYS >= .10        10               6.4     3.6        5
DAYS >= .50         2               2.5    -0.5        1
DAYS >= 1.00        1               0.9     0.1        0
GREATEST
 24 HR. TOTAL    1.01   01/19 TO 01/20

SNOWFALL (INCHES)
RECORDS
 TOTAL           21.5   5
                        0
TOTALS            0.7               3.3    -2.6     14.8
SINCE 7/1         0.7               4.5    -3.8     14.8
SNOWDEPTH AVG.      0                MM      MM        1
DAYS >= 1.0         0               1.2    -1.2        2
GREATEST
 SNOW DEPTH         1   01/06                         13  01/23
 24 HR TOTAL      0.7   MM

DEGREE_DAYS
HEATING TOTAL     640               908    -268      944
 SINCE 7/1       1921              2492    -571     1923
COOLING TOTAL       0                 0       0        0
 SINCE 1/1          0                 0       0        0
.................................................................

WIND (MPH)
AVERAGE WIND SPEED              7.5
HIGHEST WIND SPEED/DIRECTION    35/190    DATE  01/10
HIGHEST GUST SPEED/DIRECTION    48/200    DATE  01/10

SKY COVER
POSSIBLE SUNSHINE (PERCENT)   MM
AVERAGE SKY COVER           0.70
NUMBER OF DAYS FAIR            8
NUMBER OF DAYS PC              6
NUMBER OF DAYS CLOUDY         17

AVERAGE RH (PERCENT)     72

WEATHER CONDITIONS. NUMBER OF DAYS WITH
THUNDERSTORM              0     MIXED PRECIP               0
HEAVY RAIN                5     RAIN                       8
LIGHT RAIN               14     FREEZING RAIN              0
LT FREEZING RAIN          0     HAIL                       0
HEAVY SNOW                0     SNOW                       0
LIGHT SNOW                1     SLEET                      0
FOG                      14     FOG W/VIS <= 1/4 MILE      3
HAZE                      2

-  INDICATES NEGATIVE NUMBERS.
R  INDICATES RECORD WAS SET OR TIED.
MM INDICATES DATA IS MISSING.
T  INDICATES TRACE AMOUNT.

$$

SEVENTH WARMEST JANUARY ON RECORD.
