000
CXUS53 KLMK 011144
CLMBWG


CLIMATE REPORT
NATIONAL WEATHER SERVICE LOUISVILLE KY
742 AM EDT FRI AUG 1 2014

...................................

...THE BOWLING GREEN CLIMATE SUMMARY FOR THE MONTH OF JULY 2014...

CLIMATE NORMAL PERIOD 1981 TO 2010
CLIMATE RECORD PERIOD 1870 TO 2014

WEATHER         OBSERVED          NORMAL  DEPART  LAST YEAR`S
                 VALUE   DATE(S)  VALUE   FROM    VALUE  DATE(S)
                                          NORMAL
................................................................
TEMPERATURE (F)
RECORD
 HIGH             113   07/28/1930
 LOW               46   07/23/1947
HIGHEST            96   07/27        MM      MM       94  07/17
LOWEST             53   07/05        MM      MM       55  07/29
                                                          07/28
AVG. MAXIMUM     86.7              89.4    -2.7     85.5
AVG. MINIMUM     63.4              67.9    -4.5     67.1
MEAN             75.0              78.7    -3.7     76.3
DAYS MAX >= 90     12              14.9    -2.9        9
DAYS MAX <= 32      0               0.0     0.0        0
DAYS MIN <= 32      0               0.0     0.0        0
DAYS MIN <= 0       0               0.0     0.0        0

PRECIPITATION (INCHES)
RECORD
 MAXIMUM        11.05   1938
 MINIMUM         0.17   1901
TOTALS           2.53              4.10   -1.57     9.67
DAILY AVG.       0.08              0.13   -0.05     0.31
DAYS >= .01         8              10.0    -2.0       14
DAYS >= .10         5               6.6    -1.6       10
DAYS >= .50         2               2.9    -0.9        7
DAYS >= 1.00        1               1.1    -0.1        4
GREATEST
 24 HR. TOTAL    1.03   07/14 TO 07/14
                        07/13 TO 07/14
                        07/14 TO 07/14

SNOWFALL (INCHES)
RECORDS
 TOTAL            0.0   5
                        0
TOTALS            0.0               0.0     0.0      0.0
SINCE 7/1         0.0               0.0     0.0      0.0
SNOWDEPTH AVG.      0                MM      MM        0
DAYS >= 1.0         0               0.0     0.0        0
GREATEST
 SNOW DEPTH         0   MM                             0  MM
 24 HR TOTAL      0.0   07/31 TO 07/31

DEGREE_DAYS
HEATING TOTAL       0                 0       0        0
 SINCE 7/1          0                 0       0        0
COOLING TOTAL     317               423    -106      356
 SINCE 1/1        863               881     -18      903
.................................................................

WIND (MPH)
AVERAGE WIND SPEED              5.3
HIGHEST WIND SPEED/DIRECTION    25/310    DATE  07/01
HIGHEST GUST SPEED/DIRECTION    37/320    DATE  07/01

SKY COVER
POSSIBLE SUNSHINE (PERCENT)   MM
AVERAGE SKY COVER           0.30
NUMBER OF DAYS FAIR           22
NUMBER OF DAYS PC              7
NUMBER OF DAYS CLOUDY          2

AVERAGE RH (PERCENT)     66

WEATHER CONDITIONS. NUMBER OF DAYS WITH
THUNDERSTORM              7     MIXED PRECIP               0
HEAVY RAIN                4     RAIN                       3
LIGHT RAIN                9     FREEZING RAIN              0
LT FREEZING RAIN          0     HAIL                       0
HEAVY SNOW                0     SNOW                       0
LIGHT SNOW                0     SLEET                      0
FOG                      13     FOG W/VIS <= 1/4 MILE      0
HAZE                      5

-  INDICATES NEGATIVE NUMBERS.
R  INDICATES RECORD WAS SET OR TIED.
MM INDICATES DATA IS MISSING.
T  INDICATES TRACE AMOUNT.

$$
