000
CXUS53 KLMK 011033
CLMBWG

CLIMATE REPORT
NATIONAL WEATHER SERVICE LOUISVILLE KY
611 AM EDT TUE APR 1 2014

...................................

...THE BOWLING GREEN CLIMATE SUMMARY FOR THE MONTH OF MARCH 2014...

CLIMATE NORMAL PERIOD 1981 TO 2010
CLIMATE RECORD PERIOD 1870 TO 2014

WEATHER         OBSERVED          NORMAL  DEPART  LAST YEAR`S
                 VALUE   DATE(S)  VALUE   FROM    VALUE  DATE(S)
                                          NORMAL
................................................................
TEMPERATURE (F)
RECORD
 HIGH              92   03/24/1929
 LOW               -6   03/05/1960
HIGHEST            76   03/11        MM      MM       75  03/16
LOWEST             12   03/04        MM      MM       20  03/21
AVG. MAXIMUM     55.6              59.8    -4.2     52.0
AVG. MINIMUM     31.9              37.0    -5.1     33.7
MEAN             43.7              48.4    -4.7     42.9
DAYS MAX >= 90      0               0.0     0.0        0
DAYS MAX <= 32      2               0.2     1.8        0
DAYS MIN <= 32     18              10.3     7.7       15
DAYS MIN <= 0       0               0.0     0.0        0

PRECIPITATION (INCHES)
RECORD
 MAXIMUM        14.58   1975
 MINIMUM         0.75   1918
TOTALS           3.73              4.41   -0.68     5.21
DAILY AVG.       0.12              0.14   -0.02     0.17
DAYS >= .01         7              11.4    -4.4       15
DAYS >= .10         5               6.8    -1.8        8
DAYS >= .50         1               2.6    -1.6        4
DAYS >= 1.00        1               1.1    -0.1        2
GREATEST
 24 HR. TOTAL    2.03   03/02 TO 03/02

SNOWFALL (INCHES)
RECORDS
 TOTAL            8.0   5
                        0
TOTALS            5.1               1.1     4.0      2.5
SINCE 7/1        10.4               8.9     1.5      3.8
SNOWDEPTH AVG.      0                MM      MM        0
DAYS >= 1.0         2               0.4     1.6        0
GREATEST
 SNOW DEPTH         3   03/05                          0  MM
                        03/04
                        03/03
 24 HR TOTAL      3.4   MM

DEGREE_DAYS
HEATING TOTAL     653               520     133      677
 SINCE 7/1       4262              3718     544     3572
COOLING TOTAL       0                 5      -5        0
 SINCE 1/1          0                 5      -5        0
.................................................................

WIND (MPH)
AVERAGE WIND SPEED              7.2
HIGHEST WIND SPEED/DIRECTION    39/180    DATE  03/27
HIGHEST GUST SPEED/DIRECTION    50/180    DATE  03/27

SKY COVER
POSSIBLE SUNSHINE (PERCENT)   MM
AVERAGE SKY COVER           0.40
NUMBER OF DAYS FAIR           17
NUMBER OF DAYS PC              6
NUMBER OF DAYS CLOUDY          8

AVERAGE RH (PERCENT)     61

WEATHER CONDITIONS. NUMBER OF DAYS WITH
THUNDERSTORM              0     MIXED PRECIP               0
HEAVY RAIN                2     RAIN                       5
LIGHT RAIN                9     FREEZING RAIN              1
LT FREEZING RAIN          1     HAIL                       0
HEAVY SNOW                0     SNOW                       1
LIGHT SNOW                4     SLEET                      1
FOG                      15     FOG W/VIS <= 1/4 MILE      1
HAZE                     10

-  INDICATES NEGATIVE NUMBERS.
R  INDICATES RECORD WAS SET OR TIED.
MM INDICATES DATA IS MISSING.
T  INDICATES TRACE AMOUNT.

$$
