000
CXUS53 KLMK 011824
CLMBWG


CLIMATE REPORT
NATIONAL WEATHER SERVICE LOUISVILLE KY
121 PM EST TUE MAR 1 2016

...................................

...THE BOWLING GREEN CLIMATE SUMMARY FOR THE MONTH OF FEBRUARY 2016...

CLIMATE NORMAL PERIOD 1981 TO 2010
CLIMATE RECORD PERIOD 1870 TO 2016

WEATHER         OBSERVED          NORMAL  DEPART  LAST YEAR`S
                 VALUE   DATE(S)  VALUE   FROM    VALUE  DATE(S)
                                          NORMAL
................................................................
TEMPERATURE (F)
RECORD
 HIGH              83   02/28/1918
 LOW              -20   02/02/1951
HIGHEST            73   02/20        MM      MM       65  02/07
                        02/02
LOWEST             16   02/10        MM      MM       -7  02/19
AVG. MAXIMUM     50.9              50.0     0.9     39.0
AVG. MINIMUM     32.0              29.6     2.4     19.6
MEAN             41.4              39.8     1.6     29.3
DAYS MAX >= 90      0               0.0     0.0        0
DAYS MAX <= 32      4               1.8     2.2        9
DAYS MIN <= 32     15              17.4    -2.4       25
DAYS MIN <= 0       0               0.1    -0.1        3

PRECIPITATION (INCHES)
RECORD
 MAXIMUM        11.27   1989
 MINIMUM         0.12   1947
TOTALS           4.77              3.96    0.81     4.00
DAILY AVG.       0.16                MM      MM     0.14
DAYS >= .01        13              10.5     2.5        6
DAYS >= .10         8               6.4     1.6        4
DAYS >= .50         4               2.8     1.2        3
DAYS >= 1.00        1               1.3    -0.3        1
GREATEST
 24 HR. TOTAL    1.48   02/02 TO 02/03

SNOWFALL (INCHES)
RECORDS
 TOTAL           20.0   5
                        0
TOTALS            9.2               3.3     5.9     12.6
SINCE 7/1        24.0               7.8    16.2     16.3
SNOWDEPTH AVG.      0                MM      MM        2
DAYS >= 1.0         3               0.9     2.1        3
GREATEST
 SNOW DEPTH         5   02/15                         10  02/18
 24 HR TOTAL      5.5   02/14 TO 02/14

DEGREE_DAYS
HEATING TOTAL     677               706     -29      990
 SINCE 7/1       2600              3219    -619     3535
COOLING TOTAL       0                 0       0        0
 SINCE 1/1          0                 0       0        0
.................................................................

WIND (MPH)
AVERAGE WIND SPEED              7.7
HIGHEST WIND SPEED/DIRECTION    33/210    DATE  02/19
HIGHEST GUST SPEED/DIRECTION    44/200    DATE  02/19

SKY COVER
POSSIBLE SUNSHINE (PERCENT)   MM
AVERAGE SKY COVER           0.60
NUMBER OF DAYS FAIR            9
NUMBER OF DAYS PC              8
NUMBER OF DAYS CLOUDY         12

AVERAGE RH (PERCENT)     68

WEATHER CONDITIONS. NUMBER OF DAYS WITH
THUNDERSTORM              1     MIXED PRECIP               0
HEAVY RAIN                5     RAIN                       6
LIGHT RAIN               10     FREEZING RAIN              0
LT FREEZING RAIN          2     HAIL                       0
HEAVY SNOW                1     SNOW                       3
LIGHT SNOW                8     SLEET                      0
FOG                      17     FOG W/VIS <= 1/4 MILE      4
HAZE                      2

-  INDICATES NEGATIVE NUMBERS.
R  INDICATES RECORD WAS SET OR TIED.
MM INDICATES DATA IS MISSING.
T  INDICATES TRACE AMOUNT.

$$
