000
CXUS53 KLMK 052226 CCA
CLMBWG

CLIMATE REPORT
NATIONAL WEATHER SERVICE LOUISVILLE KY
611 AM EDT THU MAY 1 2014

...................................

...THE BOWLING GREEN CLIMATE SUMMARY FOR THE MONTH OF APRIL 2014...
...CORRECTED THUNDERSTORM DAYS...

CLIMATE NORMAL PERIOD 1981 TO 2010
CLIMATE RECORD PERIOD 1870 TO 2014

WEATHER         OBSERVED          NORMAL  DEPART  LAST YEAR`S
                 VALUE   DATE(S)  VALUE   FROM    VALUE  DATE(S)
                                          NORMAL
................................................................
TEMPERATURE (F)
RECORD
 HIGH              96   04/24/1925
 LOW               18   04/17/1875
HIGHEST            81   04/13        MM      MM       87  04/17
LOWEST             27   04/16        MM      MM       31  04/03
                                                          04/02
AVG. MAXIMUM     71.5              69.7     1.8     70.2
AVG. MINIMUM     45.8              45.6     0.2     46.5
MEAN             58.7              57.7     1.0     58.4
DAYS MAX >= 90      0               0.1    -0.1        0
DAYS MAX <= 32      0               0.0     0.0        0
DAYS MIN <= 32      1               2.3    -1.3        3
DAYS MIN <= 0       0               0.0     0.0        0

PRECIPITATION (INCHES)
RECORD
 MAXIMUM        11.49   1912
 MINIMUM         0.94   1976
TOTALS           6.57              4.34    2.23     6.70
DAILY AVG.       0.22              0.14    0.08     0.22
DAYS >= .01        13              11.7     1.3        8
DAYS >= .10         9               7.9     1.1        7
DAYS >= .50         6               3.0     3.0        4
DAYS >= 1.00        1               0.9     0.1        2
GREATEST
 24 HR. TOTAL    2.50   04/28 TO 04/28

SNOWFALL (INCHES)
RECORDS
 TOTAL            2.1   5
                        0
TOTALS              T               0.2    -0.2      0.0
SINCE 7/1        10.4               9.1     1.3      3.8
SNOWDEPTH AVG.      0                MM      MM        0
DAYS >= 1.0         0               0.1    -0.1        0
GREATEST
 SNOW DEPTH         0   MM                             0  MM
 24 HR TOTAL        T   04/15 TO 04/15

DEGREE_DAYS
HEATING TOTAL     195               251     -56      246
 SINCE 7/1       4457              3969     488     3818
COOLING TOTAL      14                31     -17       53
 SINCE 1/1         14                36     -22       53
.................................................................

WIND (MPH)
AVERAGE WIND SPEED              8.0
HIGHEST WIND SPEED/DIRECTION    36/180    DATE  04/27
HIGHEST GUST SPEED/DIRECTION    46/190    DATE  04/27

SKY COVER
POSSIBLE SUNSHINE (PERCENT)   MM
AVERAGE SKY COVER           0.30
NUMBER OF DAYS FAIR           17
NUMBER OF DAYS PC              8
NUMBER OF DAYS CLOUDY          5

AVERAGE RH (PERCENT)     62

WEATHER CONDITIONS. NUMBER OF DAYS WITH
THUNDERSTORM              9     MIXED PRECIP               0
HEAVY RAIN                7     RAIN                       9
LIGHT RAIN               16     FREEZING RAIN              0
LT FREEZING RAIN          0     HAIL                       0
HEAVY SNOW                0     SNOW                       0
LIGHT SNOW                1     SLEET                      0
FOG                      12     FOG W/VIS <= 1/4 MILE      1
HAZE                      3

-  INDICATES NEGATIVE NUMBERS.
R  INDICATES RECORD WAS SET OR TIED.
MM INDICATES DATA IS MISSING.
T  INDICATES TRACE AMOUNT.

$$
