000
CXUS53 KLMK 011432
CLMBWG


CLIMATE REPORT
NATIONAL WEATHER SERVICE LOUISVILLE KY
1019 AM EDT SAT AUG 1 2015

...................................

...THE BOWLING GREEN CLIMATE SUMMARY FOR THE MONTH OF JULY 2015...

CLIMATE NORMAL PERIOD 1981 TO 2010
CLIMATE RECORD PERIOD 1870 TO 2015

WEATHER         OBSERVED          NORMAL  DEPART  LAST YEAR`S
                 VALUE   DATE(S)  VALUE   FROM    VALUE  DATE(S)
                                          NORMAL
................................................................
TEMPERATURE (F)
RECORD
 HIGH             113   07/28/1930
 LOW               46   07/23/1947
HIGHEST            95   07/14        MM      MM       96  07/27
LOWEST             65   07/25        MM      MM       53  07/05
AVG. MAXIMUM     89.2              89.4    -0.2     86.7
AVG. MINIMUM     71.5              67.9     3.6     63.4
MEAN             80.3              78.7     1.6     75.0
DAYS MAX >= 90     15              14.9     0.1       12
DAYS MAX <= 32      0               0.0     0.0        0
DAYS MIN <= 32      0               0.0     0.0        0
DAYS MIN <= 0       0               0.0     0.0        0

PRECIPITATION (INCHES)
RECORD
 MAXIMUM        11.05   1938
 MINIMUM         0.17   1901
TOTALS           6.17              4.10    2.07     2.53
DAILY AVG.       0.20              0.13    0.07     0.08
DAYS >= .01        17              10.0     7.0        8
DAYS >= .10        13               6.6     6.4        5
DAYS >= .50         4               2.9     1.1        2
DAYS >= 1.00        2               1.1     0.9        1
GREATEST
 24 HR. TOTAL    1.61   07/01 TO 07/02

SNOWFALL (INCHES)
RECORDS
 TOTAL            0.0   5
                        0
TOTALS            0.0               0.0     0.0      0.0
SINCE 7/1         0.0               0.0     0.0      0.0
SNOWDEPTH AVG.      0                MM      MM        0
DAYS >= 1.0         0               0.0     0.0        0
GREATEST
 SNOW DEPTH         0   MM                             0  MM
 24 HR TOTAL      0.0   07/31 TO 07/31

DEGREE_DAYS
HEATING TOTAL       0                 0       0        0
 SINCE 7/1          0                 0       0        0
COOLING TOTAL     482               423      59      317
 SINCE 1/1       1064               881     183      863
.................................................................

WIND (MPH)
AVERAGE WIND SPEED              5.3
HIGHEST WIND SPEED/DIRECTION    32/280    DATE  07/07
HIGHEST GUST SPEED/DIRECTION    42/280    DATE  07/07

SKY COVER
POSSIBLE SUNSHINE (PERCENT)   MM
AVERAGE SKY COVER           0.30
NUMBER OF DAYS FAIR           21
NUMBER OF DAYS PC              9
NUMBER OF DAYS CLOUDY          1

AVERAGE RH (PERCENT)     72

WEATHER CONDITIONS. NUMBER OF DAYS WITH
THUNDERSTORM             15     MIXED PRECIP               0
HEAVY RAIN               12     RAIN                       9
LIGHT RAIN               18     FREEZING RAIN              0
LT FREEZING RAIN          0     HAIL                       0
HEAVY SNOW                0     SNOW                       0
LIGHT SNOW                0     SLEET                      0
FOG                      23     FOG W/VIS <= 1/4 MILE      5
HAZE                     11

-  INDICATES NEGATIVE NUMBERS.
R  INDICATES RECORD WAS SET OR TIED.
MM INDICATES DATA IS MISSING.
T  INDICATES TRACE AMOUNT.

$$
