000
CXUS53 KLMK 011636
CLMBWG


CLIMATE REPORT
NATIONAL WEATHER SERVICE LOUISVILLE KY
1127 AM EST THU FEB 1 2018

...................................

...THE BOWLING GREEN CLIMATE SUMMARY FOR THE MONTH OF JANUARY 2018...

CLIMATE NORMAL PERIOD 1981 TO 2010
CLIMATE RECORD PERIOD 1870 TO 2018

WEATHER         OBSERVED          NORMAL  DEPART  LAST YEAR`S
                 VALUE   DATE(S)  VALUE   FROM    VALUE  DATE(S)
                                          NORMAL
................................................................
TEMPERATURE (F)
RECORD
 HIGH              78   01/24/1943
 LOW              -26   01/12/1886
HIGHEST            68   01/11        MM      MM       71  01/12
LOWEST              2   01/02        MM      MM        9  01/08
AVG. MAXIMUM     42.7              45.0    -2.3     51.9
AVG. MINIMUM     23.2              26.4    -3.2     36.4
MEAN             33.0              35.7    -2.7     44.2
DAYS MAX >= 90      0               0.0     0.0        0
DAYS MAX <= 32     10               4.5     5.5        4
DAYS MIN <= 32     21              21.6    -0.6       10
DAYS MIN <= 0       0               0.5    -0.5        0

PRECIPITATION (INCHES)
RECORD
 MAXIMUM        20.70   1937
 MINIMUM         0.72   1893
TOTALS           2.28              3.61   -1.33     4.16
DAILY AVG.       0.07              0.12   -0.05     0.13
DAYS >= .01        10              10.4    -0.4       15
DAYS >= .10         5               6.4    -1.4       10
DAYS >= .50         1               2.5    -1.5        2
DAYS >= 1.00        0               0.9    -0.9        1
GREATEST
 24 HR. TOTAL    0.80   01/27 TO 01/28

SNOWFALL (INCHES)
RECORDS
 TOTAL           21.5   5
                        0
TOTALS            8.2               3.3     4.9      0.7
SINCE 7/1         8.2               4.5     3.7      0.7
SNOWDEPTH AVG.      1                MM      MM        0
DAYS >= 1.0         3               1.2     1.8        0
GREATEST
 SNOW DEPTH         6   01/17                          1  01/06
 24 HR TOTAL      3.2   01/12 TO 01/12

DEGREE_DAYS
HEATING TOTAL     987               908      79      640
 SINCE 7/1       2525              2492      33     1921
COOLING TOTAL       0                 0       0        0
 SINCE 1/1          0                 0       0        0
.................................................................

WIND (MPH)
AVERAGE WIND SPEED              6.7
HIGHEST WIND SPEED/DIRECTION    25/220    DATE  01/22
HIGHEST GUST SPEED/DIRECTION    36/250    DATE  01/22

SKY COVER
POSSIBLE SUNSHINE (PERCENT)   MM
AVERAGE SKY COVER           0.50
NUMBER OF DAYS FAIR           11
NUMBER OF DAYS PC             10
NUMBER OF DAYS CLOUDY         10

AVERAGE RH (PERCENT)     67

WEATHER CONDITIONS. NUMBER OF DAYS WITH
THUNDERSTORM              1     MIXED PRECIP               0
HEAVY RAIN                1     RAIN                       4
LIGHT RAIN                8     FREEZING RAIN              0
LT FREEZING RAIN          2     HAIL                       0
HEAVY SNOW                0     SNOW                       1
LIGHT SNOW                8     SLEET                      0
FOG                      17     FOG W/VIS <= 1/4 MILE      3
HAZE                      5

-  INDICATES NEGATIVE NUMBERS.
R  INDICATES RECORD WAS SET OR TIED.
MM INDICATES DATA IS MISSING.
T  INDICATES TRACE AMOUNT.

$$
