000
CXUS53 KLMK 011333
CLMBWG


CLIMATE REPORT
NATIONAL WEATHER SERVICE LOUISVILLE KY
832 AM EST MON DEC 1 2014

...................................

...THE BOWLING GREEN CLIMATE SUMMARY FOR THE MONTH OF NOVEMBER 2014...

CLIMATE NORMAL PERIOD 1981 TO 2010
CLIMATE RECORD PERIOD 1870 TO 2014

WEATHER         OBSERVED          NORMAL  DEPART  LAST YEAR`S
                 VALUE   DATE(S)  VALUE   FROM    VALUE  DATE(S)
                                          NORMAL
................................................................
TEMPERATURE (F)
RECORD
 HIGH              88   11/12/1909
 LOW               -7   11/25/1950
HIGHEST            69   11/30        MM      MM       71  11/06
                        11/04
LOWEST             16   11/18        MM      MM       14  11/28
AVG. MAXIMUM     51.9              59.4    -7.5     55.4
AVG. MINIMUM     32.3              37.5    -5.2     32.1
MEAN             42.1              48.4    -6.3     43.8
DAYS MAX >= 90      0               0.0     0.0        0
DAYS MAX <= 32      1               0.0     1.0        0
DAYS MIN <= 32     14               9.6     4.4       17
DAYS MIN <= 0       0               0.0     0.0        0

PRECIPITATION (INCHES)
RECORD
 MAXIMUM        10.53   1900
 MINIMUM         0.32   1912
TOTALS           2.52              4.22   -1.70     2.82
DAILY AVG.       0.08              0.14   -0.06     0.09
DAYS >= .01        10               9.9     0.1       10
DAYS >= .10         5               6.9    -1.9        5
DAYS >= .50         2               3.0    -1.0        2
DAYS >= 1.00        0               1.1    -1.1        1
GREATEST
 24 HR. TOTAL    0.92   11/16 TO 11/17

SNOWFALL (INCHES)
RECORDS
 TOTAL            3.0   5
                        0
TOTALS            0.3               0.0     0.3      1.1
SINCE 7/1         0.3                 T     0.3      1.1
SNOWDEPTH AVG.      0                MM      MM        0
DAYS >= 1.0         0               0.0     0.0        1
GREATEST
 SNOW DEPTH         0   MM                            -1  11/26
 24 HR TOTAL      0.3   11/17 TO 11/17

DEGREE_DAYS
HEATING TOTAL     679               500     179      630
 SINCE 7/1        897               763     134      880
COOLING TOTAL       0                 3      -3        0
 SINCE 1/1       1488              1491      -3     1499
.................................................................

WIND (MPH)
AVERAGE WIND SPEED              7.0
HIGHEST WIND SPEED/DIRECTION    29/240    DATE  11/24
HIGHEST GUST SPEED/DIRECTION    38/250    DATE  11/24

SKY COVER
POSSIBLE SUNSHINE (PERCENT)   MM
AVERAGE SKY COVER           0.50
NUMBER OF DAYS FAIR           16
NUMBER OF DAYS PC              6
NUMBER OF DAYS CLOUDY          8

AVERAGE RH (PERCENT)     62

WEATHER CONDITIONS. NUMBER OF DAYS WITH
THUNDERSTORM              0     MIXED PRECIP               0
HEAVY RAIN                3     RAIN                       4
LIGHT RAIN               12     FREEZING RAIN              0
LT FREEZING RAIN          0     HAIL                       0
HEAVY SNOW                0     SNOW                       0
LIGHT SNOW                4     SLEET                      0
FOG                      11     FOG W/VIS <= 1/4 MILE      0
HAZE                      6

-  INDICATES NEGATIVE NUMBERS.
R  INDICATES RECORD WAS SET OR TIED.
MM INDICATES DATA IS MISSING.
T  INDICATES TRACE AMOUNT.

$$
