000
CXUS51 KLWX 010815
CF6BWI
PRELIMINARY LOCAL CLIMATOLOGICAL DATA (WS FORM: F-6)
STATION: BALTIMORE MD
MONTH: APRIL
YEAR: 2023
LATITUDE: 39 10 N
LONGITUDE: 76 40 W
TEMPERATURE IN F: :PCPN: SNOW: WIND :SUNSHINE: SKY :PK WND
================================================================================
1 2 3 4 5 6A 6B 7 8 9 10 11 12 13 14 15 16 17 18
12Z AVG MX 2MIN
DY MAX MIN AVG DEP HDD CDD WTR SNW DPTH SPD SPD DIR MIN PSBL S-S WX SPD DR
================================================================================
1 77 49 63 13 2 0 0.39 0.0 0 15.6 43 300 M M 8 135 63 280
2 57 38 48 -2 17 0 0.00 0.0 0 11.4 32 290 M M 3 45 280
3 71 33 52 2 13 0 0.00 0.0 0 5.8 21 120 M M 5 27 180
4 80 49 65 14 0 0 0.00 0.0 0 5.5 16 120 M M 3 22 200
5 84 56 70 19 0 5 0.00 0.0 0 7.5 20 120 M M 8 128 28 130
6 87 59 73 21 0 8 0.20 0.0 0 6.5 25 300 M M 8 13 32 310
7 59 48 54 2 11 0 T 0.0 0 6.2 15 350 M M 10 25 360
8 53 43 48 -4 17 0 0.00 0.0 0 6.9 16 50 M M 9 23 40
9 61 33 47 -6 18 0 0.00 0.0 0 3.8 13 100 M M 2 19 50
10 67 34 51 -2 14 0 0.00 0.0 0 3.2 15 120 M M 0 21 150
11 78 44 61 7 4 0 0.00 0.0 0 7.3 22 280 M M 3 27 290
12 85 56 71 17 0 6 0.00 0.0 0 10.2 25 280 M M 4 33 300
13 89 56 73 19 0 8 0.00 0.0 0 6.6 16 230 M M 0 24 240
14 86 58 72 17 0 7 T 0.0 0 5.2 14 130 M M 7 19 120
15 76 64 70 15 0 5 0.44 0.0 0 4.6 15 330 M M 8 123 19 340
16 80 59 70 15 0 5 0.00 0.0 0 4.8 15 110 M M 8 1 21 110
17 71 54 63 7 2 0 T 0.0 0 11.2 23 300 M M 7 31 220
18 72 46 59 3 6 0 0.00 0.0 0 11.5 29 260 M M 3 45 270
19 75 37 56 0 9 0 0.00 0.0 0 5.3 18 270 M M 2 27 270
20 81 48 65 8 0 0 0.00 0.0 0 5.1 13 110 M M 4 18 60
21 84 55 70 13 0 5 0.00 0.0 0 6.9 14 130 M M 4 18 22 140
22 77 57 67 10 0 2 0.86 0.0 0 7.7 32 250 M M 8 135 43 250
23 65 45 55 -3 10 0 T 0.0 0 8.7 17 310 M M 6 25 280
24 61 40 51 -7 14 0 0.00 0.0 0 7.0 16 290 M M 5 24 320
25 61 37 49 -9 16 0 0.00 0.0 0 4.6 16 270 M M 5 27 290
26 66 39 53 -6 12 0 0.06 0.0 0 4.9 16 120 M M 6 1 23 130
27 67 52 60 1 5 0 T 0.0 0 8.4 17 100 M M 8 1 24 90
28 57 53 55 -4 10 0 1.82 0.0 0 17.1 28 60 M M 10 1 38 50
29 69 53 61 1 4 0 0.02 0.0 0 5.6 18 70 M M 9 1 29 80
30 63 52 58 -2 7 0 0.33 0.0 0 8.6 31 300 M M 10 1 41 300
================================================================================
SM 2159 1447 191 51 4.12 0.0 223.7 M 173
================================================================================
AV 72.0 48.2 7.5 FASTST M M 6 MAX(MPH)
MISC ----> 43 300 63 280
================================================================================
NOTES:
# LAST OF SEVERAL OCCURRENCES
COLUMN 17 PEAK WIND IN M.P.H.
PRELIMINARY LOCAL CLIMATOLOGICAL DATA (WS FORM: F-6) , PAGE 2
STATION: BALTIMORE MD
MONTH: APRIL
YEAR: 2023
LATITUDE: 39 10 N
LONGITUDE: 76 40 W
[TEMPERATURE DATA] [PRECIPITATION DATA] SYMBOLS USED IN COLUMN 16
AVERAGE MONTHLY: 60.1 TOTAL FOR MONTH: 4.12 1 = FOG OR MIST
DPTR FM NORMAL: 5.1 DPTR FM NORMAL: 0.73 2 = FOG REDUCING VISIBILITY
HIGHEST: 89 ON 13 GRTST 24HR 1.84 ON 28-29 TO 1/4 MILE OR LESS
LOWEST: 33 ON 9, 3 3 = THUNDER
SNOW, ICE PELLETS, HAIL 4 = ICE PELLETS
TOTAL MONTH: 0.0 INCH 5 = HAIL
GRTST 24HR 0.0 6 = FREEZING RAIN OR DRIZZLE
GRTST DEPTH: 0 7 = DUSTSTORM OR SANDSTORM:
VSBY 1/2 MILE OR LESS
8 = SMOKE OR HAZE
[NO. OF DAYS WITH] [WEATHER - DAYS WITH] 9 = BLOWING SNOW
X = TORNADO
MAX 32 OR BELOW: 0 0.01 INCH OR MORE: 8
MAX 90 OR ABOVE: 0 0.10 INCH OR MORE: 6
MIN 32 OR BELOW: 0 0.50 INCH OR MORE: 2
MIN 0 OR BELOW: 0 1.00 INCH OR MORE: 1
[HDD (BASE 65) ]
TOTAL THIS MO. 191 CLEAR (SCALE 0-3) 7
DPTR FM NORMAL -127 PTCLDY (SCALE 4-7) 17
TOTAL FM JUL 1 3554 CLOUDY (SCALE 8-10) 6
DPTR FM NORMAL -811
[CDD (BASE 65) ]
TOTAL THIS MO. 51
DPTR FM NORMAL 32 [PRESSURE DATA]
TOTAL FM JAN 1 52 HIGHEST SLP 30.54 ON 8
DPTR FM NORMAL 31 LOWEST SLP 29.16 ON 30
[REMARKS]
#FINAL-04-23#