000
CXUS55 KRIW 011010
CF6BYG
PRELIMINARY LOCAL CLIMATOLOGICAL DATA (WS FORM: F-6)
STATION: BUFFALO WY
MONTH: JUNE
YEAR: 2021
LATITUDE: 44 22 N
LONGITUDE: 106 43 W
TEMPERATURE IN F: :PCPN: SNOW: WIND :SUNSHINE: SKY :PK WND
================================================================================
1 2 3 4 5 6A 6B 7 8 9 10 11 12 13 14 15 16 17 18
12Z AVG MX 2MIN
DY MAX MIN AVG DEP HDD CDD WTR SNW DPTH SPD SPD DIR MIN PSBL S-S WX SPD DR
================================================================================
1 76 49 63 6 2 0 T M M 11.3 21 340 M M 1 3 29 360
2 82 51 67 10 0 2 0.00 M M 7.0 15 350 M M 0 22 350
3 90 57 74 16 0 9 0.00 M M 6.0 12 250 M M 0 18 350
4 98 63 81 23 0 16 T M M 9.3 35 350 M M 0 49 360
5 94 63 79 21 0 14 0.00 M M 10.7 26 200 M M 0 37 210
6 79 55 67 8 0 2 0.00 M M 9.7 30 330 M M 0 45 320
7 80 55 68 9 0 3 0.02 M M 10.8 24 180 M M 0 3 33 340
8 95 54 75 16 0 10 0.00 M M 13.3 40 350 M M 0 58 350
9 93 54 74 14 0 9 0.00 M M 12.5 28 160 M M 0 40 170
10 95 53 74 14 0 9 0.00 M M 21.3 44 340 M M 0 63 340
11 74 40 57 -3 8 0 0.00 M M 5.2 23 320 M M 0 32 330
12 89 46 68 8 0 3 0.00 M M 7.0 14 310 M M 0 18 160
13 90 55 73 12 0 8 0.00 M M 7.0 18 330 M M 0 28 320
14 97 62 80 19 0 15 0.00 M M 11.6 23 100 M M 0 35 110
15 104 61 83 21 0 18 0.00 M M 11.8 24 220 M M 0 36 230
16 86 63 75 13 0 10 0.00 M M 9.9 33 350 M M 0 47 340
17 82 59 71 9 0 6 0.00 M M 11.6 26 360 M M 0 36 360
18 85 55 70 7 0 5 0.00 M M 7.2 15 360 M M 0 22 350
19 87 60 74 11 0 9 T M M 15.1 30 320 M M 0 44 320
20 66 52 59 -4 6 0 0.09 M M 14.7 29 340 M M 9 1 39 350
21 77 44 61 -3 4 0 0.00 M M 5.8 14 120 M M 2 19 140
22 89 54 72 8 0 7 0.00 M M 8.0 15 250 M M 0 22 340
23 92 63 78 14 0 13 0.00 M M 11.2 31 340 M M 1 42 340
24 85 57 71 6 0 6 0.13 M M 8.3 21 150 M M 3 29 300
25 74 57 66 1 0 1 0.05 M M 9.6 22 320 M M 8 30 320
26 72 52 62 -4 3 0 0.10 M M 12.2 38 340 M M 7 3 48 350
27 74 56 65 -1 0 0 0.26 M M 12.7 31 360 M M 7 3 48 360
28 79 55 67 1 0 2 0.00 M M 8.5 20 350 M M 3 26 350
29 84 55 70 3 0 5 0.00 M M 6.2 17 190 M M 0 22 190
30 87 59 73 6 0 8 0.00 M M 7.7 14 180 M M 0 18 140
================================================================================
SM 2555 1659 23 190 0.65 M 303.2 M 41
================================================================================
AV 85.2 55.3 10.1 FASTST M M 1 MAX(MPH)
MISC ----> 44 340 63 340
================================================================================
NOTES:
# LAST OF SEVERAL OCCURRENCES
COLUMN 17 PEAK WIND IN M.P.H.
PRELIMINARY LOCAL CLIMATOLOGICAL DATA (WS FORM: F-6) , PAGE 2
STATION: BUFFALO WY
MONTH: JUNE
YEAR: 2021
LATITUDE: 44 22 N
LONGITUDE: 106 43 W
[TEMPERATURE DATA] [PRECIPITATION DATA] SYMBOLS USED IN COLUMN 16
AVERAGE MONTHLY: 70.2 TOTAL FOR MONTH: 0.65 1 = FOG OR MIST
DPTR FM NORMAL: 8.3 DPTR FM NORMAL: -1.42 2 = FOG REDUCING VISIBILITY
HIGHEST: 104 ON 15 GRTST 24HR 0.26 ON 26-27 TO 1/4 MILE OR LESS
LOWEST: 40 ON 11 3 = THUNDER
SNOW, ICE PELLETS, HAIL 4 = ICE PELLETS
TOTAL MONTH: M 5 = HAIL
GRTST 24HR M ON M 6 = FREEZING RAIN OR DRIZZLE
GRTST DEPTH: M ON M 7 = DUSTSTORM OR SANDSTORM:
VSBY 1/2 MILE OR LESS
8 = SMOKE OR HAZE
[NO. OF DAYS WITH] [WEATHER - DAYS WITH] 9 = BLOWING SNOW
X = TORNADO
MAX 32 OR BELOW: 0 0.01 INCH OR MORE: 6
MAX 90 OR ABOVE: 10 0.10 INCH OR MORE: 3
MIN 32 OR BELOW: 0 0.50 INCH OR MORE: 0
MIN 0 OR BELOW: 0 1.00 INCH OR MORE: 0
[HDD (BASE 65) ]
TOTAL THIS MO. 23 CLEAR (SCALE 0-3) 25
DPTR FM NORMAL -127 PTCLDY (SCALE 4-7) 4
TOTAL FM JUL 1 6997 CLOUDY (SCALE 8-10) 1
DPTR FM NORMAL -289
[CDD (BASE 65) ]
TOTAL THIS MO. 190
DPTR FM NORMAL 133 [PRESSURE DATA]
TOTAL FM JAN 1 190 HIGHEST SLP 30.18 ON 28
DPTR FM NORMAL 126 LOWEST SLP 29.38 ON 5
[REMARKS]
#FINAL-06-21#