645
CXUS54 KHGX 011515
CF6BYY
PRELIMINARY LOCAL CLIMATOLOGICAL DATA (WS FORM: F-6)
STATION: Bay City
MONTH: JULY
YEAR: 2020
LATITUDE: 28 58 N
LONGITUDE: 95 52 W
TEMPERATURE IN F: :PCPN: SNOW: WIND :SUNSHINE: SKY :PK WND
================================================================================
1 2 3 4 5 6A 6B 7 8 9 10 11 12 13 14 15 16 17 18
12Z AVG MX 2MIN
DY MAX MIN AVG DEP HDD CDD WTR SNW DPTH SPD SPD DIR MIN PSBL S-S WX SPD DR
================================================================================
1 92 82 87 M 0 22 0.00 0.0 0 10.6 16 180 M M 7 21 180
2 94 79 87 M 0 22 0.00 0.0 0 7.2 13 210 M M 3 18 M M
3 96 77 87 M 0 22 0.00 0.0 0 2.9 10 160 M M 2 M M
4 95 73 84 M 0 19 0.00 0.0 0 3.9 10 190 M M 2 1 M M
5 93 77 85 M 0 20 0.00 0.0 0 7.0 16 220 M M 2 20 200
6 94 81 88 M 0 23 0.00 0.0 0 9.0 15 210 M M 4 20 210
7 93 82 88 M 0 23 0.00 0.0 0 8.5 17 180 M M 5 20 200
8 93 82 88 M 0 23 0.00 0.0 0 10.6 16 170 M M 5 22 190
9 93 80 87 M 0 22 0.00 0.0 0 9.2 16 170 M M 5 22 170
10 96 79 88 M 0 23 0.00 0.0 0 5.9 12 160 M M 4 16 160
11 96 79 88 M 0 23 0.00 0.0 0 5.1 12 190 M M 2 1 17 180
12 96 75 86 M 0 21 0.00 0.0 0 4.7 12 210 M M 3 1 17 210
13 96 78 87 M 0 22 0.00 0.0 0 7.6 14 170 M M 3 18 230
14 91 77 84 M 0 19 0.00 0.0 0 9.2 16 180 M M 5 20 180
15 92 77 85 M 0 20 0.00 0.0 0 8.1 15 180 M M 3 21 180
16 93 75 84 M 0 19 0.00 0.0 0 4.8 14 160 M M 3 1 16 160
17 85 74 80 M 0 15 0.07 0.0 0 3.7 14 160 M M 4 1 20 160
18 91 72 82 M 0 17 0.02 0.0 0 4.0 12 150 M M 2 16 100
19 91 73 82 M 0 17 0.04 0.0 0 4.4 14 120 M M 2 18 120
20 86 74 80 M 0 15 0.05 0.0 0 6.5 14 70 M M 3 18 70
21 89 76 83 M 0 18 0.82 0.0 0 4.9 8 140 M M 6 M M
22 89 76 83 M 0 18 0.34 0.0 0 2.8 13 150 M M 4 M M
23 92 75 84 M 0 19 0.01 0.0 0 4.9 12 70 M M 3 1 17 60
24 90 77 84 M 0 19 0.18 0.0 0 9.4 17 60 M M 6 24 60
25 81 75 78 M 0 13 1.55 0.0 0 9.7 15 80 M M 7 27 110
26 88 77 83 M 0 18 0.06 0.0 0 10.0 16 110 M M 6 22 110
27 89 75 82 M 0 17 0.00 0.0 0 3.9 14 70 M M 3 M M
28 86 74 80 M 0 15 1.53 0.0 0 2.3 13 280 M M 4 M M
29 87 73 80 M 0 15 0.32 0.0 0 4.7 21 190 M M 4 24 190
30 89 77 83 M 0 18 0.00 0.0 0 7.6 14 170 M M 3 18 170
31 91 77 84 M 0 19 0.00 0.0 0 6.5 14 170 M M 3 18 210
================================================================================
SM 2827 2378 0 596 4.99 0.0 199.6 M 118
================================================================================
AV 91.2 76.7 6.4 FASTST M M 4 MAX(MPH)
MISC ----> # 21 190 # 27 110
================================================================================
NOTES:
# LAST OF SEVERAL OCCURRENCES
COLUMN 17 PEAK WIND IN M.P.H.
PRELIMINARY LOCAL CLIMATOLOGICAL DATA (WS FORM: F-6) , PAGE 2
STATION: Bay City
MONTH: JULY
YEAR: 2020
LATITUDE: 28 58 N
LONGITUDE: 95 52 W
[TEMPERATURE DATA] [PRECIPITATION DATA] SYMBOLS USED IN COLUMN 16
AVERAGE MONTHLY: 84.0 TOTAL FOR MONTH: 4.99 1 = FOG OR MIST
DPTR FM NORMAL: M DPTR FM NORMAL: M 2 = FOG REDUCING VISIBILITY
HIGHEST: 96 ON 13,12 GRTST 24HR 1.55 ON 25-25 TO 1/4 MILE OR LESS
LOWEST: 72 ON 18 3 = THUNDER
SNOW, ICE PELLETS, HAIL 4 = ICE PELLETS
TOTAL MONTH: 0.0 INCH 5 = HAIL
GRTST 24HR 0.0 6 = FREEZING RAIN OR DRIZZLE
GRTST DEPTH: 0 7 = DUSTSTORM OR SANDSTORM:
VSBY 1/2 MILE OR LESS
8 = SMOKE OR HAZE
[NO. OF DAYS WITH] [WEATHER - DAYS WITH] 9 = BLOWING SNOW
X = TORNADO
MAX 32 OR BELOW: 0 0.01 INCH OR MORE: 12
MAX 90 OR ABOVE: 21 0.10 INCH OR MORE: 6
MIN 32 OR BELOW: 0 0.50 INCH OR MORE: 3
MIN 0 OR BELOW: 0 1.00 INCH OR MORE: 2
[HDD (BASE 65) ]
TOTAL THIS MO. 0 CLEAR (SCALE 0-3) 13
DPTR FM NORMAL M PTCLDY (SCALE 4-7) 18
TOTAL FM JUL 1 0 CLOUDY (SCALE 8-10) 0
DPTR FM NORMAL M
[CDD (BASE 65) ]
TOTAL THIS MO. 596
DPTR FM NORMAL M [PRESSURE DATA]
TOTAL FM JAN 1 2147 HIGHEST SLP M ON M
DPTR FM NORMAL M LOWEST SLP M ON M
[REMARKS]
#FINAL-07-20#