000
CXUS54 KHGX 012238
CF6BYY
PRELIMINARY LOCAL CLIMATOLOGICAL DATA (WS FORM: F-6)
STATION: Bay City
MONTH: AUGUST
YEAR: 2023
LATITUDE: 28 58 N
LONGITUDE: 95 52 W
TEMPERATURE IN F: :PCPN: SNOW: WIND :SUNSHINE: SKY :PK WND
================================================================================
1 2 3 4 5 6A 6B 7 8 9 10 11 12 13 14 15 16 17 18
12Z AVG MX 2MIN
DY MAX MIN AVG DEP HDD CDD WTR SNW DPTH SPD SPD DIR MIN PSBL S-S WX SPD DR
================================================================================
1 104 75 90 M 0 25 0.00 0.0 0 3.6 14 170 M M 2 18 150
2 102 73 88 M 0 23 0.00 0.0 0 4.5 15 160 M M 3 12 20 180
3 100 77 89 M 0 24 0.00 0.0 0 5.9 15 190 M M 2 20 160
4 101 79 90 M 0 25 0.00 0.0 0 7.4 15 200 M M 2 21 230
5 100 78 89 M 0 24 0.00 0.0 0 7.3 16 190 M M 2 18 190
6 100 80 90 M 0 25 0.00 0.0 0 8.6 16 200 M M 2 20 200
7 100 81 91 M 0 26 0.00 0.0 0 10.0 20 210 M M 3 25 190
8 101 79 90 M 0 25 0.00 0.0 0 9.1 15 160 M M 2 21 240
9 98 82 90 M 0 25 0.00 0.0 0 12.8 18 190 M M 6 25 180
10 99 80 90 M 0 25 0.00 0.0 0 11.7 18 190 M M 4 25 190
11 99 80 90 M 0 25 M 0.0 M 9.9 16 190 M M 4 24 200
12 100 81 91 M 0 26 M 0.0 M 9.8 16 200 M M 5 23 200
13 100 77 89 M 0 24 M 0.0 M 6.8 16 190 M M 4 1 22 190
14 102 76 89 M 0 24 M 0.0 M 5.9 13 170 M M 3 1 21 200
15 107 78 93 M 0 28 0.04 0.0 0 5.7 15 130 M M 2 20 40
16 105 76 91 M 0 26 M 0.0 0 6.9 16 140 M M 0 23 320
17 102 72 87 M 0 22 M 0.0 0 5.8 17 200 M M 1 8 23 200
18 102 76 89 M 0 24 0.00 0.0 0 6.2 15 200 M M 2 21 200
19 103 74 89 M 0 24 0.00 0.0 0 4.6 14 180 M M 3 12 20 160
20 107 76 92 M 0 27 0.00 0.0 0 4.8 14 170 M M 2 1 18 170
21 99 76 88 M 0 23 0.00 0.0 0 5.8 14 90 M M 1 20 90
22 94 80 87 M 0 22 0.12 0.0 0 12.3 27 100 M M 3 40 110
23 101 77 89 M 0 24 0.00 0.0 0 6.4 15 140 M M 1 20 160
24 107 77 92 M 0 27 0.00 0.0 0 5.3 15 180 M M 3 8 21 180
25 104 75 90 M 0 25 0.00 0.0 0 4.9 16 130 M M 1 23 90
26 103 75 89 M 0 24 0.00 0.0 0 3.8 14 160 M M 2 1 18 170
27 112 74 93 M 0 28 0.00 0.0 0 6.3 21 10 M M 1 1 28 160
28 103 77 90 M 0 25 0.00 0.0 0 4.7 12 130 M M 2 18 50
29 101 76 89 M 0 24 0.00 0.0 0 6.3 16 30 M M 2 25 40
30 103 68 86 M 0 21 0.00 0.0 0 5.8 15 30 M M 1 22 20
31 102 71 87 M 0 22 0.00 0.0 0 4.8 16 150 M M 2 8 22 150
================================================================================
SM 3161 2376 0 762 0.16 0.0 213.7 M 73
================================================================================
AV102.0 76.6 6.9 FASTST M M 2 MAX(MPH)
MISC ----> 27 100 40 110
================================================================================
NOTES:
# LAST OF SEVERAL OCCURRENCES
COLUMN 17 PEAK WIND IN M.P.H.
PRELIMINARY LOCAL CLIMATOLOGICAL DATA (WS FORM: F-6) , PAGE 2
STATION: Bay City
MONTH: AUGUST
YEAR: 2023
LATITUDE: 28 58 N
LONGITUDE: 95 52 W
[TEMPERATURE DATA] [PRECIPITATION DATA] SYMBOLS USED IN COLUMN 16
AVERAGE MONTHLY: 89.3 TOTAL FOR MONTH: 0.16 1 = FOG OR MIST
DPTR FM NORMAL: 0.0 DPTR FM NORMAL: M 2 = FOG REDUCING VISIBILITY
HIGHEST: 112 ON 27 GRTST 24HR 0.12 ON 22-22 TO 1/4 MILE OR LESS
LOWEST: 68 ON 30 3 = THUNDER
SNOW, ICE PELLETS, HAIL 4 = ICE PELLETS
TOTAL MONTH: 0.0 INCH 5 = HAIL
GRTST 24HR 0.0 6 = FREEZING RAIN OR DRIZZLE
GRTST DEPTH: 0 7 = DUSTSTORM OR SANDSTORM:
VSBY 1/2 MILE OR LESS
8 = SMOKE OR HAZE
[NO. OF DAYS WITH] [WEATHER - DAYS WITH] 9 = BLOWING SNOW
X = TORNADO
MAX 32 OR BELOW: 0 0.01 INCH OR MORE: 2
MAX 90 OR ABOVE: 31 0.10 INCH OR MORE: 1
MIN 32 OR BELOW: 0 0.50 INCH OR MORE: 0
MIN 0 OR BELOW: 0 1.00 INCH OR MORE: 0
[HDD (BASE 65) ]
TOTAL THIS MO. 0 CLEAR (SCALE 0-3) 25
DPTR FM NORMAL M PTCLDY (SCALE 4-7) 6
TOTAL FM JUL 1 0 CLOUDY (SCALE 8-10) 0
DPTR FM NORMAL M
[CDD (BASE 65) ]
TOTAL THIS MO. 762
DPTR FM NORMAL M [PRESSURE DATA]
TOTAL FM JAN 1 2736 HIGHEST SLP M ON M
DPTR FM NORMAL M LOWEST SLP M ON M
[REMARKS]
#FINAL-08-23#