718
CXUS56 KTFX 011210
CF6BZN
PRELIMINARY LOCAL CLIMATOLOGICAL DATA (WS FORM: F-6)
STATION: BOZEMAN/GALLATIN FIELD MT
MONTH: OCTOBER
YEAR: 2020
LATITUDE: 45 46 N
LONGITUDE: 111 9 W
TEMPERATURE IN F: :PCPN: SNOW: WIND :SUNSHINE: SKY :PK WND
================================================================================
1 2 3 4 5 6A 6B 7 8 9 10 11 12 13 14 15 16 17 18
12Z AVG MX 2MIN
DY MAX MIN AVG DEP HDD CDD WTR SNW DPTH SPD SPD DIR MIN PSBL S-S WX SPD DR
================================================================================
1 73 31 52 1 13 0 0.00 0.0 0 2.6 10 170 M M 0 11 160
2 75 35 55 4 10 0 0.00 0.0 0 4.0 10 180 M M 0 14 160
3 74 34 54 3 11 0 0.00 0.0 0 3.9 12 180 M M 0 14 180
4 82 35 59 9 6 0 0.00 0.0 0 6.2 21 260 M M 0 27 280
5 76 38 57 7 8 0 0.00 0.0 0 5.2 14 150 M M 1 15 150
6 82 34 58 8 7 0 0.00 0.0 0 5.5 17 270 M M 0 24 270
7 80 36 58 9 7 0 0.00 0.0 0 3.3 10 130 M M 0 12 150
8 80 35 58 9 7 0 0.00 0.0 0 5.0 16 260 M M 0 8 21 250
9 75 33 54 6 11 0 0.00 0.0 0 4.9 14 150 M M 0 8 15 170
10 78 32 55 7 10 0 0.17 0.0 0 10.3 31 220 M M 2 18 42 220
11 53 36 45 -3 20 0 T 0.0 0 11.2 30 260 M M 6 39 270
12 64 36 50 3 15 0 T 0.0 0 17.7 39 280 M M 5 49 270
13 64 30 47 0 18 0 0.09 0.0 0 11.6 33 300 M M 6 43 270
14 52 34 43 -4 22 0 0.01 0.0 0 12.4 31 300 M M 4 8 39 300
15 50 25 38 -8 27 0 T T 0 8.2 26 280 M M 6 37 310
16 64 23 44 -2 21 0 T 0.0 0 11.5 31 240 M M 9 40 230
17 54 25 40 -6 25 0 0.31 2.5 0 6.8 22 350 M M 10 12 25 350
18 32 25 29 -16 36 0 0.09 1.3 1 2.6 12 360 M M 10 1 12 360
19 50 31 41 -4 24 0 0.06 0.0 1 3.9 9 140 M M 10 1 26 100
20 52 38 45 1 20 0 0.04 0.0 0 5.3 13 270 M M 4 1 16 310
21 43 24 34 -10 31 0 0.07 0.4 0 8.0 25 310 M M 10 1 31 330
22 27 15 21 -23 44 0 T 0.3 1 6.9 23 340 M M 7 1 27 340
23 28 10 19 -24 46 0 0.14 2.2 1 3.7 18 350 M M 5 1 23 360
24 23 4 14 -29 51 0 0.13 3.3 4 6.9 18 350 M M 9 18 22 360
25 13 -14 0 -43 65 0 0.00 0.0 5 3.6 10 60 M M 3 16 70
26 19 -20 0 -42 65 0 0.00 0.0 5 1.6 7 150 M M 5 128 8 180
27 39 19 29 -13 36 0 0.00 0.0 5 3.4 10 20 M M 4 10 20
28 46 18 32 -9 33 0 0.00 0.0 4 4.0 10 200 M M 2 11 200
29 59 26 43 2 22 0 0.00 0.0 3 3.6 10 150 M M 0 13 340
30 66 24 45 4 20 0 0.00 0.0 0 8.0 31 360 M M 1 40 10
31 52 26 39 -1 26 0 0.00 0.0 0 5.7 14 290 M M 1 19 270
================================================================================
SM 1725 778 757 0 1.11 10.0 197.5 M 120
================================================================================
AV 55.6 25.1 6.4 FASTST M M 4 MAX(MPH)
MISC ----> 39 280 49 270
================================================================================
NOTES:
# LAST OF SEVERAL OCCURRENCES
COLUMN 17 PEAK WIND IN M.P.H.
PRELIMINARY LOCAL CLIMATOLOGICAL DATA (WS FORM: F-6) , PAGE 2
STATION: BOZEMAN/GALLATIN FIELD MT
MONTH: OCTOBER
YEAR: 2020
LATITUDE: 45 46 N
LONGITUDE: 111 9 W
[TEMPERATURE DATA] [PRECIPITATION DATA] SYMBOLS USED IN COLUMN 16
AVERAGE MONTHLY: 40.4 TOTAL FOR MONTH: 1.11 1 = FOG OR MIST
DPTR FM NORMAL: -5.5 DPTR FM NORMAL: 0.01 2 = FOG REDUCING VISIBILITY
HIGHEST: 82 ON 6, 4 GRTST 24HR 0.31 ON 17-17 TO 1/4 MILE OR LESS
LOWEST: -20 ON 26 3 = THUNDER
SNOW, ICE PELLETS, HAIL 4 = ICE PELLETS
TOTAL MONTH: 10.0 INCHES 5 = HAIL
GRTST 24HR 3.3 ON 24-24 6 = FREEZING RAIN OR DRIZZLE
GRTST DEPTH: 5 ON 27,26 7 = DUSTSTORM OR SANDSTORM:
VSBY 1/2 MILE OR LESS
8 = SMOKE OR HAZE
[NO. OF DAYS WITH] [WEATHER - DAYS WITH] 9 = BLOWING SNOW
X = TORNADO
MAX 32 OR BELOW: 6 0.01 INCH OR MORE: 10
MAX 90 OR ABOVE: 0 0.10 INCH OR MORE: 4
MIN 32 OR BELOW: 19 0.50 INCH OR MORE: 0
MIN 0 OR BELOW: 2 1.00 INCH OR MORE: 0
[HDD (BASE 65) ]
TOTAL THIS MO. 757 CLEAR (SCALE 0-3) 14
DPTR FM NORMAL 165 PTCLDY (SCALE 4-7) 11
TOTAL FM JUL 1 1069 CLOUDY (SCALE 8-10) 6
DPTR FM NORMAL 172
[CDD (BASE 65) ]
TOTAL THIS MO. 0
DPTR FM NORMAL 0 [PRESSURE DATA]
TOTAL FM JAN 1 233 HIGHEST SLP 30.76 ON 25
DPTR FM NORMAL -135 LOWEST SLP 29.42 ON 10
[REMARKS]
#FINAL-10-20#