000
CXUS52 KCAE 011400
CF6CAE
PRELIMINARY LOCAL CLIMATOLOGICAL DATA (WS FORM: F-6)
STATION: COLUMBIA METRO AIRPORT SC
MONTH: JULY
YEAR: 2022
LATITUDE: 33 57 N
LONGITUDE: 81 7 W
TEMPERATURE IN F: :PCPN: SNOW: WIND :SUNSHINE: SKY :PK WND
================================================================================
1 2 3 4 5 6A 6B 7 8 9 10 11 12 13 14 15 16 17 18
12Z AVG MX 2MIN
DY MAX MIN AVG DEP HDD CDD WTR SNW DPTH SPD SPD DIR MIN PSBL S-S WX SPD DR
================================================================================
1 84 72 78 -4 0 13 1.24 0.0 0 5.2 18 110 M M 7 138 27 120
2 92 72 82 0 0 17 0.00 0.0 0 4.0 10 320 M M 6 1 14 310
3 96 74 85 3 0 20 0.79 0.0 0 4.6 20 240 M M 5 13 25 240
4 94 73 84 2 0 19 0.17 0.0 0 3.4 17 70 M M 5 13 22 70
5 93 74 84 2 0 19 0.17 0.0 0 4.6 20 270 M M 8 13 25 270
6 96 74 85 3 0 20 0.14 0.0 0 6.3 22 150 M M 6 13 29 160
7 97 73 85 3 0 20 1.80 0.0 0 6.6 28 190 M M 5 13 39 230
8 94 74 84 2 0 19 T 0.0 0 5.4 22 210 M M 7 3 27 220
9 92 75 84 2 0 19 0.00 0.0 0 7.4 16 250 M M 7 20 210
10 84 72 78 -4 0 13 0.08 0.0 M 5.7 14 70 M M 9 1 17 70
11 84 70 77 -5 0 12 T 0.0 M 5.0 10 20 M M 9 1 15 30
12 85 72 79 -3 0 14 T 0.0 M 2.6 8 320 M M 7 1 14 280
13 82 75 79 -3 0 14 0.06 0.0 0 5.7 14 180 M M 7 1 17 170
14 87 72 80 -2 0 15 0.02 0.0 0 3.8 17 150 M M 7 13 22 110
15 90 74 82 0 0 17 0.00 0.0 0 4.1 13 170 M M 7 1 17 140
16 93 74 84 1 0 19 0.00 0.0 0 5.3 15 180 M M 5 21 200
17 92 74 83 0 0 18 0.00 0.0 0 4.8 15 150 M M 3 21 150
18 90 73 82 -1 0 17 0.26 0.0 0 4.9 17 240 M M 4 138 23 230
19 93 75 84 1 0 19 0.00 0.0 0 8.4 18 240 M M 5 23 280
20 90 74 82 -1 0 17 0.02 0.0 0 8.7 17 250 M M 6 8 22 240
21 87 76 82 -1 0 17 0.04 0.0 0 8.2 22 250 M M 7 13 27 250
22 91 77 84 1 0 19 0.00 0.0 M 6.2 13 230 M M 7 13 16 220
23 94 74 84 2 0 19 0.00 0.0 0 4.9 18 190 M M 5 3 23 190
24 94 73 84 2 0 19 1.60 0.0 0 3.4 21 180 M M 4 13 28 160
25 92 72 82 0 0 17 T 0.0 0 5.4 25 270 M M 4 3 33 270
26 94 76 85 3 0 20 0.00 0.0 0 7.6 20 190 M M 3 25 180
27 95 77 86 4 0 21 0.00 0.0 0 7.3 17 280 M M 5 21 260
28 95 77 86 4 0 21 0.00 0.0 0 8.4 16 250 M M 5 20 270
29 96 77 87 5 0 22 0.00 0.0 0 6.3 17 230 M M 5 23 230
30 93 76 85 3 0 20 T 0.0 0 3.5 20 240 M M 6 3 25 230
31 96 74 85 3 0 20 0.00 0.0 0 7.5 22 250 M M 2 29 260
================================================================================
SM 2835 2295 0 556 6.39 0.0 175.2 M 178
================================================================================
AV 91.5 74.0 5.7 FASTST M M 6 MAX(MPH)
MISC ----> 28 190 39 230
================================================================================
NOTES:
# LAST OF SEVERAL OCCURRENCES
COLUMN 17 PEAK WIND IN M.P.H.
PRELIMINARY LOCAL CLIMATOLOGICAL DATA (WS FORM: F-6) , PAGE 2
STATION: COLUMBIA METRO AIRPORT SC
MONTH: JULY
YEAR: 2022
LATITUDE: 33 57 N
LONGITUDE: 81 7 W
[TEMPERATURE DATA] [PRECIPITATION DATA] SYMBOLS USED IN COLUMN 16
AVERAGE MONTHLY: 82.7 TOTAL FOR MONTH: 6.39 1 = FOG OR MIST
DPTR FM NORMAL: 0.3 DPTR FM NORMAL: 1.04 2 = FOG REDUCING VISIBILITY
HIGHEST: 97 ON 7 GRTST 24HR 1.80 ON 7- 7 TO 1/4 MILE OR LESS
LOWEST: 70 ON 11 3 = THUNDER
SNOW, ICE PELLETS, HAIL 4 = ICE PELLETS
TOTAL MONTH: 0.0 INCH 5 = HAIL
GRTST 24HR 0.0 6 = FREEZING RAIN OR DRIZZLE
GRTST DEPTH: 0 7 = DUSTSTORM OR SANDSTORM:
VSBY 1/2 MILE OR LESS
8 = SMOKE OR HAZE
[NO. OF DAYS WITH] [WEATHER - DAYS WITH] 9 = BLOWING SNOW
X = TORNADO
MAX 32 OR BELOW: 0 0.01 INCH OR MORE: 13
MAX 90 OR ABOVE: 24 0.10 INCH OR MORE: 8
MIN 32 OR BELOW: 0 0.50 INCH OR MORE: 4
MIN 0 OR BELOW: 0 1.00 INCH OR MORE: 3
[HDD (BASE 65) ]
TOTAL THIS MO. 0 CLEAR (SCALE 0-3) 3
DPTR FM NORMAL 0 PTCLDY (SCALE 4-7) 25
TOTAL FM JUL 1 0 CLOUDY (SCALE 8-10) 3
DPTR FM NORMAL 0
[CDD (BASE 65) ]
TOTAL THIS MO. 556
DPTR FM NORMAL 18 [PRESSURE DATA]
TOTAL FM JAN 1 1469 HIGHEST SLP 30.17 ON 31
DPTR FM NORMAL 158 LOWEST SLP 29.86 ON 21
[REMARKS]
#FINAL-07-22#