000
CXUS55 KGJT 011010
CF6CAG
PRELIMINARY LOCAL CLIMATOLOGICAL DATA (WS FORM: F-6)
STATION: CRAIG CO
MONTH: DECEMBER
YEAR: 2021
LATITUDE: 40 30 N
LONGITUDE: 107 32 W
TEMPERATURE IN F: :PCPN: SNOW: WIND :SUNSHINE: SKY :PK WND
================================================================================
1 2 3 4 5 6A 6B 7 8 9 10 11 12 13 14 15 16 17 18
12Z AVG MX 2MIN
DY MAX MIN AVG DEP HDD CDD WTR SNW DPTH SPD SPD DIR MIN PSBL S-S WX SPD DR
================================================================================
1 58 17 38 14 27 0 0.00 M M 1.0 12 70 M M 0 14 60
2 59 17 38 14 27 0 0.00 M M 1.0 6 160 M M 0 8 60
3 58 17 38 15 27 0 0.00 M M 1.7 7 210 M M 0 11 280
4 57 15 36 13 29 0 0.00 M M 2.5 14 270 M M 0 16 270
5 54 16 35 13 30 0 0.00 M M 8.7 29 270 M M 0 38 260
6 42 10 26 4 39 0 0.00 M M 1.7 26 230 M M 6 36 230
7 49 23 36 14 29 0 0.00 M M 5.8 18 260 M M 6 24 260
8 45 13 29 8 36 0 0.00 M M 7.9 24 230 M M 5 31 230
9 41 29 35 14 30 0 0.18 M M 10.5 21 220 M M 10 1 29 200
10 29 -1 14 -6 51 0 0.07 M M 8.6 21 280 M M 8 18 29 310
11 25 -8 9 -11 56 0 0.00 M M 3.6 13 70 M M 2 16 70
12 35 3 19 0 46 0 0.00 M M 2.0 9 190 M M 2 13 190
13 46 2 24 5 41 0 0.00 M M 2.1 9 240 M M 0 13 230
14 49 16 33 14 32 0 0.00 M M 7.1 29 180 M M 0 42 200
15 49 -2 24 6 41 0 0.16 M M 11.9 44 250 M M 7 128 63 260
16 29 -5 12 -6 53 0 0.06 M M 3.4 14 70 M M 5 1 20 60
17 29 -2 14 -4 51 0 0.01 M M 4.4 29 300 M M 8 128 37 300
18 28 -11 9 -9 56 0 0.00 M M 2.2 12 60 M M 2 15 80
19 29 -5 12 -5 53 0 0.00 M M 1.9 8 220 M M 0 10 220
20 33 -3 15 -2 50 0 0.00 M M 1.4 7 220 M M 1 11 210
21 38 3 21 4 44 0 0.00 M M 1.4 9 210 M M 1 11 220
22 37 0 19 2 46 0 0.00 M M 1.9 7 220 M M 2 10 220
23 44 21 33 17 32 0 T M M 11.5 33 220 M M 8 43 210
24 41 21 31 15 34 0 0.79 M M 6.2 30 230 M M 5 12 43 240
25 39 19 29 13 36 0 0.00 M M 13.1 28 210 M M 4 40 220
26 35 18 27 11 38 0 0.06 M M 13.4 40 260 M M 9 128 60 250
27 32 14 23 7 42 0 T M M 13.5 30 230 M M 8 18 43 220
28 21 14 18 2 47 0 0.09 M M 5.2 15 280 M M 10 128 19 310
29 27 12 20 4 45 0 T M M 4.4 20 230 M M 10 1 25 250
30 34 26 30 14 35 0 T M M 19.5 30 220 M M 10 8 46 220
31 32 11 22 6 43 0 0.35 M M 2.8 23 240 M M 10 128 29 230
================================================================================
SM 1224 300 1246 0 1.77 M 182.3 M 139
================================================================================
AV 39.5 9.7 5.9 FASTST M M 4 MAX(MPH)
MISC ----> 44 250 63 260
================================================================================
NOTES:
# LAST OF SEVERAL OCCURRENCES
COLUMN 17 PEAK WIND IN M.P.H.
PRELIMINARY LOCAL CLIMATOLOGICAL DATA (WS FORM: F-6) , PAGE 2
STATION: CRAIG CO
MONTH: DECEMBER
YEAR: 2021
LATITUDE: 40 30 N
LONGITUDE: 107 32 W
[TEMPERATURE DATA] [PRECIPITATION DATA] SYMBOLS USED IN COLUMN 16
AVERAGE MONTHLY: 24.6 TOTAL FOR MONTH: 1.77 1 = FOG OR MIST
DPTR FM NORMAL: 5.9 DPTR FM NORMAL: 0.87 2 = FOG REDUCING VISIBILITY
HIGHEST: 59 ON 2 GRTST 24HR 0.79 ON 23-24 TO 1/4 MILE OR LESS
LOWEST: -11 ON 18 3 = THUNDER
SNOW, ICE PELLETS, HAIL 4 = ICE PELLETS
TOTAL MONTH: M 5 = HAIL
GRTST 24HR M ON M 6 = FREEZING RAIN OR DRIZZLE
GRTST DEPTH: M ON M 7 = DUSTSTORM OR SANDSTORM:
VSBY 1/2 MILE OR LESS
8 = SMOKE OR HAZE
[NO. OF DAYS WITH] [WEATHER - DAYS WITH] 9 = BLOWING SNOW
X = TORNADO
MAX 32 OR BELOW: 10 0.01 INCH OR MORE: 9
MAX 90 OR ABOVE: 0 0.10 INCH OR MORE: 4
MIN 32 OR BELOW: 31 0.50 INCH OR MORE: 1
MIN 0 OR BELOW: 9 1.00 INCH OR MORE: 0
[HDD (BASE 65) ]
TOTAL THIS MO. 1246 CLEAR (SCALE 0-3) 14
DPTR FM NORMAL -188 PTCLDY (SCALE 4-7) 11
TOTAL FM JUL 1 2854 CLOUDY (SCALE 8-10) 6
DPTR FM NORMAL -510
[CDD (BASE 65) ]
TOTAL THIS MO. 0
DPTR FM NORMAL 0 [PRESSURE DATA]
TOTAL FM JAN 1 343 HIGHEST SLP 30.77 ON 18
DPTR FM NORMAL 126 LOWEST SLP 29.24 ON 15
[REMARKS]
#FINAL-12-21#