000
CXUS51 KCLE 041429
CLMCAK
CLIMATE REPORT
NATIONAL WEATHER SERVICE CLEVELAND, OH
929 AM EST MON MAR 04 2024
...................................
...THE AKRON CANTON OH CLIMATE SUMMARY FOR THE MONTH OF FEBRUARY 2024...
CLIMATE NORMAL PERIOD 1991 TO 2020
CLIMATE RECORD PERIOD 1887 TO 2024
WEATHER OBSERVED NORMAL DEPART LAST YEAR`S
VALUE DATE(S) VALUE FROM VALUE
NORMAL
..............................................................
TEMPERATURE (F)
RECORD
HIGH 76 02/24/2017
LOW -20 02/10/1899
HIGHEST 68 02/27
LOWEST 12 02/18
AVG. MAXIMUM 46.6 38.6 8.0 50.3
AVG. MINIMUM 26.3 21.9 4.4 28.3
MEAN 36.4 30.2 6.2 39.3
DAYS MAX >= 90 0 0.0 0.0 0
DAYS MAX <= 32 3 10.4 -7.4 2
DAYS MIN <= 32 23 24.1 -1.1 19
DAYS MIN <= 0 0 1.3 -1.3 0
PRECIPITATION (INCHES)
RECORD
MAXIMUM 5.79 1893
MINIMUM 0.31 1987
TOTALS 1.01 2.44 -1.43 1.88
DAYS >= .01 8 14.5 -6.5 12
DAYS >= .10 3 6.8 -3.8 4
DAYS >= .50 1 1.2 -0.2 2
DAYS >= 1.00 0 0.2 -0.2 0
GREATEST
24 HR. TOTAL 0.64 02/22 TO 02/22 0.75
SNOWFALL (INCHES)
RECORDS
TOTAL 37.2 2010
TOTALS 2.8 12.0 -9.2 0.6
SINCE 7/1 13.5 37.9 -24.4 18.3
DAYS >= 1.0 1 4.0 -3.0 0
GREATEST
24 HR TOTAL 2.6 02/16 TO 02/16
DEGREE DAYS
HEATING TOTAL 824 973 -149 713
SINCE 7/1 3881 4249 -368 3549
COOLING TOTAL 0 0 0 0
SINCE 1/1 0 0 0 0
..............................................................
WIND (MPH)
AVERAGE WIND SPEED 9.5
HIGHEST WIND SPEED/DIRECTION 32/300 DATE 02/15
32/290 02/28
HIGHEST GUST SPEED/DIRECTION 49/300 DATE 02/15
SKY COVER
AVERAGE SKY COVER 0.58
AVERAGE RH (PERCENT) 68
WEATHER CONDITIONS. NUMBER OF DAYS WITH
THUNDERSTORM 1 MIXED PRECIP 0
HEAVY RAIN 0 RAIN 2
LIGHT RAIN 9 FREEZING RAIN 0
LT FREEZING RAIN 0 HAIL 0
HEAVY SNOW 0 SNOW 1
LIGHT SNOW 7 SLEET 0
FOG 15 FOG W/VIS <= 1/4 MILE 3
HAZE 5
- INDICATES NEGATIVE NUMBERS.
R INDICATES RECORD WAS SET OR TIED.
MM INDICATES DATA IS MISSING.
T INDICATES TRACE AMOUNT.
$$