000
CXUS54 KLZK 060344
CF6CCA
PRELIMINARY LOCAL CLIMATOLOGICAL DATA (WS FORM: F-6)
STATION: CLINTON
MONTH: JULY
YEAR: 2021
LATITUDE: 35 32 N
LONGITUDE: 92 22 W
TEMPERATURE IN F: :PCPN: SNOW: WIND :SUNSHINE: SKY :PK WND
================================================================================
1 2 3 4 5 6A 6B 7 8 9 10 11 12 13 14 15 16 17 18
12Z AVG MX 2MIN
DY MAX MIN AVG DEP HDD CDD WTR SNW DPTH SPD SPD DIR MIN PSBL S-S WX SPD DR
================================================================================
1 90 73 82 M 0 17 0.00 M M 2.5 12 260 M M 7 1 16 220
2 86 63 75 M 0 10 0.00 M M 2.6 8 30 M M 4 8 18 99
3 84 57 71 M 0 6 0.00 M M 1.0 7 99 M M 1 1 16 99
4 86 57 72 M 0 7 0.00 M M 1.5 7 99 M M 0 1 14 0
5 88 59 74 M 0 9 0.00 M M 1.3 6 140 M M 1 1 M M
6 91 63 77 M 0 12 0.00 M M 1.7 8 110 M M 3 1 15 140
7 93 68 81 M 0 16 0.37 M M 1.5 8 240 M M 4 1 22 240
8 93 68 81 M 0 16 0.01 M M 2.0 8 230 M M 3 1 14 99
9 93 70 82 M 0 17 0.00 M M 3.5 10 190 M M 3 1 17 210
10 90 70 80 M 0 15 0.05 M M 3.4 13 260 M M 5 1 22 260
11 84 68 76 M 0 11 0.27 M M 3.3 13 230 M M 7 1 20 230
12 82 64 73 M 0 8 0.00 M M 2.6 8 280 M M 7 12 13 99
13 90 63 77 M 0 12 0.00 M M 2.1 7 260 M M 1 1 14 99
14 93 63 78 M 0 13 0.00 M M 2.5 8 200 M M 2 18 18 230
15 93 66 80 M 0 15 0.00 M M 4.0 13 210 M M 2 1 23 210
16 82 70 76 M 0 11 0.00 M M 2.5 7 99 M M 5 13 16 99
17 82 68 75 M 0 10 0.00 M M 2.0 9 300 M M 7 12 20 280
18 86 70 78 M 0 13 0.00 M M 0.9 7 240 M M 6 18 15 0
19 86 68 77 M 0 12 0.00 M M 1.4 7 99 M M 5 1 12 99
20 86 68 77 M 0 12 0.00 M M 1.6 7 99 M M 1 18 16 99
21 88 64 76 M 0 11 0.00 M M 0.8 5 330 M M 2 18 16 99
22 90 70 80 M 0 15 0.00 M M 0.9 7 99 M M 6 18 18 99
23 93 72 83 M 0 18 0.00 M M 1.9 7 99 M M 2 18 13 99
24 90 72 81 M 0 16 0.00 M M 1.2 8 230 M M 3 1 17 230
25 95 72 84 M 0 19 0.00 M M 0.7 9 150 M M 1 1 18 290
26 93 72 83 M 0 18 0.00 M M 0.6 3 210 M M 2 18 M M
27 95 73 84 M 0 19 0.00 M M 0.9 6 340 M M 3 138 13 310
28 95 73 84 M 0 19 0.00 M M 0.0 M M M M 2 128 M M
29 95 72 84 M 0 19 0.00 M M 0.1 3 240 M M 0 18 M M
30 97 72 85 M 0 20 0.00 M M 1.3 6 270 M M 2 18 12 200
31 99 70 85 M 0 20 M M M 2.0 8 260 M M 1 18 12 99
================================================================================
SM 2788 2098 0 436 0.70 M 54.4 M 98
================================================================================
AV 89.9 67.7 1.8 FASTST M M 3 MAX(MPH)
MISC ----> 13 210 23 210
================================================================================
NOTES:
# LAST OF SEVERAL OCCURRENCES
COLUMN 17 PEAK WIND IN M.P.H.
PRELIMINARY LOCAL CLIMATOLOGICAL DATA (WS FORM: F-6) , PAGE 2
STATION: CLINTON
MONTH: JULY
YEAR: 2021
LATITUDE: 35 32 N
LONGITUDE: 92 22 W
[TEMPERATURE DATA] [PRECIPITATION DATA] SYMBOLS USED IN COLUMN 16
AVERAGE MONTHLY: 78.8 TOTAL FOR MONTH: 0.70 1 = FOG OR MIST
DPTR FM NORMAL: 0.0 DPTR FM NORMAL: M 2 = FOG REDUCING VISIBILITY
HIGHEST: 99 ON 31 GRTST 24HR 0.37 ON 7- 7 TO 1/4 MILE OR LESS
LOWEST: 57 ON 3, 4 3 = THUNDER
SNOW, ICE PELLETS, HAIL 4 = ICE PELLETS
TOTAL MONTH: M 5 = HAIL
GRTST 24HR M ON M 6 = FREEZING RAIN OR DRIZZLE
GRTST DEPTH: M ON M 7 = DUSTSTORM OR SANDSTORM:
VSBY 1/2 MILE OR LESS
8 = SMOKE OR HAZE
[NO. OF DAYS WITH] [WEATHER - DAYS WITH] 9 = BLOWING SNOW
X = TORNADO
MAX 32 OR BELOW: 0 0.01 INCH OR MORE: 4
MAX 90 OR ABOVE: 19 0.10 INCH OR MORE: 2
MIN 32 OR BELOW: 0 0.50 INCH OR MORE: 0
MIN 0 OR BELOW: 0 1.00 INCH OR MORE: 0
[HDD (BASE 65) ]
TOTAL THIS MO. 0 CLEAR (SCALE 0-3) 18
DPTR FM NORMAL M PTCLDY (SCALE 4-7) 13
TOTAL FM JUL 1 0 CLOUDY (SCALE 8-10) 0
DPTR FM NORMAL M
[CDD (BASE 65) ]
TOTAL THIS MO. 436
DPTR FM NORMAL M [PRESSURE DATA]
TOTAL FM JAN 1 870 HIGHEST SLP M ON M
DPTR FM NORMAL M LOWEST SLP M ON M
[REMARKS]
#FINAL-07-21#