000
CXUS55 KBOU 010900
CF6CCU
PRELIMINARY LOCAL CLIMATOLOGICAL DATA (WS FORM: F-6)
STATION: COPPER MTN/RED CLIFF
MONTH: MAY
YEAR: 2022
LATITUDE: 39 28 N
LONGITUDE: 106 9 W
TEMPERATURE IN F: :PCPN: SNOW: WIND :SUNSHINE: SKY :PK WND
================================================================================
1 2 3 4 5 6A 6B 7 8 9 10 11 12 13 14 15 16 17 18
12Z AVG MX 2MIN
DY MAX MIN AVG DEP HDD CDD WTR SNW DPTH SPD SPD DIR MIN PSBL S-S WX SPD DR
================================================================================
1 45 32 39 M 26 0 M M M 15.2 25 110 M M 5 36 140
2 37 28 33 M 32 0 M M M 12.9 24 170 M M 7 1 28 290
3 45 30 38 M 27 0 M M M 14.9 35 120 M M 5 1 44 120
4 34 21 28 M 37 0 M M M 8.9 15 290 M M 9 18 22 160
5 41 25 33 M 32 0 M M M 14.8 23 280 M M 7 2 32 280
6 54 34 44 M 21 0 M M M 15.4 31 280 M M 1 39 280
7 54 37 46 M 19 0 M M M 14.5 25 210 M M 5 49 230
8 48 37 43 M 22 0 M M M 19.9 37 180 M M 7 51 180
9 45 34 40 M 25 0 M M M 20.1 49 180 M M 3 62 180
10 54 37 46 M 19 0 M M M 22.5 32 170 M M 0 43 170
11 54 41 48 M 17 0 M M M 20.4 31 170 M M 0 43 170
12 45 30 38 M 27 0 M M M 21.3 38 240 M M 0 50 240
13 45 28 37 M 28 0 M M M 16.1 27 240 M M 0 39 260
14 52 32 42 M 23 0 M M M 16.0 25 280 M M 1 36 280
15 55 36 46 M 19 0 M M M 10.3 25 290 M M 2 30 290
16 55 45 50 M 15 0 M M M 11.1 16 160 M M 3 37 270
17 55 37 46 M 19 0 M M M 9.0 15 260 M M 3 25 270
18 54 37 46 M 19 0 M M M 12.0 18 280 M M 3 28 280
19 54 41 48 M 17 0 M M M 26.0 40 270 M M 4 58 270
20 45 23 34 M 31 0 M M M 9.4 29 240 M M 10 8 59 240
21 34 18 26 M 39 0 M M M 4.0 16 170 M M 10 M M
22 36 27 32 M 33 0 M M M 10.5 18 160 M M 10 8 23 210
23 37 28 33 M 32 0 M M M 7.4 18 180 M M 8 8 28 220
24 36 27 32 M 33 0 M M M 8.2 23 290 M M 10 28 33 290
25 45 25 35 M 30 0 M M M 15.1 28 290 M M 6 128 35 290
26 55 36 46 M 19 0 M M M 10.8 24 260 M M 0 31 260
27 57 45 51 M 14 0 M M M 14.6 25 240 M M 2 35 260
28 54 41 48 M 17 0 M M M 14.0 29 250 M M 2 43 250
29 45 28 37 M 28 0 M M M 11.3 24 190 M M 8 2 37 190
30 34 23 29 M 36 0 M M M 15.4 24 250 M M 6 8 32 220
31 43 28 36 M 29 0 M M M 10.0 20 290 M M 8 27 130
================================================================================
SM 1447 991 785 0 M M 432.1 M 145
================================================================================
AV 46.7 32.0 13.9 FASTST M M 5 MAX(MPH)
MISC ----> 49 180 62 180
================================================================================
NOTES:
# LAST OF SEVERAL OCCURRENCES
COLUMN 17 PEAK WIND IN M.P.H.
PRELIMINARY LOCAL CLIMATOLOGICAL DATA (WS FORM: F-6) , PAGE 2
STATION: COPPER MTN/RED CLIFF
MONTH: MAY
YEAR: 2022
LATITUDE: 39 28 N
LONGITUDE: 106 9 W
[TEMPERATURE DATA] [PRECIPITATION DATA] SYMBOLS USED IN COLUMN 16
AVERAGE MONTHLY: 39.3 TOTAL FOR MONTH: M 1 = FOG OR MIST
DPTR FM NORMAL: 0.0 DPTR FM NORMAL: M 2 = FOG REDUCING VISIBILITY
HIGHEST: 57 ON 27 GRTST 24HR M ON M TO 1/4 MILE OR LESS
LOWEST: 18 ON 21 3 = THUNDER
SNOW, ICE PELLETS, HAIL 4 = ICE PELLETS
TOTAL MONTH: M 5 = HAIL
GRTST 24HR M ON M 6 = FREEZING RAIN OR DRIZZLE
GRTST DEPTH: M ON M 7 = DUSTSTORM OR SANDSTORM:
VSBY 1/2 MILE OR LESS
8 = SMOKE OR HAZE
[NO. OF DAYS WITH] [WEATHER - DAYS WITH] 9 = BLOWING SNOW
X = TORNADO
MAX 32 OR BELOW: 0 0.01 INCH OR MORE: 0
MAX 90 OR ABOVE: 0 0.10 INCH OR MORE: 0
MIN 32 OR BELOW: 17 0.50 INCH OR MORE: 0
MIN 0 OR BELOW: 0 1.00 INCH OR MORE: 0
[HDD (BASE 65) ]
TOTAL THIS MO. 785 CLEAR (SCALE 0-3) 14
DPTR FM NORMAL M PTCLDY (SCALE 4-7) 11
TOTAL FM JUL 1 9723 CLOUDY (SCALE 8-10) 6
DPTR FM NORMAL M
[CDD (BASE 65) ]
TOTAL THIS MO. 0
DPTR FM NORMAL M [PRESSURE DATA]
TOTAL FM JAN 1 0 HIGHEST SLP M ON M
DPTR FM NORMAL M LOWEST SLP M ON M
[REMARKS]
#FINAL-05-22#