000
CXUS53 KARX 240648
CF6CCY
PRELIMINARY LOCAL CLIMATOLOGICAL DATA (WS FORM: F-6)
STATION: CHARLES_CITY IA
MONTH: JULY
YEAR: 2022
LATITUDE: 43 4 N
LONGITUDE: 92 37 W
TEMPERATURE IN F: :PCPN: SNOW: WIND :SUNSHINE: SKY :PK WND
================================================================================
1 2 3 4 5 6A 6B 7 8 9 10 11 12 13 14 15 16 17 18
12Z AVG MX 2MIN
DY MAX MIN AVG DEP HDD CDD WTR SNW DPTH SPD SPD DIR MIN PSBL S-S WX SPD DR
================================================================================
1 79 63 71 -1 0 6 0.00 0.0 0 5.6 12 350 M M 1 16 280
2 81 57 69 -3 0 4 0.00 0.0 0 6.9 17 20 M M 0 30 290
3 86 61 74 2 0 9 0.00 0.0 0 9.4 16 170 M M 0 23 170
4 84 68 76 4 0 11 0.70 0.0 0 8.0 15 150 M M 5 1 22 160
5 90 70 80 8 0 15 0.73 0.0 0 6.7 17 60 M M 3 18 38 60
6 82 66 74 2 0 9 0.00 0.0 0 5.2 10 90 M M 2 16 80
7 82 70 76 3 0 11 0.00 0.0 0 6.8 10 120 M M 5 1 15 90
8 81 66 74 1 0 9 0.01 0.0 0 8.3 14 100 M M 5 22 50
9 81 63 72 -1 0 7 0.00 0.0 0 5.7 8 100 M M 1 15 130
10 84 59 72 -1 0 7 0.00 0.0 0 11.8 22 160 M M 3 30 160
11 81 66 74 1 0 9 0.01 0.0 0 10.8 20 310 M M 2 1 29 290
12 81 59 70 -3 0 5 0.00 0.0 0 8.8 15 290 M M 1 22 300
13 81 63 72 -1 0 7 0.00 0.0 0 6.4 12 350 M M 2 14 340
14 82 61 72 -1 0 7 0.07 0.0 0 10.7 20 130 M M 3 23 150
15 79 68 74 1 0 9 0.11 0.0 0 11.5 18 120 M M 8 25 150
16 77 64 71 -1 0 6 0.00 0.0 0 4.6 8 150 M M 6 12 M M
17 82 64 73 1 0 8 0.00 0.0 0 3.2 8 10 M M 3 1 M M
18 88 63 76 4 0 11 0.00 0.0 0 5.4 10 220 M M 1 14 99
19 88 66 77 5 0 12 0.00 0.0 0 12.6 24 190 M M 1 36 180
20 84 66 75 3 0 10 0.00 0.0 0 14.6 24 290 M M 1 35 300
21 82 64 73 1 0 8 0.00 0.0 0 8.3 16 290 M M 1 27 310
22 88 61 75 3 0 10 0.00 0.0 0 6.5 14 200 M M 2 24 0
23 86 68 77 5 0 12 0.03 0.0 0 6.7 14 200 M M 1 3 39 240
24 77 61 69 -3 0 4 0.00 0.0 0 11.6 21 340 M M 3 1 31 340
25 75 54 65 -7 0 0 0.00 0.0 0 3.4 8 360 M M 3 14 300
26 79 59 69 -3 0 4 0.00 0.0 0 6.2 10 190 M M 4 14 210
27 81 64 73 1 0 8 0.27 0.0 0 9.1 14 270 M M 4 22 250
28 73 57 65 -7 0 0 0.02 0.0 0 9.5 16 320 M M 2 22 320
29 75 54 65 -7 0 0 0.00 0.0 0 7.4 16 310 M M 1 17 300
30 79 55 67 -5 0 2 0.00 0.0 0 5.8 13 170 M M 1 22 180
31 82 59 71 -1 0 6 0.09 0.0 0 11.0 21 190 M M 5 29 190
================================================================================
SM 2530 1939 0 226 2.04 0.0 248.5 M 80
================================================================================
AV 81.6 62.5 8.0 FASTST M M 3 MAX(MPH)
MISC ----> # 24 290 39 240
================================================================================
NOTES:
# LAST OF SEVERAL OCCURRENCES
COLUMN 17 PEAK WIND IN M.P.H.
PRELIMINARY LOCAL CLIMATOLOGICAL DATA (WS FORM: F-6) , PAGE 2
STATION: CHARLES_CITY IA
MONTH: JULY
YEAR: 2022
LATITUDE: 43 4 N
LONGITUDE: 92 37 W
[TEMPERATURE DATA] [PRECIPITATION DATA] SYMBOLS USED IN COLUMN 16
AVERAGE MONTHLY: 72.1 TOTAL FOR MONTH: 2.04 1 = FOG OR MIST
DPTR FM NORMAL: -0.2 DPTR FM NORMAL: -2.76 2 = FOG REDUCING VISIBILITY
HIGHEST: 90 ON 5 GRTST 24HR 0.73 ON 5- 5 TO 1/4 MILE OR LESS
LOWEST: 54 ON 29,25 3 = THUNDER
SNOW, ICE PELLETS, HAIL 4 = ICE PELLETS
TOTAL MONTH: 0.0 INCH 5 = HAIL
GRTST 24HR 0.0 6 = FREEZING RAIN OR DRIZZLE
GRTST DEPTH: 0 7 = DUSTSTORM OR SANDSTORM:
VSBY 1/2 MILE OR LESS
8 = SMOKE OR HAZE
[NO. OF DAYS WITH] [WEATHER - DAYS WITH] 9 = BLOWING SNOW
X = TORNADO
MAX 32 OR BELOW: 0 0.01 INCH OR MORE: 10
MAX 90 OR ABOVE: 1 0.10 INCH OR MORE: 4
MIN 32 OR BELOW: 0 0.50 INCH OR MORE: 2
MIN 0 OR BELOW: 0 1.00 INCH OR MORE: 0
[HDD (BASE 65) ]
TOTAL THIS MO. 0 CLEAR (SCALE 0-3) 20
DPTR FM NORMAL -8 PTCLDY (SCALE 4-7) 11
TOTAL FM JUL 1 0 CLOUDY (SCALE 8-10) 0
DPTR FM NORMAL 0
[CDD (BASE 65) ]
TOTAL THIS MO. 226
DPTR FM NORMAL -8 [PRESSURE DATA]
TOTAL FM JAN 1 494 HIGHEST SLP M ON M
DPTR FM NORMAL 74 LOWEST SLP M ON M
[REMARKS]
#FINAL-07-22#