000
CXUS53 KARX 010930
CF6CCY
PRELIMINARY LOCAL CLIMATOLOGICAL DATA (WS FORM: F-6)
STATION: CHARLES_CITY IA
MONTH: APRIL
YEAR: 2020
LATITUDE: 43 4 N
LONGITUDE: 92 37 W
TEMPERATURE IN F: :PCPN: SNOW: WIND :SUNSHINE: SKY :PK WND
================================================================================
1 2 3 4 5 6A 6B 7 8 9 10 11 12 13 14 15 16 17 18
12Z AVG MX 2MIN
DY MAX MIN AVG DEP HDD CDD WTR SNW DPTH SPD SPD DIR MIN PSBL S-S WX SPD DR
================================================================================
1 52 30 41 -1 24 0 0.08 0.0 0 12.3 21 140 M M 6 1 24 140
2 63 45 54 12 11 0 0.07 0.0 0 16.3 23 140 M M 6 29 140
3 50 27 39 -4 26 0 0.03 M M 14.8 21 310 M M 9 1 27 320
4 45 23 34 -9 31 0 0.00 M M 9.5 17 340 M M 4 24 340
5 59 27 43 -1 22 0 0.00 0.0 0 8.2 13 160 M M 0 17 150
6 55 41 48 4 17 0 0.00 0.0 0 10.2 14 140 M M 10 1 17 140
7 73 50 62 17 3 0 0.00 0.0 0 9.0 14 330 M M 5 12 21 230
8 55 39 47 2 18 0 0.20 M 0 10.9 21 320 M M 4 12 29 310
9 41 28 35 -11 30 0 M M 0 18.1 35 310 M M 3 44 320
10 50 25 38 -8 27 0 0.00 0.0 0 9.3 15 260 M M 5 18 310
11 61 37 49 3 16 0 M 0.0 0 8.2 14 160 M M 6 1 21 160
12 48 28 38 -9 27 0 M M M 18.8 32 350 M M 10 1 39 350
13 37 23 30 -17 35 0 0.00 0.0 M 19.2 27 320 M M 3 35 320
14 30 23 27 -21 38 0 M M M 13.0 24 280 M M 5 31 280
15 34 18 26 -22 39 0 0.00 0.0 M 8.7 17 300 M M 2 22 320
16 41 19 30 -19 35 0 0.00 0.0 0 4.8 9 310 M M 3 16 330
17 48 32 40 -9 25 0 0.00 0.0 0 8.8 18 300 M M 7 28 300
18 70 28 49 0 16 0 0.00 0.0 0 15.0 25 230 M M 2 39 230
19 54 36 45 -5 20 0 0.00 0.0 0 9.5 16 340 M M 1 24 340
20 64 28 46 -4 19 0 0.00 0.0 0 15.7 27 320 M M 3 48 320
21 52 32 42 -9 23 0 0.00 0.0 0 13.2 24 310 M M 4 33 310
22 79 37 58 7 7 0 0.00 0.0 0 12.6 21 270 M M 4 30 240
23 66 41 54 2 11 0 0.00 0.0 0 9.1 13 70 M M 4 1 16 100
24 63 45 54 2 11 0 0.00 0.0 0 8.4 13 40 M M 4 1 17 70
25 66 39 53 1 12 0 0.00 0.0 0 5.4 10 90 M M 4 1 18 350
26 68 41 55 2 10 0 0.00 0.0 0 7.2 17 210 M M 3 23 210
27 77 48 63 10 2 0 0.01 0.0 0 12.7 23 240 M M 5 33 230
28 68 48 58 5 7 0 0.05 M 0 13.9 24 330 M M 7 32 320
29 59 45 52 -2 13 0 0.00 0.0 0 23.0 36 360 M M 7 1 45 360
30 68 37 53 -1 12 0 0.00 0.0 0 9.6 16 330 M M 0 22 320
================================================================================
SM 1696 1020 587 0 0.44 0.0 355.4 M 136
================================================================================
AV 56.5 34.0 11.8 FASTST M M 5 MAX(MPH)
MISC ----> # 36 360 # 48 320
================================================================================
NOTES:
# LAST OF SEVERAL OCCURRENCES
COLUMN 17 PEAK WIND IN M.P.H.
PRELIMINARY LOCAL CLIMATOLOGICAL DATA (WS FORM: F-6) , PAGE 2
STATION: CHARLES_CITY IA
MONTH: APRIL
YEAR: 2020
LATITUDE: 43 4 N
LONGITUDE: 92 37 W
[TEMPERATURE DATA] [PRECIPITATION DATA] SYMBOLS USED IN COLUMN 16
AVERAGE MONTHLY: 45.3 TOTAL FOR MONTH: 0.44 1 = FOG OR MIST
DPTR FM NORMAL: -2.9 DPTR FM NORMAL: -3.09 2 = FOG REDUCING VISIBILITY
HIGHEST: 79 ON 22 GRTST 24HR 0.20 ON 8- 8 TO 1/4 MILE OR LESS
LOWEST: 18 ON 15 3 = THUNDER
SNOW, ICE PELLETS, HAIL 4 = ICE PELLETS
TOTAL MONTH: 0.0 INCH 5 = HAIL
GRTST 24HR 0.0 6 = FREEZING RAIN OR DRIZZLE
GRTST DEPTH: 0 7 = DUSTSTORM OR SANDSTORM:
VSBY 1/2 MILE OR LESS
8 = SMOKE OR HAZE
[NO. OF DAYS WITH] [WEATHER - DAYS WITH] 9 = BLOWING SNOW
X = TORNADO
MAX 32 OR BELOW: 1 0.01 INCH OR MORE: 6
MAX 90 OR ABOVE: 0 0.10 INCH OR MORE: 1
MIN 32 OR BELOW: 15 0.50 INCH OR MORE: 0
MIN 0 OR BELOW: 0 1.00 INCH OR MORE: 0
[HDD (BASE 65) ]
TOTAL THIS MO. 587 CLEAR (SCALE 0-3) 10
DPTR FM NORMAL 77 PTCLDY (SCALE 4-7) 17
TOTAL FM JUL 1 6927 CLOUDY (SCALE 8-10) 3
DPTR FM NORMAL -172
[CDD (BASE 65) ]
TOTAL THIS MO. 0
DPTR FM NORMAL -6 [PRESSURE DATA]
TOTAL FM JAN 1 0 HIGHEST SLP M ON M
DPTR FM NORMAL -6 LOWEST SLP M ON M
[REMARKS]
#FINAL-04-20#