000
CXUS56 KSLC 010810
CF6CDC
PRELIMINARY LOCAL CLIMATOLOGICAL DATA (WS FORM: F-6)
STATION: CEDAR CITY UT
MONTH: SEPTEMBER
YEAR: 2023
LATITUDE: 37 42 N
LONGITUDE: 113 6 W
TEMPERATURE IN F: :PCPN: SNOW: WIND :SUNSHINE: SKY :PK WND
================================================================================
1 2 3 4 5 6A 6B 7 8 9 10 11 12 13 14 15 16 17 18
12Z AVG MX 2MIN
DY MAX MIN AVG DEP HDD CDD WTR SNW DPTH SPD SPD DIR MIN PSBL S-S WX SPD DR
================================================================================
1 67 59 63 -5 2 0 0.67 M M 8.9 29 200 M M 9 13 39 200
2 79 57 68 0 0 3 0.07 M M 9.0 22 220 M M 6 1 30 220
3 78 56 67 -1 0 2 0.22 M M 11.9 28 190 M M 3 13 38 210
4 73 50 62 -6 3 0 0.14 M M 5.3 21 310 M M 2 13 29 310
5 79 46 63 -4 2 0 0.00 M M 6.8 20 230 M M 0 31 M
6 81 48 65 -2 0 0 0.00 M M 7.8 22 230 M M 0 31 240
7 83 45 64 -2 1 0 0.00 M M 7.6 23 220 M M 0 31 220
8 85 48 67 1 0 2 0.00 M M 7.5 18 220 M M 0 26 240
9 88 54 71 5 0 6 T M M 6.6 21 310 M M 0 32 300
10 73 54 64 -1 1 0 0.16 M M 8.1 23 220 M M 3 13 35 310
11 80 47 64 -1 1 0 0.00 M M 4.6 23 120 M M 1 31 130
12 78 55 67 2 0 2 0.09 M M 8.0 28 210 M M 5 3 40 220
13 79 47 63 -1 2 0 T M M 3.6 20 230 M M 2 3 27 230
14 77 55 66 2 0 1 0.00 M M 6.3 18 30 M M 4 27 20
15 79 44 62 -2 3 0 0.00 M M 3.8 13 350 M M 0 19 360
16 80 43 62 -1 3 0 0.00 0.0 0 4.7 16 130 M M 1 21 140
17 85 50 68 5 0 3 0.00 M M 5.5 22 230 M M 3 28 230
18 83 50 67 5 0 2 0.00 M M 8.7 21 210 M M 2 31 220
19 80 45 63 1 2 0 0.00 M M 7.1 18 220 M M 0 8 27 200
20 78 43 61 0 4 0 T M M 11.1 41 190 M M 2 8 55 210
21 74 47 61 0 4 0 0.00 M M 13.7 31 220 M M 0 42 220
22 75 41 58 -2 7 0 0.00 M M 9.2 22 240 M M 0 31 250
23 71 40 56 -4 9 0 0.00 M M 5.1 25 220 M M 1 34 220
24 78 38 58 -2 7 0 0.00 M M 5.5 18 240 M M 0 26 230
25 82 39 61 2 4 0 0.00 M M 5.8 21 240 M M 0 29 240
26 82 42 62 3 3 0 0.00 M M 5.7 18 230 M M 0 27 230
27 84 41 63 5 2 0 0.00 M M 8.1 22 240 M M 0 30 220
28 80 43 62 4 3 0 0.00 M M 9.8 24 220 M M 0 35 210
29 80 46 63 6 2 0 0.00 M M 12.2 29 190 M M 0 38 200
30 75 46 61 4 4 0 0.06 M M 18.0 33 200 M M 2 3 47 210
================================================================================
SM 2366 1419 69 21 1.41 0.0 236.0 M 46
================================================================================
AV 78.9 47.3 7.9 FASTST M M 2 MAX(MPH)
MISC ----> 41 190 55 210
================================================================================
NOTES:
# LAST OF SEVERAL OCCURRENCES
COLUMN 17 PEAK WIND IN M.P.H.
PRELIMINARY LOCAL CLIMATOLOGICAL DATA (WS FORM: F-6) , PAGE 2
STATION: CEDAR CITY UT
MONTH: SEPTEMBER
YEAR: 2023
LATITUDE: 37 42 N
LONGITUDE: 113 6 W
[TEMPERATURE DATA] [PRECIPITATION DATA] SYMBOLS USED IN COLUMN 16
AVERAGE MONTHLY: 63.1 TOTAL FOR MONTH: 1.41 1 = FOG OR MIST
DPTR FM NORMAL: 0.0 DPTR FM NORMAL: 0.66 2 = FOG REDUCING VISIBILITY
HIGHEST: 88 ON 9 GRTST 24HR 0.67 ON 1- 1 TO 1/4 MILE OR LESS
LOWEST: 38 ON 24 3 = THUNDER
SNOW, ICE PELLETS, HAIL 4 = ICE PELLETS
TOTAL MONTH: 0.0 INCH 5 = HAIL
GRTST 24HR 0.0 6 = FREEZING RAIN OR DRIZZLE
GRTST DEPTH: 0 7 = DUSTSTORM OR SANDSTORM:
VSBY 1/2 MILE OR LESS
8 = SMOKE OR HAZE
[NO. OF DAYS WITH] [WEATHER - DAYS WITH] 9 = BLOWING SNOW
X = TORNADO
MAX 32 OR BELOW: 0 0.01 INCH OR MORE: 7
MAX 90 OR ABOVE: 0 0.10 INCH OR MORE: 4
MIN 32 OR BELOW: 0 0.50 INCH OR MORE: 1
MIN 0 OR BELOW: 0 1.00 INCH OR MORE: 0
[HDD (BASE 65) ]
TOTAL THIS MO. 69 CLEAR (SCALE 0-3) 24
DPTR FM NORMAL -39 PTCLDY (SCALE 4-7) 5
TOTAL FM JUL 1 69 CLOUDY (SCALE 8-10) 1
DPTR FM NORMAL -45
[CDD (BASE 65) ]
TOTAL THIS MO. 21
DPTR FM NORMAL -29 [PRESSURE DATA]
TOTAL FM JAN 1 662 HIGHEST SLP M ON M
DPTR FM NORMAL -16 LOWEST SLP 29.54 ON 30
[REMARKS]
#FINAL-09-23#