000
CXUS53 KEAX 010736
CF6CDJ
PRELIMINARY LOCAL CLIMATOLOGICAL DATA (WS FORM: F-6)
STATION: CHILLICOTHE
MONTH: SEPTEMBER
YEAR: 2022
LATITUDE: 39 49 N
LONGITUDE: 93 35 W
TEMPERATURE IN F: :PCPN: SNOW: WIND :SUNSHINE: SKY :PK WND
================================================================================
1 2 3 4 5 6A 6B 7 8 9 10 11 12 13 14 15 16 17 18
12Z AVG MX 2MIN
DY MAX MIN AVG DEP HDD CDD WTR SNW DPTH SPD SPD DIR MIN PSBL S-S WX SPD DR
================================================================================
1 89 63 76 4 0 11 0.00 M M 3.5 9 190 M M 0 15 170
2 89 67 78 6 0 13 0.00 M M 4.8 12 180 M M 0 22 170
3 85 66 76 4 0 11 0.02 M M 2.0 9 20 M M 0 3 14 40
4 84 65 75 4 0 10 0.00 M M 3.6 12 50 M M 0 19 10
5 83 62 73 2 0 8 0.00 M M M M M M M M M M
6 85 61 73 2 0 8 0.00 M M 0.5 7 100 M M 0 10 200
7 86 61 74 4 0 9 0.00 M M 1.7 7 30 M M 0 M M
8 M M M M M M M M M M M M M M M M M
9 89 M M M M M 0.00 M M 4.8 12 150 M M 0 17 150
10 75 59 67 -2 0 2 0.68 M M 4.5 12 340 M M 0 20 350
11 77 52 65 -4 0 0 0.01 M M 3.0 13 350 M M 0 26 340
12 82 51 67 -2 0 2 0.00 M M 3.8 14 300 M M 0 22 330
13 85 50 68 0 0 3 0.00 M M 2.1 8 120 M M 0 13 110
14 89 60 75 7 0 10 0.00 M M 3.0 14 190 M M 0 20 140
15 86 58 72 4 0 7 0.00 M M 4.2 14 190 M M 0 22 180
16 82 63 73 6 0 8 0.00 M M 4.0 13 190 M M 0 19 190
17 85 67 76 9 0 11 1.47 M M 5.9 16 200 M M 0 3 25 200
18 90 68 79 13 0 14 0.00 M M 5.8 16 190 M M 0 26 210
19 96 68 82 16 0 17 0.00 M M 0.6 6 190 M M 0 9 220
20 97 69 83 17 0 18 0.00 M M 5.1 12 210 M M 0 27 210
21 85 60 73 8 0 8 0.04 M M M M M M M M M M
22 67 57 62 -3 3 0 M M M 2.2 12 20 M M 0 19 30
23 58 52 55 -10 10 0 0.51 M M 4.2 12 150 M M 0 22 140
24 88 50 69 5 0 4 0.00 M M 2.3 10 280 M M 0 17 280
25 79 54 67 3 0 2 0.00 M M 2.3 4 340 M M 0 M M
26 74 44 59 -4 6 0 0.00 M M 2.9 12 300 M M 0 21 360
27 80 44 62 -1 3 0 0.00 M M 3.5 10 40 M M 0 16 30
28 70 41 56 -7 9 0 0.00 M M 3.3 12 40 M M 0 18 40
29 71 43 57 -5 8 0 0.00 M M 3.7 12 130 M M 0 20 120
30 75 42 59 -3 6 0 0.00 M M 2.4 12 110 M M 0 17 110
================================================================================
SM 2381 1597 45 176 2.73 M 89.7 M 0
================================================================================
AV 82.1 57.0 3.3 FASTST M M 0 MAX(MPH)
MISC ----> # 16 200 27 210
================================================================================
NOTES:
# LAST OF SEVERAL OCCURRENCES
COLUMN 17 PEAK WIND IN M.P.H.
PRELIMINARY LOCAL CLIMATOLOGICAL DATA (WS FORM: F-6) , PAGE 2
STATION: CHILLICOTHE
MONTH: SEPTEMBER
YEAR: 2022
LATITUDE: 39 49 N
LONGITUDE: 93 35 W
[TEMPERATURE DATA] [PRECIPITATION DATA] SYMBOLS USED IN COLUMN 16
AVERAGE MONTHLY: 69.6 TOTAL FOR MONTH: 2.73 1 = FOG OR MIST
DPTR FM NORMAL: 2.3 DPTR FM NORMAL: -1.11 2 = FOG REDUCING VISIBILITY
HIGHEST: 97 ON 20 GRTST 24HR 1.47 ON 17-17 TO 1/4 MILE OR LESS
LOWEST: 41 ON 28 3 = THUNDER
SNOW, ICE PELLETS, HAIL 4 = ICE PELLETS
TOTAL MONTH: M 5 = HAIL
GRTST 24HR M ON M 6 = FREEZING RAIN OR DRIZZLE
GRTST DEPTH: M ON M 7 = DUSTSTORM OR SANDSTORM:
VSBY 1/2 MILE OR LESS
8 = SMOKE OR HAZE
[NO. OF DAYS WITH] [WEATHER - DAYS WITH] 9 = BLOWING SNOW
X = TORNADO
MAX 32 OR BELOW: 0 0.01 INCH OR MORE: 6
MAX 90 OR ABOVE: 3 0.10 INCH OR MORE: 3
MIN 32 OR BELOW: 0 0.50 INCH OR MORE: 3
MIN 0 OR BELOW: 0 1.00 INCH OR MORE: 1
[HDD (BASE 65) ]
TOTAL THIS MO. 45 CLEAR (SCALE 0-3) 27
DPTR FM NORMAL -22 PTCLDY (SCALE 4-7) 0
TOTAL FM JUL 1 45 CLOUDY (SCALE 8-10) 3
DPTR FM NORMAL -25
[CDD (BASE 65) ]
TOTAL THIS MO. 176
DPTR FM NORMAL 41 [PRESSURE DATA]
TOTAL FM JAN 1 1506 HIGHEST SLP M ON M
DPTR FM NORMAL 280 LOWEST SLP 29.81 ON 18
[REMARKS]
#FINAL-09-22#