000
CXUS53 KEAX 010736
CF6CDJ
PRELIMINARY LOCAL CLIMATOLOGICAL DATA (WS FORM: F-6)
STATION: CHILLICOTHE
MONTH: JUNE
YEAR: 2022
LATITUDE: 39 49 N
LONGITUDE: 93 35 W
TEMPERATURE IN F: :PCPN: SNOW: WIND :SUNSHINE: SKY :PK WND
================================================================================
1 2 3 4 5 6A 6B 7 8 9 10 11 12 13 14 15 16 17 18
12Z AVG MX 2MIN
DY MAX MIN AVG DEP HDD CDD WTR SNW DPTH SPD SPD DIR MIN PSBL S-S WX SPD DR
================================================================================
1 74 59 67 -3 0 2 1.22 M M 3.8 13 40 M M 0 21 10
2 77 55 66 -4 0 1 0.00 M M 1.3 9 330 M M 0 17 20
3 84 53 69 -1 0 4 0.00 M M 2.5 9 290 M M 0 15 240
4 81 57 69 -1 0 4 0.00 M M 4.3 15 190 M M 0 24 180
5 83 60 72 1 0 7 0.00 M M 3.6 14 190 M M 0 23 200
6 88 64 76 5 0 11 1.14 M M 2.6 22 10 M M 0 36 20
7 85 65 75 3 0 10 0.00 M M 2.7 10 30 M M 0 15 50
8 80 58 69 -3 0 4 1.09 M M 5.0 21 40 M M 0 37 40
9 83 56 70 -2 0 5 0.00 M M 1.4 8 280 M M 0 15 310
10 84 66 75 3 0 10 0.03 M M 2.8 10 150 M M 0 16 150
11 89 65 77 4 0 12 0.02 M M 2.8 9 190 M M 0 15 180
12 89 72 81 8 0 16 0.00 M M 3.2 9 100 M M 0 21 140
13 98 81 90 17 0 25 0.00 M M 8.8 18 190 M M 0 34 220
14 94 80 87 14 0 22 0.00 M M 11.3 20 190 M M 0 33 190
15 92 77 85 11 0 20 0.21 M M 7.6 20 190 M M 0 30 200
16 97 71 84 10 0 19 0.00 M M 2.2 8 180 M M 0 14 230
17 91 71 81 7 0 16 0.63 M M 4.6 30 300 M M 0 57 310
18 88 73 81 7 0 16 0.00 M M 5.5 13 110 M M 0 20 140
19 90 68 79 4 0 14 0.00 M M 6.8 12 160 M M 0 20 130
20 91 67 79 4 0 14 0.00 M M 5.8 14 200 M M 0 22 200
21 97 73 85 10 0 20 0.41 M M 5.8 16 360 M M 0 30 20
22 87 68 78 3 0 13 0.20 M M 1.2 13 20 M M 0 22 10
23 85 65 75 0 0 10 0.00 M M 1.7 12 190 M M 0 18 220
24 M 69 M M M M 0.76 M M 3.5 8 140 M M 0 M M
25 94 76 85 9 0 20 0.00 M M 6.0 15 180 M M 0 22 190
26 80 60 70 -6 0 5 0.00 M M 4.6 13 310 M M 0 23 330
27 82 56 69 -7 0 4 0.00 M M 0.9 7 100 M M 0 11 50
28 85 57 71 -5 0 6 0.00 M M 4.5 14 180 M M 0 20 180
29 91 65 78 2 0 13 0.00 M M 4.2 13 210 M M 0 21 190
30 91 66 79 3 0 14 0.00 M M 6.7 18 180 M M 0 28 170
================================================================================
SM 2530 1973 0 337 5.71 M 127.7 M 0
================================================================================
AV 87.2 65.8 4.3 FASTST M M 0 MAX(MPH)
MISC ----> 30 300 57 310
================================================================================
NOTES:
# LAST OF SEVERAL OCCURRENCES
COLUMN 17 PEAK WIND IN M.P.H.
PRELIMINARY LOCAL CLIMATOLOGICAL DATA (WS FORM: F-6) , PAGE 2
STATION: CHILLICOTHE
MONTH: JUNE
YEAR: 2022
LATITUDE: 39 49 N
LONGITUDE: 93 35 W
[TEMPERATURE DATA] [PRECIPITATION DATA] SYMBOLS USED IN COLUMN 16
AVERAGE MONTHLY: 76.5 TOTAL FOR MONTH: 5.71 1 = FOG OR MIST
DPTR FM NORMAL: 3.0 DPTR FM NORMAL: 0.42 2 = FOG REDUCING VISIBILITY
HIGHEST: 98 ON 13 GRTST 24HR 1.22 ON 1- 1 TO 1/4 MILE OR LESS
LOWEST: 53 ON 3 3 = THUNDER
SNOW, ICE PELLETS, HAIL 4 = ICE PELLETS
TOTAL MONTH: M 5 = HAIL
GRTST 24HR M ON M 6 = FREEZING RAIN OR DRIZZLE
GRTST DEPTH: M ON M 7 = DUSTSTORM OR SANDSTORM:
VSBY 1/2 MILE OR LESS
8 = SMOKE OR HAZE
[NO. OF DAYS WITH] [WEATHER - DAYS WITH] 9 = BLOWING SNOW
X = TORNADO
MAX 32 OR BELOW: 0 0.01 INCH OR MORE: 10
MAX 90 OR ABOVE: 11 0.10 INCH OR MORE: 8
MIN 32 OR BELOW: 0 0.50 INCH OR MORE: 5
MIN 0 OR BELOW: 0 1.00 INCH OR MORE: 3
[HDD (BASE 65) ]
TOTAL THIS MO. 0 CLEAR (SCALE 0-3) 30
DPTR FM NORMAL -9 PTCLDY (SCALE 4-7) 0
TOTAL FM JUL 1 4714 CLOUDY (SCALE 8-10) 0
DPTR FM NORMAL -579
[CDD (BASE 65) ]
TOTAL THIS MO. 337
DPTR FM NORMAL 73 [PRESSURE DATA]
TOTAL FM JAN 1 516 HIGHEST SLP M ON M
DPTR FM NORMAL 146 LOWEST SLP 29.60 ON 6
[REMARKS]
#FINAL-06-22#