000
CXUS53 KEAX 010736
CF6CDJ
PRELIMINARY LOCAL CLIMATOLOGICAL DATA (WS FORM: F-6)
STATION: CHILLICOTHE
MONTH: APRIL
YEAR: 2022
LATITUDE: 39 49 N
LONGITUDE: 93 35 W
TEMPERATURE IN F: :PCPN: SNOW: WIND :SUNSHINE: SKY :PK WND
================================================================================
1 2 3 4 5 6A 6B 7 8 9 10 11 12 13 14 15 16 17 18
12Z AVG MX 2MIN
DY MAX MIN AVG DEP HDD CDD WTR SNW DPTH SPD SPD DIR MIN PSBL S-S WX SPD DR
================================================================================
1 54 24 39 -11 26 0 0.00 M M 3.7 12 140 M M 0 18 140
2 61 37 49 -1 16 0 0.00 M M 7.4 22 310 M M 0 35 310
3 66 33 50 0 15 0 0.12 M M 4.3 14 130 M M 0 21 150
4 59 38 49 -1 16 0 0.00 M M 4.4 13 340 M M 0 26 20
5 72 41 57 6 8 0 0.25 M M 7.2 20 300 M M 0 37 300
6 60 42 51 0 14 0 0.00 M M 10.0 22 310 M M 0 37 280
7 47 35 41 -11 24 0 0.03 M M 12.4 23 300 M M 0 40 330
8 51 34 43 -9 22 0 0.01 M M 9.5 17 310 M M 0 34 310
9 61 27 44 -8 21 0 0.00 M M 4.1 12 150 M M 0 20 150
10 80 48 64 12 1 0 0.00 M M 11.4 26 200 M M 0 40 200
11 66 45 56 3 9 0 0.00 M M 3.6 9 110 M M 0 15 60
12 85 47 66 13 0 1 0.00 M M 15.5 30 190 M M 0 49 180
13 73 35 54 0 11 0 0.28 M M 9.5 16 320 M M 0 3 35 300
14 60 32 46 -8 19 0 0.00 M M 7.4 21 240 M M 0 38 230
15 59 36 48 -6 17 0 0.00 M M 6.2 14 60 M M 0 21 60
16 56 33 45 -9 20 0 0.00 M M 5.2 13 30 M M 0 21 350
17 44 33 39 -16 26 0 0.20 M M 6.8 13 110 M M 0 21 70
18 55 31 43 -12 22 0 0.00 M M 7.8 22 310 M M 0 39 300
19 55 25 40 -15 25 0 0.00 M M 5.8 13 120 M M 0 21 120
20 57 47 52 -4 13 0 0.31 M M 9.0 20 130 M M 0 32 140
21 73 38 56 0 9 0 0.00 M M 5.5 18 120 M M 0 29 100
22 84 63 74 18 0 9 0.00 M M 12.3 26 190 M M 0 43 180
23 76 58 67 10 0 2 0.54 M M 15.7 31 200 M M 0 49 200
24 68 50 59 2 6 0 0.01 M M 7.8 15 300 M M 0 27 260
25 58 37 48 -9 17 0 0.00 M M 7.7 18 310 M M 0 28 310
26 64 30 47 -11 18 0 0.00 M M 2.5 10 170 M M 0 16 170
27 76 43 60 2 5 0 0.00 M M 9.7 22 180 M M 0 31 170
28 72 59 66 8 0 1 0.01 M M 7.3 17 180 M M 0 27 170
29 68 55 62 4 3 0 0.77 M M 8.8 22 270 M M 0 41 270
30 66 54 60 1 5 0 0.34 M M 10.8 22 220 M M 0 37 270
================================================================================
SM 1926 1210 388 13 2.87 M 239.3 M 0
================================================================================
AV 64.2 40.3 8.0 FASTST M M 0 MAX(MPH)
MISC ----> 31 200 # 49 180
================================================================================
NOTES:
# LAST OF SEVERAL OCCURRENCES
COLUMN 17 PEAK WIND IN M.P.H.
PRELIMINARY LOCAL CLIMATOLOGICAL DATA (WS FORM: F-6) , PAGE 2
STATION: CHILLICOTHE
MONTH: APRIL
YEAR: 2022
LATITUDE: 39 49 N
LONGITUDE: 93 35 W
[TEMPERATURE DATA] [PRECIPITATION DATA] SYMBOLS USED IN COLUMN 16
AVERAGE MONTHLY: 52.3 TOTAL FOR MONTH: 2.87 1 = FOG OR MIST
DPTR FM NORMAL: -1.9 DPTR FM NORMAL: -0.97 2 = FOG REDUCING VISIBILITY
HIGHEST: 85 ON 12 GRTST 24HR 1.11 ON 29-30 TO 1/4 MILE OR LESS
LOWEST: 24 ON 1 3 = THUNDER
SNOW, ICE PELLETS, HAIL 4 = ICE PELLETS
TOTAL MONTH: M 5 = HAIL
GRTST 24HR M ON M 6 = FREEZING RAIN OR DRIZZLE
GRTST DEPTH: M ON M 7 = DUSTSTORM OR SANDSTORM:
VSBY 1/2 MILE OR LESS
8 = SMOKE OR HAZE
[NO. OF DAYS WITH] [WEATHER - DAYS WITH] 9 = BLOWING SNOW
X = TORNADO
MAX 32 OR BELOW: 0 0.01 INCH OR MORE: 12
MAX 90 OR ABOVE: 0 0.10 INCH OR MORE: 8
MIN 32 OR BELOW: 6 0.50 INCH OR MORE: 2
MIN 0 OR BELOW: 0 1.00 INCH OR MORE: 0
[HDD (BASE 65) ]
TOTAL THIS MO. 388 CLEAR (SCALE 0-3) 30
DPTR FM NORMAL 50 PTCLDY (SCALE 4-7) 0
TOTAL FM JUL 1 4619 CLOUDY (SCALE 8-10) 0
DPTR FM NORMAL -553
[CDD (BASE 65) ]
TOTAL THIS MO. 13
DPTR FM NORMAL -2 [PRESSURE DATA]
TOTAL FM JAN 1 13 HIGHEST SLP M ON M
DPTR FM NORMAL -4 LOWEST SLP 29.34 ON 12
[REMARKS]
#FINAL-04-22#