000
CXUS53 KEAX 010842
CF6CDJ
PRELIMINARY LOCAL CLIMATOLOGICAL DATA (WS FORM: F-6)
STATION: CHILLICOTHE
MONTH: DECEMBER
YEAR: 2023
LATITUDE: 39 49 N
LONGITUDE: 93 35 W
TEMPERATURE IN F: :PCPN: SNOW: WIND :SUNSHINE: SKY :PK WND
================================================================================
1 2 3 4 5 6A 6B 7 8 9 10 11 12 13 14 15 16 17 18
12Z AVG MX 2MIN
DY MAX MIN AVG DEP HDD CDD WTR SNW DPTH SPD SPD DIR MIN PSBL S-S WX SPD DR
================================================================================
1 42 34 38 1 27 0 0.62 M M 5.7 14 10 M M 0 26 360
2 38 34 36 0 29 0 0.08 M M 1.6 8 150 M M 0 11 130
3 40 34 37 1 28 0 0.07 M M 4.7 15 200 M M 0 22 200
4 45 34 40 4 25 0 0.02 M M 4.4 12 190 M M 0 16 350
5 41 24 33 -2 32 0 0.00 M M 5.1 15 330 M M 0 30 320
6 49 21 35 0 30 0 0.00 M M 6.4 17 180 M M 0 26 190
7 66 38 52 17 13 0 0.00 M M 10.1 20 180 M M 0 33 180
8 60 41 51 17 14 0 0.23 M M 2.8 9 300 M M 0 16 200
9 47 33 40 6 25 0 0.00 M M 8.9 21 310 M M 0 37 310
10 44 25 35 1 30 0 0.00 M M 4.7 13 310 M M 0 21 310
11 48 27 38 5 27 0 0.00 M M 1.8 8 270 M M 0 13 260
12 40 24 32 -1 33 0 0.00 M M 3.2 12 40 M M 0 17 50
13 47 28 38 5 27 0 0.00 M M 2.1 8 130 M M 0 12 130
14 55 24 40 8 25 0 0.00 M M 2.2 9 150 M M 0 14 190
15 54 40 47 15 18 0 0.06 M M 3.3 9 50 M M 0 15 60
16 45 38 42 10 23 0 0.24 M M 5.1 13 280 M M 0 23 250
17 52 35 44 12 21 0 0.00 M M 5.8 13 290 M M 0 21 290
18 37 20 29 -2 36 0 0.00 M M 6.9 17 310 M M 0 27 300
19 46 18 32 1 33 0 0.00 M M 6.3 15 150 M M 0 24 180
20 54 33 44 13 21 0 0.00 M M 4.3 14 200 M M 0 20 200
21 57 48 53 22 12 0 0.00 M M 4.7 13 190 M M 0 18 200
22 54 50 52 22 13 0 0.29 M M 2.9 10 200 M M 0 13 200
23 57 47 52 22 13 0 0.00 M M 3.7 10 190 M M 0 17 110
24 59 51 55 25 10 0 0.70 M M 9.0 16 160 M M 0 29 130
25 56 33 45 15 20 0 0.39 M M 8.8 16 140 M M 0 25 210
26 38 31 35 5 30 0 0.09 M M 8.5 17 180 M M 0 28 160
27 36 32 34 5 31 0 0.24 M M 5.0 12 350 M M 0 1 20 350
28 43 32 38 9 27 0 0.02 M M 8.4 16 320 M M 0 28 320
29 45 27 36 7 29 0 0.00 M M 5.9 14 310 M M 0 22 290
30 47 26 37 8 28 0 0.00 M M 3.8 14 320 M M 0 23 340
31 35 30 33 5 32 0 0.00 M M 8.0 15 320 M M 0 26 300
================================================================================
SM 1477 1012 762 0 3.05 M 164.1 M 0
================================================================================
AV 47.6 32.6 5.3 FASTST M M 0 MAX(MPH)
MISC ----> 21 310 37 310
================================================================================
NOTES:
# LAST OF SEVERAL OCCURRENCES
COLUMN 17 PEAK WIND IN M.P.H.
PRELIMINARY LOCAL CLIMATOLOGICAL DATA (WS FORM: F-6) , PAGE 2
STATION: CHILLICOTHE
MONTH: DECEMBER
YEAR: 2023
LATITUDE: 39 49 N
LONGITUDE: 93 35 W
[TEMPERATURE DATA] [PRECIPITATION DATA] SYMBOLS USED IN COLUMN 16
AVERAGE MONTHLY: 40.1 TOTAL FOR MONTH: 3.05 1 = FOG OR MIST
DPTR FM NORMAL: 8.0 DPTR FM NORMAL: 1.35 2 = FOG REDUCING VISIBILITY
HIGHEST: 66 ON 7 GRTST 24HR 1.09 ON 24-25 TO 1/4 MILE OR LESS
LOWEST: 18 ON 19 3 = THUNDER
SNOW, ICE PELLETS, HAIL 4 = ICE PELLETS
TOTAL MONTH: M 5 = HAIL
GRTST 24HR M ON M 6 = FREEZING RAIN OR DRIZZLE
GRTST DEPTH: M ON M 7 = DUSTSTORM OR SANDSTORM:
VSBY 1/2 MILE OR LESS
8 = SMOKE OR HAZE
[NO. OF DAYS WITH] [WEATHER - DAYS WITH] 9 = BLOWING SNOW
X = TORNADO
MAX 32 OR BELOW: 0 0.01 INCH OR MORE: 13
MAX 90 OR ABOVE: 0 0.10 INCH OR MORE: 7
MIN 32 OR BELOW: 15 0.50 INCH OR MORE: 2
MIN 0 OR BELOW: 0 1.00 INCH OR MORE: 0
[HDD (BASE 65) ]
TOTAL THIS MO. 762 CLEAR (SCALE 0-3) 31
DPTR FM NORMAL -256 PTCLDY (SCALE 4-7) 0
TOTAL FM JUL 1 1677 CLOUDY (SCALE 8-10) 0
DPTR FM NORMAL -401
[CDD (BASE 65) ]
TOTAL THIS MO. 0
DPTR FM NORMAL 0 [PRESSURE DATA]
TOTAL FM JAN 1 1409 HIGHEST SLP 30.72 ON 14
DPTR FM NORMAL 157 LOWEST SLP 29.58 ON 7
[REMARKS]
#FINAL-12-23#