000
CXUS55 KEAX 010836
CF6CDJ
PRELIMINARY LOCAL CLIMATOLOGICAL DATA (WS FORM: F-6)
STATION: CHILLICOTHE
MONTH: DECEMBER
YEAR: 2020
LATITUDE: 39 49 N
LONGITUDE: 93 35 W
TEMPERATURE IN F: :PCPN: SNOW: WIND :SUNSHINE: SKY :PK WND
================================================================================
1 2 3 4 5 6A 6B 7 8 9 10 11 12 13 14 15 16 17 18
12Z AVG MX 2MIN
DY MAX MIN AVG DEP HDD CDD WTR SNW DPTH SPD SPD DIR MIN PSBL S-S WX SPD DR
================================================================================
1 45 14 30 -4 35 0 0.00 M M 2.7 10 110 M M 0 16 110
2 51 21 36 2 29 0 0.00 M M 2.2 9 110 M M 0 14 100
3 45 24 35 2 30 0 0.00 M M 1.9 9 350 M M 0 16 340
4 55 22 39 6 26 0 0.00 M M 2.5 9 300 M M 0 15 270
5 56 22 39 7 26 0 0.00 M M 1.5 9 310 M M 0 14 330
6 49 24 37 5 28 0 0.00 M M 4.3 10 330 M M 0 17 350
7 37 27 32 0 33 0 0.00 M M 2.3 10 300 M M 0 16 290
8 41 30 36 5 29 0 0.00 M M 3.2 10 200 M M 0 14 210
9 67 30 49 18 16 0 0.00 M M 1.8 8 300 M M 0 12 310
10 68 29 49 18 16 0 0.00 M M 2.4 10 340 M M 0 18 340
11 43 40 42 12 23 0 0.35 M M 4.8 10 20 M M 0 16 10
12 42 32 37 7 28 0 0.07 M M 5.7 13 360 M M 0 21 10
13 33 23 28 -2 37 0 0.00 M M 4.7 14 310 M M 0 21 320
14 34 20 27 -3 38 0 0.00 M M 4.5 10 30 M M 0 14 40
15 29 18 24 -5 41 0 0.00 M M 4.8 12 30 M M 0 17 40
16 34 17 26 -3 39 0 0.00 M M 2.0 7 250 M M 0 11 280
17 44 25 35 6 30 0 0.00 M M 3.5 13 200 M M 0 17 190
18 54 29 42 13 23 0 0.00 M M 8.5 22 190 M M 0 34 190
19 43 20 32 3 33 0 0.00 M M 3.5 10 330 M M 0 18 340
20 50 19 35 7 30 0 0.00 M M 3.5 9 300 M M 0 14 200
21 59 32 46 18 19 0 0.00 M M 8.4 22 310 M M 0 39 310
22 60 24 42 14 23 0 0.00 M M 8.3 18 170 M M 0 32 160
23 59 20 40 12 25 0 0.00 M M 14.7 25 300 M M 0 44 290
24 24 9 17 -11 48 0 0.00 M M 10.9 22 310 M M 0 37 300
25 33 6 20 -8 45 0 0.00 M M 5.5 10 200 M M 0 17 320
26 47 16 32 4 33 0 0.00 M M 2.4 10 110 M M 0 14 90
27 54 29 42 14 23 0 0.00 M M 7.5 16 320 M M 0 25 310
28 38 23 31 3 34 0 0.00 M M 5.6 14 300 M M 0 22 310
29 33 25 29 2 36 0 1.45 M M 7.8 18 130 M M 0 30 130
30 34 18 26 -1 39 0 0.01 M M 5.8 14 300 M M 0 22 300
31 30 11 21 -6 44 0 0.00 M M 3.3 9 30 M M 0 15 20
================================================================================
SM 1391 699 959 0 1.88 M 150.5 M 0
================================================================================
AV 44.9 22.5 4.9 FASTST M M 0 MAX(MPH)
MISC ----> 25 300 44 290
================================================================================
NOTES:
# LAST OF SEVERAL OCCURRENCES
COLUMN 17 PEAK WIND IN M.P.H.
PRELIMINARY LOCAL CLIMATOLOGICAL DATA (WS FORM: F-6) , PAGE 2
STATION: CHILLICOTHE
MONTH: DECEMBER
YEAR: 2020
LATITUDE: 39 49 N
LONGITUDE: 93 35 W
[TEMPERATURE DATA] [PRECIPITATION DATA] SYMBOLS USED IN COLUMN 16
AVERAGE MONTHLY: 33.7 TOTAL FOR MONTH: 1.88 1 = FOG OR MIST
DPTR FM NORMAL: 4.0 DPTR FM NORMAL: 0.18 2 = FOG REDUCING VISIBILITY
HIGHEST: 68 ON 10 GRTST 24HR 1.46 ON 29-30 TO 1/4 MILE OR LESS
LOWEST: 6 ON 25 3 = THUNDER
SNOW, ICE PELLETS, HAIL 4 = ICE PELLETS
TOTAL MONTH: M 5 = HAIL
GRTST 24HR M ON M 6 = FREEZING RAIN OR DRIZZLE
GRTST DEPTH: M ON M 7 = DUSTSTORM OR SANDSTORM:
VSBY 1/2 MILE OR LESS
8 = SMOKE OR HAZE
[NO. OF DAYS WITH] [WEATHER - DAYS WITH] 9 = BLOWING SNOW
X = TORNADO
MAX 32 OR BELOW: 3 0.01 INCH OR MORE: 4
MAX 90 OR ABOVE: 0 0.10 INCH OR MORE: 2
MIN 32 OR BELOW: 30 0.50 INCH OR MORE: 1
MIN 0 OR BELOW: 0 1.00 INCH OR MORE: 1
[HDD (BASE 65) ]
TOTAL THIS MO. 959 CLEAR (SCALE 0-3) 31
DPTR FM NORMAL -135 PTCLDY (SCALE 4-7) 0
TOTAL FM JUL 1 1968 CLOUDY (SCALE 8-10) 0
DPTR FM NORMAL -248
[CDD (BASE 65) ]
TOTAL THIS MO. 0
DPTR FM NORMAL 0 [PRESSURE DATA]
TOTAL FM JAN 1 1299 HIGHEST SLP 30.56 ON 29
DPTR FM NORMAL 176 LOWEST SLP 29.41 ON 23
[REMARKS]
#FINAL-12-20#