363
CXUS55 KEAX 010736
CF6CDJ
PRELIMINARY LOCAL CLIMATOLOGICAL DATA (WS FORM: F-6)
STATION: CHILLICOTHE
MONTH: SEPTEMBER
YEAR: 2020
LATITUDE: 39 49 N
LONGITUDE: 93 35 W
TEMPERATURE IN F: :PCPN: SNOW: WIND :SUNSHINE: SKY :PK WND
================================================================================
1 2 3 4 5 6A 6B 7 8 9 10 11 12 13 14 15 16 17 18
12Z AVG MX 2MIN
DY MAX MIN AVG DEP HDD CDD WTR SNW DPTH SPD SPD DIR MIN PSBL S-S WX SPD DR
================================================================================
1 82 64 73 2 0 8 0.38 M M 3.7 17 200 M M 0 30 300
2 86 64 75 4 0 10 0.00 M M 1.2 7 190 M M 0 11 200
3 85 59 72 1 0 7 0.00 M M 2.7 12 360 M M 0 23 290
4 82 51 67 -3 0 2 0.00 M M 1.9 9 190 M M 0 13 210
5 91 56 74 4 0 9 0.00 M M 2.7 10 190 M M 0 16 180
6 90 73 82 12 0 17 0.00 M M 9.6 26 200 M M 0 40 200
7 83 63 73 4 0 8 0.00 M M 7.0 16 30 M M 0 24 20
8 63 50 57 -12 8 0 0.21 M M 9.7 18 30 M M 0 30 360
9 57 50 54 -14 11 0 0.29 M M 6.8 12 10 M M 0 21 30
10 57 52 55 -13 10 0 2.38 M M 6.0 12 40 M M 0 17 10
11 64 56 60 -8 5 0 0.63 M M 1.2 7 20 M M 0 11 20
12 76 59 68 1 0 3 0.29 M M 3.4 12 180 M M 0 18 170
13 78 52 65 -2 0 0 0.00 M M 1.6 8 30 M M 0 15 50
14 78 53 66 0 0 1 0.00 M M 1.5 8 130 M M 0 13 120
15 78 54 66 0 0 1 0.00 M M 1.2 7 190 M M 0 10 230
16 84 53 69 3 0 4 0.00 M M 1.7 8 350 M M 0 14 10
17 74 53 64 -1 1 0 0.00 M M 3.4 14 40 M M 0 19 30
18 73 50 62 -3 3 0 0.00 M M 2.7 9 30 M M 0 14 40
19 69 50 60 -4 5 0 0.00 M M 3.1 12 110 M M 0 19 110
20 74 48 61 -3 4 0 0.00 M M 3.5 12 140 M M 0 20 130
21 77 48 63 -1 2 0 0.00 M M 2.1 9 180 M M 0 13 190
22 79 52 66 3 0 1 0.00 M M 1.9 12 200 M M 0 16 200
23 79 56 68 5 0 3 0.00 M M 1.9 9 200 M M 0 14 200
24 80 52 66 4 0 1 0.00 M M 4.2 14 190 M M 0 20 200
25 85 57 71 9 0 6 0.00 M M 6.2 15 190 M M 0 24 170
26 87 63 75 13 0 10 0.00 M M 9.4 21 200 M M 0 30 200
27 72 51 62 1 3 0 0.83 M M 3.5 16 30 M M 0 30 20
28 66 49 58 -3 7 0 0.00 M M 5.7 16 310 M M 0 29 320
29 71 43 57 -4 8 0 0.00 M M 4.2 12 300 M M 0 19 310
30 73 48 61 1 4 0 0.00 M M 4.4 18 350 M M 0 30 360
================================================================================
SM 2293 1629 71 91 5.01 M 118.1 M 0
================================================================================
AV 76.4 54.3 3.9 FASTST M M 0 MAX(MPH)
MISC ----> 26 200 40 200
================================================================================
NOTES:
# LAST OF SEVERAL OCCURRENCES
COLUMN 17 PEAK WIND IN M.P.H.
PRELIMINARY LOCAL CLIMATOLOGICAL DATA (WS FORM: F-6) , PAGE 2
STATION: CHILLICOTHE
MONTH: SEPTEMBER
YEAR: 2020
LATITUDE: 39 49 N
LONGITUDE: 93 35 W
[TEMPERATURE DATA] [PRECIPITATION DATA] SYMBOLS USED IN COLUMN 16
AVERAGE MONTHLY: 65.4 TOTAL FOR MONTH: 5.01 1 = FOG OR MIST
DPTR FM NORMAL: -0.4 DPTR FM NORMAL: 1.10 2 = FOG REDUCING VISIBILITY
HIGHEST: 91 ON 5 GRTST 24HR 2.41 ON 10-11 TO 1/4 MILE OR LESS
LOWEST: 43 ON 29 3 = THUNDER
SNOW, ICE PELLETS, HAIL 4 = ICE PELLETS
TOTAL MONTH: M 5 = HAIL
GRTST 24HR M ON M 6 = FREEZING RAIN OR DRIZZLE
GRTST DEPTH: M ON M 7 = DUSTSTORM OR SANDSTORM:
VSBY 1/2 MILE OR LESS
8 = SMOKE OR HAZE
[NO. OF DAYS WITH] [WEATHER - DAYS WITH] 9 = BLOWING SNOW
X = TORNADO
MAX 32 OR BELOW: 0 0.01 INCH OR MORE: 7
MAX 90 OR ABOVE: 2 0.10 INCH OR MORE: 7
MIN 32 OR BELOW: 0 0.50 INCH OR MORE: 3
MIN 0 OR BELOW: 0 1.00 INCH OR MORE: 1
[HDD (BASE 65) ]
TOTAL THIS MO. 71 CLEAR (SCALE 0-3) 30
DPTR FM NORMAL -9 PTCLDY (SCALE 4-7) 0
TOTAL FM JUL 1 71 CLOUDY (SCALE 8-10) 0
DPTR FM NORMAL -14
[CDD (BASE 65) ]
TOTAL THIS MO. 91
DPTR FM NORMAL -13 [PRESSURE DATA]
TOTAL FM JAN 1 1267 HIGHEST SLP M ON M
DPTR FM NORMAL 162 LOWEST SLP 29.61 ON 26
[REMARKS]
#FINAL-09-20#