000
CXUS53 KEAX 010736
CF6CDJ
PRELIMINARY LOCAL CLIMATOLOGICAL DATA (WS FORM: F-6)
STATION: CHILLICOTHE
MONTH: SEPTEMBER
YEAR: 2023
LATITUDE: 39 49 N
LONGITUDE: 93 35 W
TEMPERATURE IN F: :PCPN: SNOW: WIND :SUNSHINE: SKY :PK WND
================================================================================
1 2 3 4 5 6A 6B 7 8 9 10 11 12 13 14 15 16 17 18
12Z AVG MX 2MIN
DY MAX MIN AVG DEP HDD CDD WTR SNW DPTH SPD SPD DIR MIN PSBL S-S WX SPD DR
================================================================================
1 83 57 70 -2 0 5 0.00 M M 3.1 10 90 M M 0 16 90
2 89 56 73 1 0 8 0.00 M M 3.2 9 140 M M 0 15 190
3 91 60 76 4 0 11 0.00 M M 3.9 13 170 M M 0 22 170
4 94 69 82 11 0 17 0.00 M M 5.4 13 140 M M 0 22 140
5 93 69 81 10 0 16 0.02 M M 8.1 18 200 M M 0 28 180
6 77 58 68 -3 0 3 0.00 M M 4.8 15 310 M M 0 8 22 310
7 80 52 66 -4 0 1 0.00 M M 1.8 8 40 M M 0 13 290
8 82 59 71 1 0 6 0.01 M M 2.1 10 40 M M 0 13 20
9 83 52 68 -2 0 3 0.00 M M 1.3 7 60 M M 0 12 20
10 84 56 70 1 0 5 0.00 M M 0.5 7 10 M M 0 12 20
11 71 57 64 -5 1 0 0.03 M M 2.3 8 20 M M 0 13 10
12 80 52 66 -3 0 1 0.00 M M 0.5 9 20 M M 0 13 10
13 83 49 66 -2 0 1 0.00 M M 1.6 8 170 M M 0 12 170
14 81 54 68 0 0 3 0.00 M M 1.2 9 180 M M 0 13 140
15 83 52 68 0 0 3 0.00 M M 2.1 10 230 M M 0 16 200
16 83 56 70 3 0 5 0.01 M M 1.7 13 310 M M 0 23 290
17 78 51 65 -2 0 0 0.00 M M 2.5 10 300 M M 0 19 320
18 82 46 64 -2 1 0 0.00 M M 4.0 10 180 M M 0 19 130
19 90 62 76 10 0 11 0.00 M M 6.6 22 180 M M 0 36 170
20 80 62 71 5 0 6 0.00 M M 4.9 14 110 M M 0 24 110
21 84 54 69 4 0 4 0.00 M M 3.6 9 30 M M 0 14 110
22 79 62 71 6 0 6 0.02 M M 2.9 12 140 M M 0 20 140
23 74 63 69 4 0 4 1.92 M M 5.2 17 120 M M 0 31 120
24 82 59 71 7 0 6 0.00 M M 2.3 10 300 M M 0 16 170
25 84 55 70 6 0 5 0.00 M M 1.0 10 300 M M 0 16 290
26 83 56 70 7 0 5 0.00 M M 2.5 8 300 M M 0 13 290
27 81 56 69 6 0 4 0.00 M M 1.8 10 30 M M 0 19 20
28 83 54 69 6 0 4 0.00 M M 3.7 10 120 M M 0 17 100
29 91 62 77 15 0 12 0.00 M M 4.0 14 200 M M 0 23 140
30 91 64 78 16 0 13 0.00 M M 3.2 13 180 M M 0 20 140
================================================================================
SM 2499 1714 2 168 2.01 M 91.8 M 0
================================================================================
AV 83.3 57.1 3.1 FASTST M M 0 MAX(MPH)
MISC ----> 22 180 36 170
================================================================================
NOTES:
# LAST OF SEVERAL OCCURRENCES
COLUMN 17 PEAK WIND IN M.P.H.
PRELIMINARY LOCAL CLIMATOLOGICAL DATA (WS FORM: F-6) , PAGE 2
STATION: CHILLICOTHE
MONTH: SEPTEMBER
YEAR: 2023
LATITUDE: 39 49 N
LONGITUDE: 93 35 W
[TEMPERATURE DATA] [PRECIPITATION DATA] SYMBOLS USED IN COLUMN 16
AVERAGE MONTHLY: 70.2 TOTAL FOR MONTH: 2.01 1 = FOG OR MIST
DPTR FM NORMAL: 2.9 DPTR FM NORMAL: -1.83 2 = FOG REDUCING VISIBILITY
HIGHEST: 94 ON 4 GRTST 24HR 1.96 ON 6- 7 TO 1/4 MILE OR LESS
LOWEST: 46 ON 18 3 = THUNDER
SNOW, ICE PELLETS, HAIL 4 = ICE PELLETS
TOTAL MONTH: M 5 = HAIL
GRTST 24HR M ON M 6 = FREEZING RAIN OR DRIZZLE
GRTST DEPTH: M ON M 7 = DUSTSTORM OR SANDSTORM:
VSBY 1/2 MILE OR LESS
8 = SMOKE OR HAZE
[NO. OF DAYS WITH] [WEATHER - DAYS WITH] 9 = BLOWING SNOW
X = TORNADO
MAX 32 OR BELOW: 0 0.01 INCH OR MORE: 6
MAX 90 OR ABOVE: 6 0.10 INCH OR MORE: 1
MIN 32 OR BELOW: 0 0.50 INCH OR MORE: 1
MIN 0 OR BELOW: 0 1.00 INCH OR MORE: 1
[HDD (BASE 65) ]
TOTAL THIS MO. 2 CLEAR (SCALE 0-3) 30
DPTR FM NORMAL -65 PTCLDY (SCALE 4-7) 0
TOTAL FM JUL 1 2 CLOUDY (SCALE 8-10) 0
DPTR FM NORMAL -68
[CDD (BASE 65) ]
TOTAL THIS MO. 168
DPTR FM NORMAL 33 [PRESSURE DATA]
TOTAL FM JAN 1 1350 HIGHEST SLP M ON M
DPTR FM NORMAL 124 LOWEST SLP 29.67 ON 5
[REMARKS]
#FINAL-09-23#