000
CXUS55 KGJT 011000
CF6CEZ
PRELIMINARY LOCAL CLIMATOLOGICAL DATA (WS FORM: F-6)
STATION: CORTEZ CO
MONTH: APRIL
YEAR: 2020
LATITUDE: 37 17 N
LONGITUDE: 108 38 W
TEMPERATURE IN F: :PCPN: SNOW: WIND :SUNSHINE: SKY :PK WND
================================================================================
1 2 3 4 5 6A 6B 7 8 9 10 11 12 13 14 15 16 17 18
12Z AVG MX 2MIN
DY MAX MIN AVG DEP HDD CDD WTR SNW DPTH SPD SPD DIR MIN PSBL S-S WX SPD DR
================================================================================
1 66 29 48 5 17 0 0.00 M M 7.5 22 200 M M 1 31 190
2 64 36 50 7 15 0 0.00 M M 12.2 24 250 M M 6 34 250
3 58 20 39 -5 26 0 0.00 M M 4.9 15 200 M M 1 21 210
4 63 33 48 4 17 0 0.00 M M 8.7 24 210 M M 5 31 210
5 66 29 48 4 17 0 0.00 M M 9.2 26 210 M M 1 8 36 210
6 69 27 48 4 17 0 0.00 M M 10.2 24 210 M M 0 34 210
7 67 30 49 4 16 0 0.00 M M 7.6 17 190 M M 0 26 170
8 71 26 49 4 16 0 0.00 M M 6.0 18 140 M M 0 27 140
9 65 33 49 4 16 0 0.00 M M 8.3 21 290 M M 3 3 26 290
10 65 23 44 -2 21 0 0.00 M M 6.4 18 210 M M 1 24 220
11 64 22 43 -3 22 0 0.00 M M 7.0 18 290 M M 0 27 300
12 60 35 48 2 17 0 T M M 9.9 26 270 M M 5 37 270
13 55 24 40 -6 25 0 0.00 M M 10.5 31 270 M M 3 42 300
14 50 16 33 -13 32 0 0.00 M M 8.3 22 330 M M 0 33 360
15 60 14 37 -10 28 0 0.00 M M 7.2 20 300 M M 1 26 280
16 63 32 48 1 17 0 0.00 M M 8.6 25 290 M M 7 36 230
17 64 27 46 -1 19 0 0.00 M M 4.7 17 280 M M 2 26 300
18 63 29 46 -2 19 0 T M M 8.1 23 230 M M 6 31 220
19 64 29 47 -1 18 0 0.00 M M 6.7 17 270 M M 4 27 20
20 66 29 48 0 17 0 0.03 M M 6.2 21 300 M M 1 31 300
21 62 33 48 0 17 0 0.07 M M 7.1 25 250 M M 8 37 260
22 67 28 48 -1 17 0 0.00 M M 8.7 25 300 M M 1 34 300
23 72 29 51 2 14 0 0.00 M M 8.3 21 270 M M 3 34 250
24 67 34 51 2 14 0 0.00 M M 9.2 21 270 M M 1 27 230
25 72 28 50 0 15 0 0.00 M M 7.4 17 280 M M 0 26 290
26 77 34 56 6 9 0 0.00 M M 7.2 22 200 M M 0 33 250
27 80 37 59 9 6 0 0.00 M M 7.7 23 290 M M 0 35 300
28 79 37 58 8 7 0 0.00 M M 10.8 25 310 M M 0 37 310
29 82 39 61 10 4 0 0.00 M M 8.3 20 220 M M 0 26 210
30 82 36 59 8 6 0 0.00 M M 7.7 23 220 M M 0 35 220
================================================================================
SM 2003 878 501 0 0.10 M 240.6 M 60
================================================================================
AV 66.8 29.3 8.0 FASTST M M 2 MAX(MPH)
MISC ----> # 31 270 # 42 300
================================================================================
NOTES:
# LAST OF SEVERAL OCCURRENCES
COLUMN 17 PEAK WIND IN M.P.H.
PRELIMINARY LOCAL CLIMATOLOGICAL DATA (WS FORM: F-6) , PAGE 2
STATION: CORTEZ CO
MONTH: APRIL
YEAR: 2020
LATITUDE: 37 17 N
LONGITUDE: 108 38 W
[TEMPERATURE DATA] [PRECIPITATION DATA] SYMBOLS USED IN COLUMN 16
AVERAGE MONTHLY: 48.0 TOTAL FOR MONTH: 0.10 1 = FOG OR MIST
DPTR FM NORMAL: 1.0 DPTR FM NORMAL: -1.04 2 = FOG REDUCING VISIBILITY
HIGHEST: 82 ON 30,29 GRTST 24HR 0.07 ON 21-21 TO 1/4 MILE OR LESS
LOWEST: 14 ON 15 3 = THUNDER
SNOW, ICE PELLETS, HAIL 4 = ICE PELLETS
TOTAL MONTH: M 5 = HAIL
GRTST 24HR M ON M 6 = FREEZING RAIN OR DRIZZLE
GRTST DEPTH: M ON M 7 = DUSTSTORM OR SANDSTORM:
VSBY 1/2 MILE OR LESS
8 = SMOKE OR HAZE
[NO. OF DAYS WITH] [WEATHER - DAYS WITH] 9 = BLOWING SNOW
X = TORNADO
MAX 32 OR BELOW: 0 0.01 INCH OR MORE: 2
MAX 90 OR ABOVE: 0 0.10 INCH OR MORE: 0
MIN 32 OR BELOW: 19 0.50 INCH OR MORE: 0
MIN 0 OR BELOW: 0 1.00 INCH OR MORE: 0
[HDD (BASE 65) ]
TOTAL THIS MO. 501 CLEAR (SCALE 0-3) 22
DPTR FM NORMAL -39 PTCLDY (SCALE 4-7) 8
TOTAL FM JUL 1 5953 CLOUDY (SCALE 8-10) 0
DPTR FM NORMAL -117
[CDD (BASE 65) ]
TOTAL THIS MO. 0
DPTR FM NORMAL 0 [PRESSURE DATA]
TOTAL FM JAN 1 0 HIGHEST SLP 30.22 ON 14
DPTR FM NORMAL 0 LOWEST SLP 29.59 ON 12
[REMARKS]
#FINAL-04-20#