658
CXUS55 KPAH 011011
CF6CGI
PRELIMINARY LOCAL CLIMATOLOGICAL DATA (WS FORM: F-6)
STATION: CAPE GIRARDEAU MO
MONTH: JULY
YEAR: 2020
LATITUDE: 37 13 N
LONGITUDE: 89 35 W
TEMPERATURE IN F: :PCPN: SNOW: WIND :SUNSHINE: SKY :PK WND
================================================================================
1 2 3 4 5 6A 6B 7 8 9 10 11 12 13 14 15 16 17 18
12Z AVG MX 2MIN
DY MAX MIN AVG DEP HDD CDD WTR SNW DPTH SPD SPD DIR MIN PSBL S-S WX SPD DR
================================================================================
1 85 70 78 0 0 13 0.04 M M 3.7 26 300 M M 5 3 36 300
2 88 70 79 1 0 14 0.00 M M 3.3 12 50 M M 4 12 16 50
3 92 71 82 4 0 17 0.00 M M 4.8 14 70 M M 1 12 18 70
4 91 68 80 2 0 15 0.00 M M 3.2 10 60 M M 0 128 15 40
5 92 69 81 2 0 16 0.00 M M 4.0 12 80 M M 1 128 16 50
6 93 71 82 3 0 17 0.00 M M 2.8 14 270 M M 1 13 17 280
7 94 72 83 4 0 18 0.00 M M 2.6 17 350 M M 1 138 22 360
8 92 71 82 3 0 17 0.00 M M 2.8 10 240 M M 1 13 14 240
9 94 72 83 4 0 18 0.00 M M 4.6 14 210 M M 2 1 20 200
10 91 70 81 2 0 16 0.00 M M 7.5 16 340 M M 0 1 22 20
11 95 66 81 2 0 16 0.00 M M 5.0 13 230 M M 0 18 210
12 91 69 80 1 0 15 0.00 M M 7.6 18 330 M M 3 3 25 340
13 90 66 78 -1 0 13 0.00 M M 4.7 15 50 M M 0 18 40
14 91 65 78 -1 0 13 0.00 M M 5.6 13 110 M M 0 18 110
15 94 72 83 4 0 18 0.35 M M 10.0 22 350 M M 5 13 30 350
16 87 73 80 1 0 15 0.00 M M 6.1 13 360 M M 3 17 360
17 93 73 83 4 0 18 0.56 M M 4.1 26 160 M M 3 13 43 150
18 92 73 83 4 0 18 0.00 M M 6.6 16 220 M M 3 1 23 200
19 93 74 84 5 0 19 0.00 M M 7.2 17 240 M M 1 1 25 310
20 93 72 83 4 0 18 0.11 M M 4.3 24 330 M M 1 13 34 340
21 92 70 81 2 0 16 0.07 M M 5.2 14 200 M M 1 13 18 200
22 90 72 81 2 0 16 0.01 M M 4.7 16 340 M M 1 13 28 330
23 94 72 83 4 0 18 0.00 M M 2.2 22 340 M M 3 13 29 340
24 93 70 82 3 0 17 T M M 2.8 15 100 M M 1 18 20 100
25 93 71 82 4 0 17 0.00 M M 3.7 13 220 M M 2 1 18 230
26 92 73 83 5 0 18 0.00 M M 5.4 13 210 M M 1 19 210
27 93 73 83 5 0 18 0.02 M M 5.8 15 240 M M 1 23 290
28 89 73 81 3 0 16 0.01 M M 2.8 12 50 M M 5 14 60
29 89 72 81 3 0 16 0.00 M M 4.6 14 230 M M 3 123 19 240
30 91 73 82 4 0 17 0.44 M M 7.7 18 330 M M 5 13 25 340
31 85 73 79 1 0 14 0.52 M M 2.6 16 200 M M 6 138 25 190
================================================================================
SM 2832 2199 0 507 2.13 M 148.0 M 64
================================================================================
AV 91.4 70.9 4.8 FASTST M M 2 MAX(MPH)
MISC ----> # 26 300 43 150
================================================================================
NOTES:
# LAST OF SEVERAL OCCURRENCES
COLUMN 17 PEAK WIND IN M.P.H.
PRELIMINARY LOCAL CLIMATOLOGICAL DATA (WS FORM: F-6) , PAGE 2
STATION: CAPE GIRARDEAU MO
MONTH: JULY
YEAR: 2020
LATITUDE: 37 13 N
LONGITUDE: 89 35 W
[TEMPERATURE DATA] [PRECIPITATION DATA] SYMBOLS USED IN COLUMN 16
AVERAGE MONTHLY: 81.1 TOTAL FOR MONTH: 2.13 1 = FOG OR MIST
DPTR FM NORMAL: 2.5 DPTR FM NORMAL: -1.23 2 = FOG REDUCING VISIBILITY
HIGHEST: 95 ON 11 GRTST 24HR 0.63 ON 30- 1 TO 1/4 MILE OR LESS
LOWEST: 65 ON 14 3 = THUNDER
SNOW, ICE PELLETS, HAIL 4 = ICE PELLETS
TOTAL MONTH: M 5 = HAIL
GRTST 24HR M ON M 6 = FREEZING RAIN OR DRIZZLE
GRTST DEPTH: M ON M 7 = DUSTSTORM OR SANDSTORM:
VSBY 1/2 MILE OR LESS
8 = SMOKE OR HAZE
[NO. OF DAYS WITH] [WEATHER - DAYS WITH] 9 = BLOWING SNOW
X = TORNADO
MAX 32 OR BELOW: 0 0.01 INCH OR MORE: 10
MAX 90 OR ABOVE: 25 0.10 INCH OR MORE: 5
MIN 32 OR BELOW: 0 0.50 INCH OR MORE: 2
MIN 0 OR BELOW: 0 1.00 INCH OR MORE: 0
[HDD (BASE 65) ]
TOTAL THIS MO. 0 CLEAR (SCALE 0-3) 25
DPTR FM NORMAL 0 PTCLDY (SCALE 4-7) 6
TOTAL FM JUL 1 0 CLOUDY (SCALE 8-10) 0
DPTR FM NORMAL 0
[CDD (BASE 65) ]
TOTAL THIS MO. 507
DPTR FM NORMAL 85 [PRESSURE DATA]
TOTAL FM JAN 1 983 HIGHEST SLP 30.14 ON 17
DPTR FM NORMAL 97 LOWEST SLP 29.72 ON 30
[REMARKS]
#FINAL-07-20#