000
CXUS53 KPAH 010730
CF6CGI
PRELIMINARY LOCAL CLIMATOLOGICAL DATA (WS FORM: F-6)
STATION: CAPE GIRARDEAU MO
MONTH: SEPTEMBER
YEAR: 2023
LATITUDE: 37 13 N
LONGITUDE: 89 35 W
TEMPERATURE IN F: :PCPN: SNOW: WIND :SUNSHINE: SKY :PK WND
================================================================================
1 2 3 4 5 6A 6B 7 8 9 10 11 12 13 14 15 16 17 18
12Z AVG MX 2MIN
DY MAX MIN AVG DEP HDD CDD WTR SNW DPTH SPD SPD DIR MIN PSBL S-S WX SPD DR
================================================================================
1 85 52 69 -5 0 4 0.00 M M 2.6 10 70 M M 1 12 14 50
2 88 63 76 2 0 11 0.00 M M 2.1 8 300 M M 6 1 10 310
3 88 68 78 4 0 13 0.00 M M 4.2 9 220 M M 5 1 15 210
4 92 71 82 8 0 17 1.00 M M 5.7 22 270 M M 3 13 30 270
5 86 70 78 5 0 13 0.02 M M 6.5 13 190 M M 5 22 200
6 89 64 77 4 0 12 0.17 M M 8.4 28 280 M M M 39 290
7 83 60 72 -1 0 7 0.00 M M 4.8 13 340 M M 0 18 20 330
8 81 58 70 -2 0 5 0.00 M M 4.0 14 40 M M 2 12 20 10
9 80 56 68 -4 0 3 0.00 M M 6.3 16 350 M M 3 22 20
10 83 55 69 -3 0 4 0.00 M M 4.5 13 40 M M 1 1 18 30
11 85 55 70 -1 0 5 0.00 M M 2.2 8 300 M M 3 12 13 300
12 77 58 68 -3 0 3 T M M 6.2 14 350 M M 7 1 18 330
13 81 52 67 -4 0 2 0.00 M M 3.9 14 90 M M 0 1 20 90
14 83 51 67 -3 0 2 0.00 M M 3.9 17 360 M M 1 1 23 70
15 82 46 64 -6 1 0 0.00 M M 2.3 12 40 M M 0 1 16 30
16 82 55 69 -1 0 4 0.00 M M 2.3 15 320 M M 1 1 20 330
17 81 54 68 -1 0 3 0.01 M M 4.8 15 340 M M 3 3 21 360
18 81 51 66 -3 0 1 0.00 M M 2.9 12 20 M M 1 1 16 30
19 83 50 67 -2 0 2 0.00 M M 5.6 12 140 M M 0 8 17 150
20 77 55 66 -2 0 1 T M M 2.9 9 110 M M 4 11 110
21 86 61 74 6 0 9 0.04 M M 5.2 14 170 M M 4 128 21 160
22 87 63 75 7 0 10 0.08 M M 4.5 13 170 M M 2 1 18 140
23 88 57 73 6 0 8 0.00 M M 2.4 10 70 M M 0 128 14 60
24 83 62 73 6 0 8 0.14 M M 3.5 10 60 M M 2 1 13 150
25 87 60 74 8 0 9 0.00 M M 1.9 7 330 M M 4 1 10 250
26 90 58 74 8 0 9 0.00 M M 2.0 9 190 M M 2 12 14 190
27 90 64 77 11 0 12 0.01 M M 5.8 14 140 M M 3 1 21 240
28 88 63 76 11 0 11 T M M 4.6 13 80 M M 4 138 16 100
29 90 61 76 11 0 11 0.00 M M 2.8 10 70 M M 1 18 11 70
30 90 60 75 10 0 10 0.00 M M 3.8 15 70 M M 1 128 19 60
================================================================================
SM 2546 1753 1 209 1.47 M 122.6 M 69
================================================================================
AV 84.9 58.4 4.1 FASTST M M 2 MAX(MPH)
MISC ----> 28 280 39 290
================================================================================
NOTES:
# LAST OF SEVERAL OCCURRENCES
COLUMN 17 PEAK WIND IN M.P.H.
PRELIMINARY LOCAL CLIMATOLOGICAL DATA (WS FORM: F-6) , PAGE 2
STATION: CAPE GIRARDEAU MO
MONTH: SEPTEMBER
YEAR: 2023
LATITUDE: 37 13 N
LONGITUDE: 89 35 W
[TEMPERATURE DATA] [PRECIPITATION DATA] SYMBOLS USED IN COLUMN 16
AVERAGE MONTHLY: 71.7 TOTAL FOR MONTH: 1.47 1 = FOG OR MIST
DPTR FM NORMAL: 2.0 DPTR FM NORMAL: -2.14 2 = FOG REDUCING VISIBILITY
HIGHEST: 92 ON 4 GRTST 24HR 1.00 ON 4- 4 TO 1/4 MILE OR LESS
LOWEST: 46 ON 15 3 = THUNDER
SNOW, ICE PELLETS, HAIL 4 = ICE PELLETS
TOTAL MONTH: M 5 = HAIL
GRTST 24HR M ON M 6 = FREEZING RAIN OR DRIZZLE
GRTST DEPTH: M ON M 7 = DUSTSTORM OR SANDSTORM:
VSBY 1/2 MILE OR LESS
8 = SMOKE OR HAZE
[NO. OF DAYS WITH] [WEATHER - DAYS WITH] 9 = BLOWING SNOW
X = TORNADO
MAX 32 OR BELOW: 0 0.01 INCH OR MORE: 8
MAX 90 OR ABOVE: 5 0.10 INCH OR MORE: 3
MIN 32 OR BELOW: 0 0.50 INCH OR MORE: 1
MIN 0 OR BELOW: 0 1.00 INCH OR MORE: 1
[HDD (BASE 65) ]
TOTAL THIS MO. 1 CLEAR (SCALE 0-3) 20
DPTR FM NORMAL -36 PTCLDY (SCALE 4-7) 9
TOTAL FM JUL 1 1 CLOUDY (SCALE 8-10) 1
DPTR FM NORMAL -36
[CDD (BASE 65) ]
TOTAL THIS MO. 209
DPTR FM NORMAL 30 [PRESSURE DATA]
TOTAL FM JAN 1 1496 HIGHEST SLP M ON M
DPTR FM NORMAL -28 LOWEST SLP 29.84 ON 6
[REMARKS]
#FINAL-09-23#