000
CXUS53 KPAH 021459
CLMCGI
CLIMATE REPORT
NATIONAL WEATHER SERVICE PADUCAH KY
959 AM CDT THU NOV 02 2023
...................................
...THE CAPE GIRARDEAU MO CLIMATE SUMMARY FOR THE MONTH OF OCTOBER 2023...
CLIMATE NORMAL PERIOD 1991 TO 2020
CLIMATE RECORD PERIOD 1960 TO 2023
WEATHER OBSERVED NORMAL DEPART LAST YEAR`S
VALUE DATE(S) VALUE FROM VALUE
NORMAL
..............................................................
TEMPERATURE (F)
RECORD
HIGH 94 10/02/2019
10/01/2019
LOW 22 10/20/2022
HIGHEST 89 10/02 83
LOWEST 25 10/31 22
AVG. MAXIMUM 73.0 70.9 2.1 73.4
AVG. MINIMUM 47.2 46.3 0.9 41.3
MEAN 60.1 58.6 1.5 57.3
DAYS MAX >= 90 0 0.3 -0.3 0
DAYS MAX <= 32 0 0.0 0.0 0
DAYS MIN <= 32 2 2.4 -0.4 7
DAYS MIN <= 0 0 0.0 0.0 0
PRECIPITATION (INCHES)
RECORD
MAXIMUM 10.65 1984
MINIMUM T 1964
TOTALS 3.74 3.57 0.17 1.23
DAILY AVG. 0.12 0.12 0.00 0.04
DAYS >= .01 8 8.6 -0.6 4
DAYS >= .10 5 5.7 -0.7 4
DAYS >= .50 3 2.5 0.5 1
DAYS >= 1.00 1 1.2 -0.2 0
GREATEST
24 HR. TOTAL 2.24 10/28 TO 10/29
DEGREE DAYS
HEATING TOTAL 203 238 -35 257
SINCE 7/1 204 276 -72 MM
COOLING TOTAL 57 39 18 24
SINCE 1/1 1553 1563 -10 MM
..............................................................
WIND (MPH)
AVERAGE WIND SPEED 6.9
HIGHEST WIND SPEED/DIRECTION 25/350 DATE 10/15
HIGHEST GUST SPEED/DIRECTION 36/340 DATE 10/15
SKY COVER
POSSIBLE SUNSHINE (PERCENT) MM
AVERAGE SKY COVER 0.31
NUMBER OF DAYS FAIR 22
NUMBER OF DAYS PC 5
NUMBER OF DAYS CLOUDY 4
AVERAGE RH (PERCENT) 70
WEATHER CONDITIONS. NUMBER OF DAYS WITH
THUNDERSTORM 0 MIXED PRECIP 0
HEAVY RAIN 2 RAIN 4
LIGHT RAIN 11 FREEZING RAIN 0
LT FREEZING RAIN 0 HAIL 0
HEAVY SNOW 0 SNOW 0
LIGHT SNOW 0 SLEET 0
FOG 18 FOG W/VIS <= 1/4 MILE 9
HAZE 10
- INDICATES NEGATIVE NUMBERS.
R INDICATES RECORD WAS SET OR TIED.
MM INDICATES DATA IS MISSING.
T INDICATES TRACE AMOUNT.
$$