000
CXUS54 KMRX 011030
CF6CHA
PRELIMINARY LOCAL CLIMATOLOGICAL DATA (WS FORM: F-6)
STATION: CHATTANOOGA AIRPORT
MONTH: JULY
YEAR: 2022
LATITUDE: 35 1 N
LONGITUDE: 85 12 W
TEMPERATURE IN F: :PCPN: SNOW: WIND :SUNSHINE: SKY :PK WND
================================================================================
1 2 3 4 5 6A 6B 7 8 9 10 11 12 13 14 15 16 17 18
12Z AVG MX 2MIN
DY MAX MIN AVG DEP HDD CDD WTR SNW DPTH SPD SPD DIR MIN PSBL S-S WX SPD DR
================================================================================
1 92 73 83 3 0 18 0.00 0.0 0 4.0 13 230 M M 5 3 21 240
2 90 74 82 2 0 17 0.10 0.0 0 2.8 17 340 M M 6 138 22 330
3 93 74 84 4 0 19 0.06 0.0 0 3.6 23 250 M M 5 138 31 250
4 94 73 84 4 0 19 0.00 0.0 0 2.5 8 180 M M 5 18 13 210
5 97 77 87 7 0 22 0.04 0.0 0 4.4 18 350 M M 4 38 23 340
6 98 77 88 8 0 23 T 0.0 0 2.9 23 300 M M 5 138 33 280
7 95 76 86 6 0 21 0.05 0.0 0 2.8 23 350 M M 6 3 28 360
8 99 74 87 7 0 22 0.54 0.0 0 3.1 32 350 M M 6 138 41 340
9 89 73 81 0 0 16 1.23 0.0 0 5.0 23 210 M M 8 138 29 280
10 87 72 80 -1 0 15 0.02 0.0 0 4.7 18 10 M M 6 1 21 10
11 89 74 82 1 0 17 0.00 0.0 0 5.2 12 150 M M 7 16 180
12 92 74 83 2 0 18 0.00 0.0 0 3.7 10 190 M M 5 15 210
13 89 74 82 1 0 17 0.00 0.0 0 5.0 13 320 M M 7 21 220
14 92 68 80 -1 0 15 0.00 0.0 0 1.9 10 60 M M 4 1 14 40
15 94 69 82 1 0 17 0.00 0.0 0 2.0 13 340 M M 3 17 340
16 96 73 85 4 0 20 0.00 0.0 0 3.5 10 210 M M 3 17 250
17 94 73 84 3 0 19 0.00 0.0 0 4.3 15 190 M M 4 23 250
18 90 75 83 2 0 18 0.30 0.0 0 6.7 20 220 M M 5 1 33 230
19 86 74 80 -1 0 15 0.32 0.0 0 4.2 22 210 M M 6 18 27 210
20 95 75 85 4 0 20 0.58 0.0 0 7.0 17 210 M M 6 13 25 190
21 89 70 80 -1 0 15 0.73 0.0 0 5.2 22 50 M M 7 13 33 50
22 95 71 83 2 0 18 0.00 0.0 0 2.5 12 170 M M 5 1 16 180
23 95 75 85 4 0 20 0.00 0.0 0 3.5 9 170 M M 2 16 120
24 93 75 84 3 0 19 0.00 0.0 0 5.7 16 120 M M 3 22 120
25 91 76 84 3 0 19 T 0.0 0 5.7 13 180 M M 6 18 150
26 91 76 84 3 0 19 0.04 0.0 0 6.2 15 180 M M 6 23 230
27 95 76 86 5 0 21 0.00 0.0 0 7.7 16 200 M M 5 22 190
28 95 75 85 4 0 20 0.11 0.0 0 5.6 17 300 M M 5 3 24 260
29 88 76 82 1 0 17 0.01 0.0 0 3.7 18 310 M M 6 3 23 320
30 90 75 83 2 0 18 1.51 0.0 0 4.0 14 200 M M 8 13 18 190
31 90 74 82 1 0 17 0.21 0.0 0 6.8 20 170 M M 7 13 29 150
================================================================================
SM 2863 2291 0 571 5.85 0.0 135.9 M 166
================================================================================
AV 92.4 73.9 4.4 FASTST M M 5 MAX(MPH)
MISC ----> 32 350 41 340
================================================================================
NOTES:
# LAST OF SEVERAL OCCURRENCES
COLUMN 17 PEAK WIND IN M.P.H.
PRELIMINARY LOCAL CLIMATOLOGICAL DATA (WS FORM: F-6) , PAGE 2
STATION: CHATTANOOGA AIRPORT
MONTH: JULY
YEAR: 2022
LATITUDE: 35 1 N
LONGITUDE: 85 12 W
[TEMPERATURE DATA] [PRECIPITATION DATA] SYMBOLS USED IN COLUMN 16
AVERAGE MONTHLY: 83.1 TOTAL FOR MONTH: 5.85 1 = FOG OR MIST
DPTR FM NORMAL: 2.4 DPTR FM NORMAL: 0.77 2 = FOG REDUCING VISIBILITY
HIGHEST: 99 ON 8 GRTST 24HR 1.51 ON 29-30 TO 1/4 MILE OR LESS
LOWEST: 68 ON 14 3 = THUNDER
SNOW, ICE PELLETS, HAIL 4 = ICE PELLETS
TOTAL MONTH: 0.0 INCH 5 = HAIL
GRTST 24HR 0.0 6 = FREEZING RAIN OR DRIZZLE
GRTST DEPTH: 0 7 = DUSTSTORM OR SANDSTORM:
VSBY 1/2 MILE OR LESS
8 = SMOKE OR HAZE
[NO. OF DAYS WITH] [WEATHER - DAYS WITH] 9 = BLOWING SNOW
X = TORNADO
MAX 32 OR BELOW: 0 0.01 INCH OR MORE: 16
MAX 90 OR ABOVE: 24 0.10 INCH OR MORE: 10
MIN 32 OR BELOW: 0 0.50 INCH OR MORE: 5
MIN 0 OR BELOW: 0 1.00 INCH OR MORE: 2
[HDD (BASE 65) ]
TOTAL THIS MO. 0 CLEAR (SCALE 0-3) 3
DPTR FM NORMAL 0 PTCLDY (SCALE 4-7) 28
TOTAL FM JUL 1 0 CLOUDY (SCALE 8-10) 0
DPTR FM NORMAL 0
[CDD (BASE 65) ]
TOTAL THIS MO. 571
DPTR FM NORMAL 83 [PRESSURE DATA]
TOTAL FM JAN 1 1341 HIGHEST SLP 30.19 ON 31
DPTR FM NORMAL 233 LOWEST SLP 29.80 ON 20
[REMARKS]
#FINAL-07-22#