000
CXUS54 KMRX 011130
CF6CHA
PRELIMINARY LOCAL CLIMATOLOGICAL DATA (WS FORM: F-6)
STATION: CHATTANOOGA AIRPORT
MONTH: NOVEMBER
YEAR: 2023
LATITUDE: 35 1 N
LONGITUDE: 85 12 W
TEMPERATURE IN F: :PCPN: SNOW: WIND :SUNSHINE: SKY :PK WND
================================================================================
1 2 3 4 5 6A 6B 7 8 9 10 11 12 13 14 15 16 17 18
12Z AVG MX 2MIN
DY MAX MIN AVG DEP HDD CDD WTR SNW DPTH SPD SPD DIR MIN PSBL S-S WX SPD DR
================================================================================
1 52 33 43 -13 22 0 0.00 0.0 0 10.0 28 360 M M 1 36 360
2 59 27 43 -13 22 0 0.00 0.0 0 1.4 9 210 M M 1 13 150
3 66 30 48 -7 17 0 0.00 0.0 0 2.2 10 170 M M 1 17 190
4 74 33 54 -1 11 0 0.00 0.0 0 0.5 5 140 M M 1 5 140
5 77 40 59 4 6 0 0.00 0.0 0 2.2 6 10 M M 1 M M
6 79 41 60 6 5 0 0.00 0.0 0 1.9 14 220 M M 3 18 210
7 83 46 65 11 0 0 0.00 0.0 0 3.1 13 240 M M 1 20 240
8 82 49 66 12 0 1 0.00 0.0 0 4.6 17 180 M M 2 28 180
9 76 58 67 14 0 2 0.00 0.0 0 3.4 12 20 M M 7 14 20
10 66 54 60 7 5 0 0.06 0.0 0 8.3 16 360 M M 8 1 20 360
11 61 52 57 5 8 0 T 0.0 0 6.0 13 30 M M 9 17 20
12 65 47 56 4 9 0 0.00 0.0 0 1.8 9 10 M M 8 10 170
13 73 43 58 6 7 0 0.00 0.0 0 1.2 12 360 M M 6 12 15 360
14 69 43 56 5 9 0 0.00 0.0 0 2.8 13 30 M M 7 17 30
15 67 51 59 8 6 0 0.00 0.0 0 1.6 9 100 M M 7 13 90
16 76 56 66 15 0 1 0.00 0.0 0 4.6 15 130 M M 7 8 23 160
17 75 53 64 14 1 0 T 0.0 0 3.1 14 190 M M 7 21 220
18 68 50 59 9 6 0 0.00 0.0 0 8.4 16 360 M M 3 8 24 350
19 70 46 58 8 7 0 0.00 0.0 0 4.7 15 10 M M 2 19 10
20 68 44 56 6 9 0 0.00 0.0 0 6.0 20 140 M M 8 29 140
21 65 54 60 11 5 0 2.77 0.0 0 7.1 22 150 M M 9 18 34 130
22 56 42 49 0 16 0 0.00 0.0 0 7.9 16 330 M M 10 21 340
23 57 35 46 -3 19 0 0.00 0.0 0 2.6 12 10 M M 4 15 10
24 64 43 54 6 11 0 0.00 0.0 0 5.8 14 360 M M 6 19 10
25 62 40 51 3 14 0 0.00 0.0 0 4.8 14 150 M M 4 17 140
26 53 45 49 1 16 0 0.03 0.0 0 6.7 20 310 M M 8 18 26 310
27 49 33 41 -7 24 0 0.00 0.0 0 6.3 17 310 M M 4 23 320
28 49 28 39 -9 26 0 0.00 0.0 0 4.3 16 330 M M 1 22 340
29 57 23 40 -7 25 0 0.00 0.0 0 2.5 12 230 M M 1 15 220
30 62 30 46 -1 19 0 0.00 0.0 0 2.7 15 180 M M 4 23 150
================================================================================
SM 1980 1269 325 4 2.86 0.0 128.5 M 141
================================================================================
AV 66.0 42.3 4.3 FASTST M M 5 MAX(MPH)
MISC ----> 28 360 36 360
================================================================================
NOTES:
# LAST OF SEVERAL OCCURRENCES
COLUMN 17 PEAK WIND IN M.P.H.
PRELIMINARY LOCAL CLIMATOLOGICAL DATA (WS FORM: F-6) , PAGE 2
STATION: CHATTANOOGA AIRPORT
MONTH: NOVEMBER
YEAR: 2023
LATITUDE: 35 1 N
LONGITUDE: 85 12 W
[TEMPERATURE DATA] [PRECIPITATION DATA] SYMBOLS USED IN COLUMN 16
AVERAGE MONTHLY: 54.2 TOTAL FOR MONTH: 2.86 1 = FOG OR MIST
DPTR FM NORMAL: 3.0 DPTR FM NORMAL: -1.94 2 = FOG REDUCING VISIBILITY
HIGHEST: 83 ON 7 GRTST 24HR 2.77 ON 21-21 TO 1/4 MILE OR LESS
LOWEST: 23 ON 29 3 = THUNDER
SNOW, ICE PELLETS, HAIL 4 = ICE PELLETS
TOTAL MONTH: 0.0 INCH 5 = HAIL
GRTST 24HR 0.0 6 = FREEZING RAIN OR DRIZZLE
GRTST DEPTH: 0 7 = DUSTSTORM OR SANDSTORM:
VSBY 1/2 MILE OR LESS
8 = SMOKE OR HAZE
[NO. OF DAYS WITH] [WEATHER - DAYS WITH] 9 = BLOWING SNOW
X = TORNADO
MAX 32 OR BELOW: 0 0.01 INCH OR MORE: 3
MAX 90 OR ABOVE: 0 0.10 INCH OR MORE: 1
MIN 32 OR BELOW: 5 0.50 INCH OR MORE: 1
MIN 0 OR BELOW: 0 1.00 INCH OR MORE: 1
[HDD (BASE 65) ]
TOTAL THIS MO. 325 CLEAR (SCALE 0-3) 12
DPTR FM NORMAL -95 PTCLDY (SCALE 4-7) 14
TOTAL FM JUL 1 421 CLOUDY (SCALE 8-10) 4
DPTR FM NORMAL -141
[CDD (BASE 65) ]
TOTAL THIS MO. 4
DPTR FM NORMAL -1 [PRESSURE DATA]
TOTAL FM JAN 1 1948 HIGHEST SLP 30.54 ON 2
DPTR FM NORMAL 29 LOWEST SLP 29.80 ON 21
[REMARKS]
#FINAL-11-23#