000
CXUS55 KDVN 011100
CF6CID
PRELIMINARY LOCAL CLIMATOLOGICAL DATA (WS FORM: F-6)
STATION: CEDAR RAPIDS IA
MONTH: FEBRUARY
YEAR: 2023
LATITUDE: 41 52 N
LONGITUDE: 91 42 W
TEMPERATURE IN F: :PCPN: SNOW: WIND :SUNSHINE: SKY :PK WND
================================================================================
1 2 3 4 5 6A 6B 7 8 9 10 11 12 13 14 15 16 17 18
12Z AVG MX 2MIN
DY MAX MIN AVG DEP HDD CDD WTR SNW DPTH SPD SPD DIR MIN PSBL S-S WX SPD DR
================================================================================
1 31 3 17 -3 48 0 0.00 M M 9.4 17 210 M M 0 21 210
2 26 -3 12 -8 53 0 0.00 M M 14.2 28 330 M M 0 35 340
3 11 -8 2 -18 63 0 0.00 M M 8.8 18 150 M M 6 26 160
4 44 11 28 7 37 0 0.00 M M 11.1 20 200 M M 0 26 160
5 37 21 29 8 36 0 0.00 M M 9.4 21 300 M M 0 1 25 320
6 48 20 34 13 31 0 0.02 M M 14.8 33 140 M M 2 1 49 140
7 41 26 34 13 31 0 0.00 M M 13.4 28 260 M M 4 38 270
8 46 23 35 13 30 0 T M M 5.0 15 180 M M 1 21 180
9 35 30 33 11 32 0 0.49 M M 16.3 25 340 M M 9 1268 33 360
10 31 16 24 2 41 0 0.00 M M 10.3 21 320 M M 0 25 310
11 41 18 30 8 35 0 0.00 M M 8.1 14 210 M M 0 18 210
12 50 24 37 14 28 0 0.00 M M 7.6 15 230 M M 0 19 230
13 50 25 38 15 27 0 0.00 M M 7.9 12 240 M M 0 15 160
14 49 33 41 17 24 0 0.08 M M 15.5 30 130 M M 6 1 42 160
15 44 25 35 11 30 0 0.00 M M 19.1 36 250 M M 9 48 240
16 28 8 18 -6 47 0 0.44 M M 16.1 26 40 M M 8 128 37 330
17 27 -3 12 -13 53 0 0.00 M M 9.3 20 190 M M 0 26 200
18 41 17 29 4 36 0 0.00 M M 10.5 17 200 M M 0 22 200
19 44 28 36 11 29 0 0.00 M M 11.5 20 190 M M 1 26 190
20 46 22 34 8 31 0 0.00 M M 9.5 23 310 M M 2 1 32 310
21 33 16 25 -1 40 0 0.00 M M 14.2 30 310 M M 3 39 310
22 33 31 32 5 33 0 0.28 M M 18.8 29 70 M M 9 16 44 70
23 32 10 21 -6 44 0 T M M 19.6 32 270 M M 9 12 42 250
24 25 7 16 -12 49 0 T M M 8.5 18 310 M M 7 1 25 350
25 36 14 25 -3 40 0 0.00 M M 7.1 16 210 M M 1 1 20 180
26 52 21 37 9 28 0 T M M 8.4 18 120 M M 2 1 26 150
27 45 35 40 11 25 0 1.16 M M 17.3 30 310 M M 10 13 39 310
28 45 27 36 7 29 0 0.00 M M 9.0 21 310 M M 6 1 28 70
================================================================================
SM 1071 497 1030 0 2.47 M 330.7 M 95
================================================================================
AV 38.3 17.8 11.8 FASTST M M 3 MAX(MPH)
MISC ----> 36 250 49 140
================================================================================
NOTES:
# LAST OF SEVERAL OCCURRENCES
COLUMN 17 PEAK WIND IN M.P.H.
PRELIMINARY LOCAL CLIMATOLOGICAL DATA (WS FORM: F-6) , PAGE 2
STATION: CEDAR RAPIDS IA
MONTH: FEBRUARY
YEAR: 2023
LATITUDE: 41 52 N
LONGITUDE: 91 42 W
[TEMPERATURE DATA] [PRECIPITATION DATA] SYMBOLS USED IN COLUMN 16
AVERAGE MONTHLY: 28.0 TOTAL FOR MONTH: 2.47 1 = FOG OR MIST
DPTR FM NORMAL: 3.9 DPTR FM NORMAL: 1.25 2 = FOG REDUCING VISIBILITY
HIGHEST: 52 ON 26 GRTST 24HR 1.16 ON 26-27 TO 1/4 MILE OR LESS
LOWEST: -8 ON 3 3 = THUNDER
SNOW, ICE PELLETS, HAIL 4 = ICE PELLETS
TOTAL MONTH: M 5 = HAIL
GRTST 24HR M ON M 6 = FREEZING RAIN OR DRIZZLE
GRTST DEPTH: M ON M 7 = DUSTSTORM OR SANDSTORM:
VSBY 1/2 MILE OR LESS
8 = SMOKE OR HAZE
[NO. OF DAYS WITH] [WEATHER - DAYS WITH] 9 = BLOWING SNOW
X = TORNADO
MAX 32 OR BELOW: 8 0.01 INCH OR MORE: 6
MAX 90 OR ABOVE: 0 0.10 INCH OR MORE: 4
MIN 32 OR BELOW: 26 0.50 INCH OR MORE: 1
MIN 0 OR BELOW: 3 1.00 INCH OR MORE: 1
[HDD (BASE 65) ]
TOTAL THIS MO. 1030 CLEAR (SCALE 0-3) 17
DPTR FM NORMAL -116 PTCLDY (SCALE 4-7) 5
TOTAL FM JUL 1 4902 CLOUDY (SCALE 8-10) 6
DPTR FM NORMAL -327
[CDD (BASE 65) ]
TOTAL THIS MO. 0
DPTR FM NORMAL 0 [PRESSURE DATA]
TOTAL FM JAN 1 0 HIGHEST SLP 30.74 ON 3
DPTR FM NORMAL 0 LOWEST SLP 29.03 ON 27
[REMARKS]
#FINAL-02-23#