000
CXUS54 KHGX 011510
CF6CLL
PRELIMINARY LOCAL CLIMATOLOGICAL DATA (WS FORM: F-6)
STATION: COLLEGE STATION
MONTH: JANUARY
YEAR: 2023
LATITUDE: 30 34 N
LONGITUDE: 96 22 W
TEMPERATURE IN F: :PCPN: SNOW: WIND :SUNSHINE: SKY :PK WND
================================================================================
1 2 3 4 5 6A 6B 7 8 9 10 11 12 13 14 15 16 17 18
12Z AVG MX 2MIN
DY MAX MIN AVG DEP HDD CDD WTR SNW DPTH SPD SPD DIR MIN PSBL S-S WX SPD DR
================================================================================
1 78 53 66 15 0 1 0.00 0.0 0 9.2 21 170 M M 5 1 27 160
2 78 71 75 24 0 10 0.09 0.0 0 12.9 25 190 M M 8 13 35 170
3 74 53 64 13 1 0 0.02 0.0 0 5.5 26 300 M M 4 3 37 310
4 71 46 59 8 6 0 0.00 0.0 0 5.0 13 260 M M 0 19 260
5 69 42 56 5 9 0 0.00 0.0 0 5.5 13 40 M M 0 17 50
6 79 48 64 13 1 0 0.00 0.0 0 10.7 22 170 M M 1 30 160
7 77 57 67 16 0 2 0.03 0.0 0 6.5 14 190 M M 9 13 20 350
8 71 49 60 9 5 0 0.15 0.0 0 8.7 17 340 M M 4 3 23 10
9 71 47 59 8 6 0 0.00 0.0 0 6.0 14 140 M M 0 18 160
10 78 54 66 15 0 1 0.00 0.0 0 7.9 18 220 M M 3 1 26 210
11 80 61 71 20 0 6 0.00 0.0 0 11.4 22 190 M M 4 1 28 210
12 67 47 57 6 8 0 0.00 0.0 0 14.1 26 350 M M 0 36 360
13 62 37 50 -1 15 0 0.00 0.0 0 7.3 17 360 M M 0 27 360
14 65 33 49 -2 16 0 0.00 0.0 0 7.0 18 150 M M 0 22 150
15 75 47 61 10 4 0 0.00 0.0 0 13.5 30 160 M M 3 42 170
16 73 58 66 15 0 1 T 0.0 0 4.8 13 170 M M 5 1 18 180
17 77 52 65 14 0 0 0.00 0.0 0 5.9 15 150 M M 7 12 18 150
18 75 50 63 12 2 0 0.37 0.0 0 6.2 26 330 M M 6 138 35 320
19 68 46 57 5 8 0 0.00 0.0 0 6.8 16 340 M M 0 21 350
20 54 49 52 0 13 0 T 0.0 0 7.9 14 40 M M 9 20 60
21 54 49 52 0 13 0 T 0.0 0 4.8 10 110 M M 10 1 15 100
22 59 40 50 -2 15 0 0.00 0.0 0 9.5 20 310 M M 2 12 25 300
23 60 35 48 -4 17 0 0.00 0.0 0 5.9 20 50 M M 2 26 40
24 52 43 48 -4 17 0 0.92 0.0 0 13.2 28 300 M M 9 13 37 300
25 53 38 46 -6 19 0 0.00 0.0 0 11.1 22 320 M M 5 35 310
26 58 32 45 -7 20 0 0.00 0.0 0 3.6 13 310 M M 0 19 300
27 56 32 44 -8 21 0 0.00 0.0 0 4.6 15 150 M M 5 18 150
28 66 52 59 7 6 0 0.15 0.0 0 7.6 15 180 M M 10 1 22 190
29 70 41 56 4 9 0 0.26 0.0 0 9.1 20 350 M M 10 13 26 200
30 41 33 37 -16 28 0 0.03 0.0 0 13.8 21 350 M M 10 1 27 350
31 35 33 34 -19 31 0 0.02 0.0 0 12.8 21 360 M M 10 1 28 10
================================================================================
SM 2046 1428 290 21 2.04 0.0 258.8 M 141
================================================================================
AV 66.0 46.1 8.3 FASTST M M 5 MAX(MPH)
MISC ----> 30 160 42 170
================================================================================
NOTES:
# LAST OF SEVERAL OCCURRENCES
COLUMN 17 PEAK WIND IN M.P.H.
PRELIMINARY LOCAL CLIMATOLOGICAL DATA (WS FORM: F-6) , PAGE 2
STATION: COLLEGE STATION
MONTH: JANUARY
YEAR: 2023
LATITUDE: 30 34 N
LONGITUDE: 96 22 W
[TEMPERATURE DATA] [PRECIPITATION DATA] SYMBOLS USED IN COLUMN 16
AVERAGE MONTHLY: 56.0 TOTAL FOR MONTH: 2.04 1 = FOG OR MIST
DPTR FM NORMAL: 4.5 DPTR FM NORMAL: -1.39 2 = FOG REDUCING VISIBILITY
HIGHEST: 80 ON 11 GRTST 24HR 1.44 ON 7- 8 TO 1/4 MILE OR LESS
LOWEST: 32 ON 27,26 3 = THUNDER
SNOW, ICE PELLETS, HAIL 4 = ICE PELLETS
TOTAL MONTH: 0.0 INCH 5 = HAIL
GRTST 24HR 0.0 6 = FREEZING RAIN OR DRIZZLE
GRTST DEPTH: 0 7 = DUSTSTORM OR SANDSTORM:
VSBY 1/2 MILE OR LESS
8 = SMOKE OR HAZE
[NO. OF DAYS WITH] [WEATHER - DAYS WITH] 9 = BLOWING SNOW
X = TORNADO
MAX 32 OR BELOW: 0 0.01 INCH OR MORE: 10
MAX 90 OR ABOVE: 0 0.10 INCH OR MORE: 5
MIN 32 OR BELOW: 2 0.50 INCH OR MORE: 1
MIN 0 OR BELOW: 0 1.00 INCH OR MORE: 0
[HDD (BASE 65) ]
TOTAL THIS MO. 290 CLEAR (SCALE 0-3) 11
DPTR FM NORMAL -140 PTCLDY (SCALE 4-7) 11
TOTAL FM JUL 1 903 CLOUDY (SCALE 8-10) 9
DPTR FM NORMAL -141
[CDD (BASE 65) ]
TOTAL THIS MO. 21
DPTR FM NORMAL 10 [PRESSURE DATA]
TOTAL FM JAN 1 21 HIGHEST SLP 30.46 ON 26
DPTR FM NORMAL 10 LOWEST SLP 29.66 ON 2
[REMARKS]
#FINAL-01-23#