000
CXUS56 KLOX 011155
CF6CMA
PRELIMINARY LOCAL CLIMATOLOGICAL DATA (WS FORM: F-6)
STATION: CAMARILLO AIRPORT CA
MONTH: OCTOBER
YEAR: 2022
LATITUDE: 34 12 N
LONGITUDE: 119 6 W
TEMPERATURE IN F: :PCPN: SNOW: WIND :SUNSHINE: SKY :PK WND
================================================================================
1 2 3 4 5 6A 6B 7 8 9 10 11 12 13 14 15 16 17 18
12Z AVG MX 2MIN
DY MAX MIN AVG DEP HDD CDD WTR SNW DPTH SPD SPD DIR MIN PSBL S-S WX SPD DR
================================================================================
1 75 62 69 2 0 4 0.00 M M 6.2 15 230 M M 6 18 23 190
2 76 61 69 2 0 4 0.00 M M 5.2 15 270 M M 2 20 250
3 77 57 67 0 0 2 0.00 M M 2.9 12 270 M M 0 17 240
4 80 56 68 1 0 3 0.00 M M 4.1 13 270 M M 0 19 280
5 76 57 67 0 0 2 0.00 M M 4.4 13 260 M M 4 18 17 260
6 74 63 69 3 0 4 0.00 M M 4.3 12 220 M M 8 18 17 220
7 75 64 70 4 0 5 0.00 M M 3.8 13 240 M M 6 18 17 250
8 75 63 69 3 0 4 0.00 M M 4.4 12 240 M M 8 18 19 240
9 74 62 68 2 0 3 0.00 M M 3.0 13 270 M M 7 18 17 240
10 73 62 68 2 0 3 0.01 M M 4.6 13 260 M M 8 18 17 230
11 76 63 70 4 0 5 0.00 M M 4.2 14 280 M M 7 138 22 200
12 80 61 71 5 0 6 0.06 M M 6.3 16 240 M M 4 18 21 220
13 72 59 66 1 0 1 0.00 M M 4.1 12 270 M M 8 18 17 240
14 71 63 67 2 0 2 0.01 M M 3.3 12 220 M M 10 18 15 230
15 73 61 67 2 0 2 0.02 M M 5.3 13 270 M M 10 1 16 270
16 74 58 66 1 0 1 0.00 M M 4.3 14 260 M M 5 18 270
17 76 53 65 0 0 0 0.00 M M 3.7 13 270 M M 0 18 240
18 82 54 68 3 0 3 0.00 M M 3.5 13 250 M M 0 16 270
19 94 58 76 11 0 11 0.00 M M 4.7 15 220 M M 0 20 210
20 85 59 72 7 0 7 0.00 M M 3.3 13 210 M M 0 20 170
21 74 52 63 -1 2 0 0.00 M M 4.7 14 230 M M 5 128 18 240
22 71 59 65 1 0 0 T M M 6.3 16 260 M M 8 18 22 240
23 72 51 62 -2 3 0 0.00 M M 5.6 16 270 M M 1 20 270
24 81 51 66 2 0 1 0.00 M M 14.4 30 80 M M 0 41 90
25 75 45 60 -4 5 0 0.00 M M 4.0 13 240 M M 0 18 240
26 71 46 59 -5 6 0 0.00 M M 3.5 13 270 M M 0 17 240
27 71 46 59 -5 6 0 0.00 M M 4.3 14 230 M M 0 20 250
28 71 45 58 -6 7 0 0.00 M M 4.1 12 230 M M 0 15 270
29 79 44 62 -2 3 0 0.00 M M 4.0 16 270 M M 0 21 270
30 77 46 62 -2 3 0 0.00 M M 3.5 13 210 M M 0 16 210
31 72 44 58 -5 7 0 0.00 M M 3.5 10 290 M M 0 8 14 270
================================================================================
SM 2352 1725 42 73 0.10 M 143.5 M 107
================================================================================
AV 75.9 55.6 4.6 FASTST M M 3 MAX(MPH)
MISC ----> 30 80 41 90
================================================================================
NOTES:
# LAST OF SEVERAL OCCURRENCES
COLUMN 17 PEAK WIND IN M.P.H.
PRELIMINARY LOCAL CLIMATOLOGICAL DATA (WS FORM: F-6) , PAGE 2
STATION: CAMARILLO AIRPORT CA
MONTH: OCTOBER
YEAR: 2022
LATITUDE: 34 12 N
LONGITUDE: 119 6 W
[TEMPERATURE DATA] [PRECIPITATION DATA] SYMBOLS USED IN COLUMN 16
AVERAGE MONTHLY: 65.8 TOTAL FOR MONTH: 0.10 1 = FOG OR MIST
DPTR FM NORMAL: 0.6 DPTR FM NORMAL: -0.40 2 = FOG REDUCING VISIBILITY
HIGHEST: 94 ON 19 GRTST 24HR 0.06 ON 12-12 TO 1/4 MILE OR LESS
LOWEST: 44 ON 31,29 3 = THUNDER
SNOW, ICE PELLETS, HAIL 4 = ICE PELLETS
TOTAL MONTH: M 5 = HAIL
GRTST 24HR M ON M 6 = FREEZING RAIN OR DRIZZLE
GRTST DEPTH: M ON M 7 = DUSTSTORM OR SANDSTORM:
VSBY 1/2 MILE OR LESS
8 = SMOKE OR HAZE
[NO. OF DAYS WITH] [WEATHER - DAYS WITH] 9 = BLOWING SNOW
X = TORNADO
MAX 32 OR BELOW: 0 0.01 INCH OR MORE: 4
MAX 90 OR ABOVE: 1 0.10 INCH OR MORE: 0
MIN 32 OR BELOW: 0 0.50 INCH OR MORE: 0
MIN 0 OR BELOW: 0 1.00 INCH OR MORE: 0
[HDD (BASE 65) ]
TOTAL THIS MO. 42 CLEAR (SCALE 0-3) 16
DPTR FM NORMAL -19 PTCLDY (SCALE 4-7) 10
TOTAL FM JUL 1 42 CLOUDY (SCALE 8-10) 5
DPTR FM NORMAL -30
[CDD (BASE 65) ]
TOTAL THIS MO. 73
DPTR FM NORMAL 7 [PRESSURE DATA]
TOTAL FM JAN 1 752 HIGHEST SLP 30.19 ON 24
DPTR FM NORMAL 140 LOWEST SLP 29.74 ON 22
[REMARKS]
#FINAL-10-22#