000
CXUS51 KILN 032113
CLMCMH
CLIMATE REPORT
NATIONAL WEATHER SERVICE WILMINGTON OH
513 PM EDT MON JUL 03 2023
...................................
...THE COLUMBUS OH CLIMATE SUMMARY FOR THE MONTH OF JUNE 2023...
CLIMATE NORMAL PERIOD: 1991 TO 2020
CLIMATE RECORD PERIOD: 1869 TO 2023
WEATHER OBSERVED NORMAL DEPART LAST YEAR`S
VALUE DATE(S) VALUE FROM VALUE DATE(S)
NORMAL
................................................................
TEMPERATURE (F)
RECORD
HIGH 102 06/28/1944
LOW 35 06/11/1972
HIGHEST 94 06/03 82 12 97 06/22
LOWEST 47 06/08 60 -13 48 06/19
AVG. MAXIMUM 79.9 82.2 -2.3 84.5
AVG. MINIMUM 58.7 61.6 -2.9 61.7
MEAN 69.3 71.9 -2.6 73.1
DAYS MAX >= 90 2 4.5 -2.5 10
DAYS MAX <= 32 0 0.0 0.0 0
DAYS MIN <= 32 0 0.0 0.0 0
DAYS MIN <= 0 0 0.0 0.0 0
PRECIPITATION (INCHES)
TOTALS 3.71 4.33 -0.62 2.50
DAILY AVG. 0.12 0.14 -0.02 0.08
DAYS >= .01 13 11.7 1.3 10
DAYS >= .10 8 7.6 0.4 7
DAYS >= .50 2 3.1 -1.1 2
DAYS >= 1.00 1 1.1 -0.1 0
GREATEST
24 HR. TOTAL 1.73 06/13 TO 06/14 1.05 06/06 TO 06/07
SNOWFALL (INCHES)
TOTALS 0.0 0.0 0.0 0.0
SINCE 7/1 12.5 28.2 -15.7 14.5
DAYS >= TRACE 0 0.0 0.0 0
DAYS >= 1.0 0 0.0 0.0 0
GREATEST
24 HR TOTAL 0.0 MM 0.0
DEGREE DAYS
HEATING TOTAL 14 16 -2 2
SINCE 7/1 4604 5230 -626 4820
COOLING TOTAL 151 223 -72 255
SINCE 1/1 231 321 -90 372
................................................................
WIND (MPH)
AVERAGE WIND SPEED 7.1
RESULTANT WIND SPEED/DIRECTION 1/000
HIGHEST WIND SPEED/DIRECTION 38/240 DATE 06/15
HIGHEST GUST SPEED/DIRECTION 52/230 DATE 06/15
SKY COVER
AVERAGE SKY COVER 0.60
AVERAGE RH (PERCENT) 68
WEATHER CONDITIONS. NUMBER OF DAYS WITH
THUNDERSTORM 3 MIXED PRECIP 0
HEAVY RAIN 4 RAIN 6
LIGHT RAIN 13 FREEZING RAIN 0
LT FREEZING RAIN 0 HAIL 0
HEAVY SNOW 0 SNOW 0
LIGHT SNOW 0 SLEET 0
FOG 19 FOG W/VIS <= 1/4 MILE 0
HAZE 17
- INDICATES NEGATIVE NUMBERS.
R INDICATES RECORD WAS SET OR TIED.
MM INDICATES DATA IS MISSING.
T INDICATES TRACE AMOUNT.
$$