000
CXUS53 KILX 011428
CLMCMI
CLIMATE REPORT
NATIONAL WEATHER SERVICE LINCOLN IL
928 AM CDT SUN OCT 01 2023
...................................
...THE CHAMPAIGN IL AIRPORT CLIMATE SUMMARY FOR THE MONTH OF SEPTEMBER 2023...
CLIMATE NORMAL PERIOD 1991 TO 2020
CLIMATE RECORD PERIOD 9999 TO 9999
WEATHER OBSERVED NORMAL DEPART LAST YEAR`S
VALUE DATE(S) VALUE FROM VALUE
NORMAL
..............................................................
TEMPERATURE (F)
RECORD
HIGH MM MM
LOW 35 09/28/2022
HIGHEST 91 09/04 MM MM 95
LOWEST 45 09/13 MM MM 35
AVG. MAXIMUM 80.9 79.4 1.5 78.1
AVG. MINIMUM 56.5 54.5 2.0 54.8
MEAN 68.7 67.0 1.7 66.4
DAYS MAX >= 90 1 3.6 -2.6 2
DAYS MAX <= 32 0 0.0 0.0 0
DAYS MIN <= 32 0 0.0 0.0 0
DAYS MIN <= 0 0 0.0 0.0 0
PRECIPITATION (INCHES)
RECORD
MAXIMUM 3.08 2021
MINIMUM 2.26 2022
TOTALS 2.71 3.05 -0.34 2.26
DAILY AVG. 0.09 0.10 -0.01 0.08
DAYS >= .01 9 8.8 0.2 8
DAYS >= .10 5 4.7 0.3 4
DAYS >= .50 3 2.1 0.9 2
DAYS >= 1.00 0 0.9 -0.9 1
GREATEST
24 HR. TOTAL 0.97 09/20 TO 09/21 1.22
DEGREE DAYS
HEATING TOTAL 12 66 -54 87
SINCE 7/1 12 72 -60 MM
COOLING TOTAL 131 124 7 138
SINCE 1/1 1035 1027 8 MM
..............................................................
WIND (MPH)
AVERAGE WIND SPEED 6.8
HIGHEST WIND SPEED/DIRECTION 21/150 DATE 09/19
21/290 09/26
HIGHEST GUST SPEED/DIRECTION 33/130 DATE 09/21
AVERAGE RH (PERCENT) 70
WEATHER CONDITIONS. NUMBER OF DAYS WITH
THUNDERSTORM 4 MIXED PRECIP 0
HEAVY RAIN 4 RAIN 4
LIGHT RAIN 10 FREEZING RAIN 0
LT FREEZING RAIN 0 HAIL 0
HEAVY SNOW 0 SNOW 0
LIGHT SNOW 0 SLEET 0
FOG 20 FOG W/VIS <= 1/4 MILE 2
HAZE 15
- INDICATES NEGATIVE NUMBERS.
R INDICATES RECORD WAS SET OR TIED.
MM INDICATES DATA IS MISSING.
T INDICATES TRACE AMOUNT.
$$