000
CXUS53 KILX 011703
CLSCMI
CLIMATE REPORT
NATIONAL WEATHER SERVICE LINCOLN IL
1103 AM CST WED MAR 01 2023
...................................
...THE CHAMPAIGN IL AIRPORT CLIMATE SUMMARY FOR THE SEASON, FROM
12/1/2022 TO 2/28/2023...
CLIMATE NORMAL PERIOD 1991 TO 2020
CLIMATE RECORD PERIOD 9999 TO 9999
WEATHER OBSERVED NORMAL DEPART LAST YEAR`S
VALUE DATE(S) VALUE FROM VALUE
NORMAL
..............................................................
TEMPERATURE (F)
RECORD
HIGH MM MM
LOW -9 12/23/2022
HIGHEST 63 01/03 MM MM 64
LOWEST -9R 12/23 MM MM -4
AVG. MAXIMUM 42.7 37.4 5.3 39.9
AVG. MINIMUM 25.8 21.1 4.7 20.8
MEAN 34.2 29.2 5.0 30.4
DAYS MAX >= 90 0 0.0 0.0 0
DAYS MAX <= 32 15 31.6 -16.6 26
DAYS MIN <= 32 64 77.1 -13.1 74
DAYS MIN <= 0 3 6.3 -3.3 4
PRECIPITATION (INCHES)
RECORD
MAXIMUM 4.63 2021
MINIMUM 4.63 2021
TOTALS 6.45 6.01 0.44 MM
DAILY AVG. 0.08 MM
DAYS >= .01 25 26.4 -1.4 19
DAYS >= .10 14 12.9 1.1 10
DAYS >= .50 5 3.5 1.5 3
DAYS >= 1.00 1 0.9 0.1 0
GREATEST
24 HR. TOTAL 1.48 12/14 TO 12/14 MM
DEGREE DAYS
HEATING TOTAL 2733 3223 -490 3085
SINCE 7/1 3849 4326 -477 MM
COOLING TOTAL 0 0 0 0
SINCE 1/1 0 0 0 MM
FREEZE DATES
RECORD
EARLIEST MM
LATEST MM
EARLIEST 10/08
LATEST 04/19
..............................................................
WIND (MPH)
AVERAGE WIND SPEED 12.2
HIGHEST WIND SPEED/DIRECTION 43/220 DATE 02/27
HIGHEST GUST SPEED/DIRECTION 56/220 DATE 02/09
SKY COVER
POSSIBLE SUNSHINE (PERCENT) MM
AVERAGE SKY COVER 0.57
NUMBER OF DAYS FAIR 29
NUMBER OF DAYS PC 21
NUMBER OF DAYS CLOUDY 40
AVERAGE RH (PERCENT) 76
WEATHER CONDITIONS. NUMBER OF DAYS WITH
THUNDERSTORM 2 MIXED PRECIP 1
HEAVY RAIN 7 RAIN 13
LIGHT RAIN 26 FREEZING RAIN 0
LT FREEZING RAIN 1 HAIL 0
HEAVY SNOW 1 SNOW 4
LIGHT SNOW 22 SLEET 0
FOG 50 FOG W/VIS <= 1/4 MILE 11
HAZE 22
- INDICATES NEGATIVE NUMBERS.
R INDICATES RECORD WAS SET OR TIED.
MM INDICATES DATA IS MISSING.
T INDICATES TRACE AMOUNT.
$$