000
CXUS53 KARX 011000
CF6CMY
PRELIMINARY LOCAL CLIMATOLOGICAL DATA (WS FORM: F-6)
STATION: SPARTA - FORT MCCOY WI
MONTH: FEBRUARY
YEAR: 2021
LATITUDE: 43 58 N
LONGITUDE: 90 44 W
TEMPERATURE IN F: :PCPN: SNOW: WIND :SUNSHINE: SKY :PK WND
================================================================================
1 2 3 4 5 6A 6B 7 8 9 10 11 12 13 14 15 16 17 18
12Z AVG MX 2MIN
DY MAX MIN AVG DEP HDD CDD WTR SNW DPTH SPD SPD DIR MIN PSBL S-S WX SPD DR
================================================================================
1 32 19 26 M 39 0 M M M 5.1 10 340 M M 0 17 310
2 33 6 20 M 45 0 M M M 2.3 7 10 M M 0 M M
3 37 3 20 M 45 0 M M M 4.5 10 140 M M 0 16 140
4 33 12 23 M 42 0 M M M 8.1 18 300 M M 0 27 290
5 13 4 9 M 56 0 0.00 0.0 M 10.6 16 290 M M 0 24 270
6 7 -12 -2 M 67 0 0.00 0.0 M 7.3 13 290 M M 0 18 260
7 0 -29 -14 M 79 0 M M M 3.2 8 280 M M 0 M M
8 7 -21 -7 M 72 0 M M M 1.1 5 260 M M 0 8 M M
9 11 -27 -8 M 73 0 0.00 0.0 M 2.3 10 250 M M 0 18 250
10 13 -15 -1 M 66 0 0.00 0.0 M 2.2 8 310 M M 0 M M
11 2 -22 -10 M 75 0 M M M 3.0 7 350 M M 0 8 M M
12 2 -8 -3 M 68 0 M M M 6.3 12 320 M M 0 9 290
13 0 -16 -8 M 73 0 M M M 6.2 12 290 M M 0 8 16 320
14 -2 -19 -10 M 75 0 0.00 0.0 M 5.9 13 330 M M 0 18 310
15 5 -28 -11 M 76 0 0.00 0.0 M 2.6 13 20 M M 0 M M
16 17 -24 -3 M 68 0 M M M 0.7 5 260 M M 0 M M
17 20 -21 0 M 65 0 M M M 1.4 7 180 M M 0 M M
18 23 -2 11 M 54 0 M M M 2.4 7 260 M M 0 M M
19 20 -6 7 M 58 0 T T M 3.4 8 290 M M 0 1 M M
20 26 -16 5 M 60 0 0.00 0.0 M 2.0 6 140 M M 0 M M
21 27 9 18 M 47 0 M M M 3.9 9 70 M M 0 1 M M
22 40 23 32 M 33 0 M M M 6.1 10 200 M M 0 1 17 220
23 45 31 38 M 27 0 0.00 0.0 M 4.7 9 260 M M 0 16 270
24 40 18 29 M 36 0 M M M 5.9 15 320 M M 0 20 330
25 40 14 27 M 38 0 0.00 0.0 M 3.8 12 260 M M 0 17 270
26 42 12 27 M 38 0 0.00 0.0 M 6.2 16 190 M M 0 23 190
27 51 18 35 M 30 0 0.00 0.0 M 1.3 6 200 M M 0 1 M M
28 37 23 30 M 35 0 M M M 6.6 16 300 M M 0 1 27 300
================================================================================
SM 621 -74 1540 0 T T 119.0 M 0
================================================================================
AV 22.2 -2.6 4.3 FASTST M M 0 MAX(MPH)
MISC ----> 18 300 # 27 290
================================================================================
NOTES:
# LAST OF SEVERAL OCCURRENCES
COLUMN 17 PEAK WIND IN M.P.H.
PRELIMINARY LOCAL CLIMATOLOGICAL DATA (WS FORM: F-6) , PAGE 2
STATION: SPARTA - FORT MCCOY WI
MONTH: FEBRUARY
YEAR: 2021
LATITUDE: 43 58 N
LONGITUDE: 90 44 W
[TEMPERATURE DATA] [PRECIPITATION DATA] SYMBOLS USED IN COLUMN 16
AVERAGE MONTHLY: 9.8 TOTAL FOR MONTH: T 1 = FOG OR MIST
DPTR FM NORMAL: 0.0 DPTR FM NORMAL: -0.00 2 = FOG REDUCING VISIBILITY
HIGHEST: 51 ON 27 GRTST 24HR T ON 19-19 TO 1/4 MILE OR LESS
LOWEST: -29 ON 7 3 = THUNDER
SNOW, ICE PELLETS, HAIL 4 = ICE PELLETS
TOTAL MONTH: T 5 = HAIL
GRTST 24HR T ON 19-19 6 = FREEZING RAIN OR DRIZZLE
GRTST DEPTH: M ON M 7 = DUSTSTORM OR SANDSTORM:
VSBY 1/2 MILE OR LESS
8 = SMOKE OR HAZE
[NO. OF DAYS WITH] [WEATHER - DAYS WITH] 9 = BLOWING SNOW
X = TORNADO
MAX 32 OR BELOW: 18 0.01 INCH OR MORE: 0
MAX 90 OR ABOVE: 0 0.10 INCH OR MORE: 0
MIN 32 OR BELOW: 28 0.50 INCH OR MORE: 0
MIN 0 OR BELOW: 15 1.00 INCH OR MORE: 0
[HDD (BASE 65) ]
TOTAL THIS MO. 1540 CLEAR (SCALE 0-3) 28
DPTR FM NORMAL M PTCLDY (SCALE 4-7) 0
TOTAL FM JUL 1 6104 CLOUDY (SCALE 8-10) 0
DPTR FM NORMAL M
[CDD (BASE 65) ]
TOTAL THIS MO. 0
DPTR FM NORMAL M [PRESSURE DATA]
TOTAL FM JAN 1 0 HIGHEST SLP M ON M
DPTR FM NORMAL M LOWEST SLP M ON M
[REMARKS]
#FINAL-02-21#