000
CXUS53 KTOP 010810
CF6CNK
PRELIMINARY LOCAL CLIMATOLOGICAL DATA (WS FORM: F-6)
STATION: CONCORDIA KS
MONTH: MAY
YEAR: 2021
LATITUDE: 39 32 N
LONGITUDE: 97 39 W
TEMPERATURE IN F: :PCPN: SNOW: WIND :SUNSHINE: SKY :PK WND
================================================================================
1 2 3 4 5 6A 6B 7 8 9 10 11 12 13 14 15 16 17 18
12Z AVG MX 2MIN
DY MAX MIN AVG DEP HDD CDD WTR SNW DPTH SPD SPD DIR MIN PSBL S-S WX SPD DR
================================================================================
1 85 59 72 14 0 7 0.00 0.0 0 21.4 30 190 M M 0 42 190
2 79 62 71 13 0 6 T 0.0 0 15.2 25 200 M M 2 36 180
3 65 55 60 2 5 0 0.36 0.0 0 17.9 28 360 M M 8 1 39 350
4 65 44 55 -4 10 0 0.00 0.0 0 9.9 22 360 M M 1 33 340
5 70 37 54 -5 11 0 0.58 0.0 0 8.1 24 200 M M 4 3 32 210
6 68 43 56 -4 9 0 0.00 0.0 0 9.7 17 360 M M 0 26 20
7 74 47 61 1 4 0 0.00 0.0 0 10.5 22 130 M M 3 30 160
8 84 46 65 5 0 0 0.02 0.0 0 17.3 29 20 M M 3 38 40 10
9 52 42 47 -14 18 0 T 0.0 0 11.4 25 350 M M 9 13 37 360
10 65 40 53 -8 12 0 0.00 0.0 0 5.1 14 30 M M 3 24 70
11 61 46 54 -7 11 0 T 0.0 0 4.9 14 120 M M 8 21 80
12 64 40 52 -10 13 0 0.00 0.0 0 7.1 16 160 M M 5 22 160
13 70 40 55 -7 10 0 0.02 0.0 0 10.5 18 180 M M 1 25 140
14 69 52 61 -2 4 0 0.11 0.0 0 14.2 28 190 M M 7 39 180
15 77 56 67 4 0 2 0.21 0.0 0 5.6 23 180 M M 7 13 31 170
16 74 59 67 3 0 2 1.62 0.0 0 9.4 26 150 M M 8 13 33 150
17 71 59 65 1 0 0 0.00 0.0 0 4.2 9 50 M M 9 12 12 40
18 77 59 68 4 0 3 T 0.0 0 4.8 15 180 M M 8 1 21 180
19 70 61 66 1 0 1 T 0.0 0 5.9 16 180 M M 8 1 20 180
20 75 61 68 3 0 3 T 0.0 0 14.3 30 150 M M 6 18 37 160
21 81 63 72 6 0 7 0.00 0.0 0 16.7 25 180 M M 6 41 170
22 79 67 73 7 0 8 T 0.0 0 12.3 22 140 M M 5 1 29 140
23 79 66 73 7 0 8 0.00 0.0 0 13.2 24 160 M M 6 1 33 170
24 79 64 72 5 0 7 T 0.0 0 14.7 30 180 M M 8 44 180
25 84 65 75 8 0 10 0.00 0.0 0 4.9 32 180 M M 4 3 45 190
26 84 58 71 3 0 6 T 0.0 0 12.0 39 170 M M 0 138 55 170
27 74 52 63 -5 2 0 1.02 0.0 0 12.7 37 330 M M 5 138 64 320
28 M M M M M M 0.00 0.0 0 9.8 18 20 M M 9 28 360
29 65 47 56 -13 9 0 0.00 0.0 0 8.3 18 140 M M 4 25 140
30 55 50 53 -16 12 0 0.59 0.0 0 4.9 12 120 M M 7 1 15 130
31 64 54 59 -11 6 0 0.16 0.0 0 5.3 10 140 M M 9 12 15 100
================================================================================
SM 2159 1594 136 70 4.69 0.0 322.2 M 163
================================================================================
AV 72.0 53.1 10.4 FASTST M M 5 MAX(MPH)
MISC ----> 39 170 64 320
================================================================================
NOTES:
# LAST OF SEVERAL OCCURRENCES
COLUMN 17 PEAK WIND IN M.P.H.
PRELIMINARY LOCAL CLIMATOLOGICAL DATA (WS FORM: F-6) , PAGE 2
STATION: CONCORDIA KS
MONTH: MAY
YEAR: 2021
LATITUDE: 39 32 N
LONGITUDE: 97 39 W
[TEMPERATURE DATA] [PRECIPITATION DATA] SYMBOLS USED IN COLUMN 16
AVERAGE MONTHLY: 62.6 TOTAL FOR MONTH: 4.69 1 = FOG OR MIST
DPTR FM NORMAL: -0.9 DPTR FM NORMAL: 0.35 2 = FOG REDUCING VISIBILITY
HIGHEST: 85 ON 1 GRTST 24HR 1.62 ON 16-16 TO 1/4 MILE OR LESS
LOWEST: 37 ON 5 3 = THUNDER
SNOW, ICE PELLETS, HAIL 4 = ICE PELLETS
TOTAL MONTH: 0.0 INCH 5 = HAIL
GRTST 24HR 0.0 6 = FREEZING RAIN OR DRIZZLE
GRTST DEPTH: 0 7 = DUSTSTORM OR SANDSTORM:
VSBY 1/2 MILE OR LESS
8 = SMOKE OR HAZE
[NO. OF DAYS WITH] [WEATHER - DAYS WITH] 9 = BLOWING SNOW
X = TORNADO
MAX 32 OR BELOW: 0 0.01 INCH OR MORE: 10
MAX 90 OR ABOVE: 0 0.10 INCH OR MORE: 8
MIN 32 OR BELOW: 0 0.50 INCH OR MORE: 4
MIN 0 OR BELOW: 0 1.00 INCH OR MORE: 2
[HDD (BASE 65) ]
TOTAL THIS MO. 136 CLEAR (SCALE 0-3) 8
DPTR FM NORMAL 2 PTCLDY (SCALE 4-7) 17
TOTAL FM JUL 1 4919 CLOUDY (SCALE 8-10) 6
DPTR FM NORMAL -385
[CDD (BASE 65) ]
TOTAL THIS MO. 70
DPTR FM NORMAL -17 [PRESSURE DATA]
TOTAL FM JAN 1 96 HIGHEST SLP M ON M
DPTR FM NORMAL -5 LOWEST SLP 29.41 ON 2
[REMARKS]
#FINAL-05-21#